{"id":18585,"date":"2022-03-06T11:49:24","date_gmt":"2022-03-06T11:49:24","guid":{"rendered":"https:\/\/www.atlanticoprorealestate.com\/property\/apartamentos-t3-com-vista-para-o-mar\/"},"modified":"2024-03-12T17:56:29","modified_gmt":"2024-03-12T17:56:29","slug":"apartamentos-t3-com-vista-para-o-mar","status":"publish","type":"property","link":"https:\/\/www.atlanticoprorealestate.com\/pt-pt\/propriedades\/apartamentos-t3-com-vista-para-o-mar\/","title":{"rendered":"Apartamentos T3 com vista mar"},"content":{"rendered":"\r\n<p>&#8220;Atl\u00e1ntico Residences&#8221; integra qualidade e conforto em apartamentos de tipologias entre T1, T2 e <strong>T3.<\/strong><\/p>\r\n\r\n\r\n\r\n<p>O mar e o Cabo Gir\u00e3o na sua varanda<\/p>\r\n\r\n\r\n\r\n<p>Contemplando o p\u00f4r-do-sol e o azul do mar, o edif\u00edcio do Atl\u00e2ntico Residences situa-se na Ilha da Madeira \u2013 C\u00e2mara de Lobos.<\/p>\r\n\r\n\r\n\r\n<p>Este projeto tem uma vista magn\u00edfica combinada com tranquilidade e bem-estar, num local \u00fanico.<\/p>\r\n\r\n\r\n\r\n<p>Pr\u00e9dio com in\u00edcio de constru\u00e7\u00e3o em 2022 e conclus\u00e3o em 2023, com acabamentos de alta qualidade, grandes \u00e1reas, condom\u00ednio privado, piscina e sol\u00e1rio.<\/p>\r\n\r\n\r\n\r\n<p>Este apartamento com 3 quartos est\u00e1 no bloco 2 com vista para o mar<\/p>\r\n\r\n\r\n\r\n<p>Fa\u00e7a j\u00e1 a sua reserva e beneficie de excelentes condi\u00e7\u00f5es de compra.<\/p>\r\n\r\n\r\n\r\n<p>\u00c9 o apartamento ideal para a sua fam\u00edlia!<\/p>\r\n\r\n\r\n\r\n<p>Lidamos com todo o processo, incluindo o Cr\u00e9dito Banc\u00e1rio. Conte com a nossa ajuda e profissionalismo.<\/p>\r\n\r\n\r\n\r\n<p><strong>Contacte-me e agende a sua visita!<\/strong><\/p>\r\n\r\n\r\n\r\n<p>&nbsp;<\/p>\r\n","protected":false},"excerpt":{"rendered":"<p>&#8220;Atl\u00e1ntico Residences&#8221; integra qualidade e conforto em apartamentos de tipologias entre T1, T2 e T3. O mar e o Cabo Gir\u00e3o na sua varanda Contemplando o p\u00f4r-do-sol e o azul do mar, o edif\u00edcio do Atl\u00e2ntico Residences situa-se na Ilha da Madeira \u2013 C\u00e2mara de Lobos. Este projeto tem uma vista magn\u00edfica combinada com tranquilidade [&hellip;]<\/p>\n","protected":false},"author":2,"featured_media":18741,"parent":0,"menu_order":0,"template":"","property_type":[134,398],"property_status":[395],"property_feature":[267,292,290,294,273,247,276,261,298,249,264,263,256,272,281,268,265,315],"property_label":[413],"property_country":[390],"property_state":[341],"property_city":[342],"property_area":[337],"class_list":["post-18585","property","type-property","status-publish","has-post-thumbnail","hentry","property_type-apartamentos","property_type-residencial","property_status-vendido","property_feature-acesso-para-pessoas-com-mobilidade-reduzida","property_feature-casa-de-banho-na-suite","property_feature-closet-pt","property_feature-cozinha-equipada","property_feature-elevador","property_feature-frigorifico","property_feature-garagem","property_feature-jardim","property_feature-lavandaria","property_feature-micro-ondas","property_feature-parqueamento","property_feature-piscina-exterior","property_feature-porta-blindada","property_feature-portao-electrico","property_feature-suite-pt","property_feature-varanda","property_feature-video-porteiro","property_feature-vista-mar","property_label-atlantico","property_country-portugal-pt","property_state-ilha-da-madeira","property_city-camara-de-lobos-pt","property_area-camara-de-lobos-pt-pt"],"property_meta":{"_alp_processed":["1710266189"],"houzez_geolocation_lat":["32.651656513464"],"houzez_geolocation_long":["-16.984718430899"],"_last_translation_edit_mode":["native-editor"],"houzez_manual_expire":["0"],"_houzez_expiration_date_status":["saved"],"fave_payment_status":["not_paid"],"_wpml_media_featured":["1"],"_wpml_media_duplicate":["1"],"houzez_total_property_views":["1118"],"houzez_views_by_date":["a:61:{s:10:\"01-18-2026\";i:2;s:10:\"01-19-2026\";i:1;s:10:\"01-20-2026\";i:1;s:10:\"01-22-2026\";i:2;s:10:\"01-23-2026\";i:1;s:10:\"01-24-2026\";i:2;s:10:\"01-25-2026\";i:3;s:10:\"01-27-2026\";i:2;s:10:\"01-28-2026\";i:3;s:10:\"01-30-2026\";i:1;s:10:\"02-01-2026\";i:2;s:10:\"02-02-2026\";i:1;s:10:\"02-03-2026\";i:2;s:10:\"02-07-2026\";i:1;s:10:\"02-08-2026\";i:2;s:10:\"02-09-2026\";i:1;s:10:\"02-11-2026\";i:2;s:10:\"02-12-2026\";i:3;s:10:\"02-15-2026\";i:1;s:10:\"02-16-2026\";i:1;s:10:\"02-18-2026\";i:1;s:10:\"02-22-2026\";i:2;s:10:\"02-23-2026\";i:4;s:10:\"02-24-2026\";i:1;s:10:\"02-26-2026\";i:1;s:10:\"02-27-2026\";i:1;s:10:\"03-03-2026\";i:2;s:10:\"03-04-2026\";i:2;s:10:\"03-07-2026\";i:1;s:10:\"03-09-2026\";i:2;s:10:\"03-10-2026\";i:2;s:10:\"03-12-2026\";i:2;s:10:\"03-15-2026\";i:1;s:10:\"03-17-2026\";i:3;s:10:\"03-18-2026\";i:1;s:10:\"03-20-2026\";i:1;s:10:\"03-22-2026\";i:2;s:10:\"03-23-2026\";i:1;s:10:\"03-24-2026\";i:2;s:10:\"03-25-2026\";i:1;s:10:\"03-26-2026\";i:2;s:10:\"03-27-2026\";i:1;s:10:\"03-28-2026\";i:2;s:10:\"03-29-2026\";i:2;s:10:\"03-30-2026\";i:22;s:10:\"03-31-2026\";i:2;s:10:\"04-01-2026\";i:1;s:10:\"04-05-2026\";i:2;s:10:\"04-07-2026\";i:1;s:10:\"04-08-2026\";i:1;s:10:\"04-10-2026\";i:2;s:10:\"04-11-2026\";i:3;s:10:\"04-13-2026\";i:1;s:10:\"04-14-2026\";i:1;s:10:\"04-15-2026\";i:2;s:10:\"04-16-2026\";i:1;s:10:\"04-18-2026\";i:1;s:10:\"04-20-2026\";i:1;s:10:\"04-23-2026\";i:1;s:10:\"04-24-2026\";i:2;s:10:\"04-26-2026\";i:1;}"],"houzez_recently_viewed":["2026-04-26 21:15:04"],"fave_property_size":["125"],"fave_property_bedrooms":["3"],"fave_property_bathrooms":["2"],"fave_property_garage":["1"],"fave_property_year":["2022"],"fave_property_id":["3882"],"fave_property_map":["1"],"fave_property_map_address":["Estrada de Santa Clara, C\u00e2mara de Lobos, Madeira, 9300-161, Portugal"],"fave_property_location":["32.651656513464,-16.984718430899,14"],"fave_property_map_street_view":["hide"],"fave_property_address":["Estrada de Santa Clara"],"fave_property_zip":["9300-163 C\u00e2mara de Lobos"],"fave_featured":["1"],"fave_agent_display_option":["agent_info"],"fave_prop_homeslider":["no"],"_edit_last":["6"],"_edit_lock":["1710266051:6"],"rank_math_internal_links_processed":["1"],"rank_math_analytic_object_id":["98"],"rank_math_seo_score":["6"],"rank_math_contentai_score":["a:4:{s:9:\"wordCount\";s:4:\"6.04\";s:9:\"linkCount\";s:1:\"0\";s:12:\"headingCount\";s:1:\"0\";s:10:\"mediaCount\";s:4:\"4.44\";}"],"fave_property_images":["18741","18737","18735","18739","18743","18724","18733","18728","18726","18708","18704","18692","18688","18684","18731"],"rank_math_primary_property_type":["0"],"rank_math_primary_property_status":["0"],"rank_math_primary_property_feature":["0"],"rank_math_primary_property_label":["0"],"rank_math_primary_property_country":["0"],"rank_math_primary_property_state":["0"],"rank_math_primary_property_city":["0"],"rank_math_primary_property_area":["0"],"fave_single_top_area":["global"],"fave_single_content_area":["global"],"_thumbnail_id":["18741"]},"_links":{"self":[{"href":"https:\/\/www.atlanticoprorealestate.com\/pt-pt\/wp-json\/wp\/v2\/properties\/18585","targetHints":{"allow":["GET"]}}],"collection":[{"href":"https:\/\/www.atlanticoprorealestate.com\/pt-pt\/wp-json\/wp\/v2\/properties"}],"about":[{"href":"https:\/\/www.atlanticoprorealestate.com\/pt-pt\/wp-json\/wp\/v2\/types\/property"}],"author":[{"embeddable":true,"href":"https:\/\/www.atlanticoprorealestate.com\/pt-pt\/wp-json\/wp\/v2\/users\/2"}],"version-history":[{"count":2,"href":"https:\/\/www.atlanticoprorealestate.com\/pt-pt\/wp-json\/wp\/v2\/properties\/18585\/revisions"}],"predecessor-version":[{"id":23161,"href":"https:\/\/www.atlanticoprorealestate.com\/pt-pt\/wp-json\/wp\/v2\/properties\/18585\/revisions\/23161"}],"wp:featuredmedia":[{"embeddable":true,"href":"https:\/\/www.atlanticoprorealestate.com\/pt-pt\/wp-json\/wp\/v2\/media\/18741"}],"wp:attachment":[{"href":"https:\/\/www.atlanticoprorealestate.com\/pt-pt\/wp-json\/wp\/v2\/media?parent=18585"}],"wp:term":[{"taxonomy":"property_type","embeddable":true,"href":"https:\/\/www.atlanticoprorealestate.com\/pt-pt\/wp-json\/wp\/v2\/property_type?post=18585"},{"taxonomy":"property_status","embeddable":true,"href":"https:\/\/www.atlanticoprorealestate.com\/pt-pt\/wp-json\/wp\/v2\/property_status?post=18585"},{"taxonomy":"property_feature","embeddable":true,"href":"https:\/\/www.atlanticoprorealestate.com\/pt-pt\/wp-json\/wp\/v2\/property_feature?post=18585"},{"taxonomy":"property_label","embeddable":true,"href":"https:\/\/www.atlanticoprorealestate.com\/pt-pt\/wp-json\/wp\/v2\/property_label?post=18585"},{"taxonomy":"property_country","embeddable":true,"href":"https:\/\/www.atlanticoprorealestate.com\/pt-pt\/wp-json\/wp\/v2\/property_country?post=18585"},{"taxonomy":"property_state","embeddable":true,"href":"https:\/\/www.atlanticoprorealestate.com\/pt-pt\/wp-json\/wp\/v2\/property_state?post=18585"},{"taxonomy":"property_city","embeddable":true,"href":"https:\/\/www.atlanticoprorealestate.com\/pt-pt\/wp-json\/wp\/v2\/property_city?post=18585"},{"taxonomy":"property_area","embeddable":true,"href":"https:\/\/www.atlanticoprorealestate.com\/pt-pt\/wp-json\/wp\/v2\/property_area?post=18585"}],"curies":[{"name":"wp","href":"https:\/\/api.w.org\/{rel}","templated":true}]}}

<p>&#8220;Atlántico Residences&#8221; integra qualidade e conforto em apartamentos de tipologias entre T1, T2 e <strong>T3.</strong></p>



<p>O mar e o Cabo Girão na sua varanda</p>



<p>Contemplando o pôr-do-sol e o azul do mar, o edifício do Atlântico Residences situa-se na Ilha da Madeira – Câmara de Lobos.</p>



<p>Este projeto tem uma vista magnífica combinada com tranquilidade e bem-estar, num local único.</p>



<p>Prédio com início de construção em 2022 e conclusão em 2023, com acabamentos de alta qualidade, grandes áreas, condomínio privado, piscina e solário.</p>



<p>Este apartamento com 3 quartos está no bloco 2 com vista para o mar</p>



<p>Faça já a sua reserva e beneficie de excelentes condições de compra.</p>



<p>É o apartamento ideal para a sua família!</p>



<p>Lidamos com todo o processo, incluindo o Crédito Bancário. Conte com a nossa ajuda e profissionalismo.</p>



<p><strong>Contacte-me e agende a sua visita!</strong></p>



<p>&nbsp;</p>

<p>&#8220;Atlántico Residences&#8221; integra qualidade e conforto em apartamentos de tipologias entre T1, T2 e T3. O mar e o Cabo Girão na sua varanda Contemplando o pôr-do-sol e o azul do mar, o edifício do Atlântico Residences situa-se na Ilha da Madeira – Câmara de Lobos. Este projeto tem uma vista magnífica combinada com tranquilidade [&hellip;]</p>

Estrada de Santa Clara, Câmara de Lobos, Madeira, 9300-161, Portugal

9300-163 Câmara de Lobos
