{"id":18593,"date":"2022-03-05T12:34:24","date_gmt":"2022-03-05T12:34:24","guid":{"rendered":"https:\/\/www.atlanticoprorealestate.com\/property\/apartamento-t1-com-vista-para-o-mar\/"},"modified":"2026-02-02T14:40:45","modified_gmt":"2026-02-02T14:40:45","slug":"apartamento-t1-com-vista-para-o-mar","status":"publish","type":"property","link":"https:\/\/www.atlanticoprorealestate.com\/pt-pt\/propriedades\/apartamento-t1-com-vista-para-o-mar\/","title":{"rendered":"Apartamento T1 com vista mar"},"content":{"rendered":"\r\n<p><strong>Apartamento com 1 quarto<\/strong>, localizado no r\u00e9s-do-ch\u00e3o com vista mar<\/p>\r\n\r\n\r\n\r\n<p>Este empreendimento integra qualidade e conforto em apartamentos de tipologias entre T1, T2 e T3.<\/p>\r\n\r\n\r\n\r\n<p>Este apartamento T1 est\u00e1 localizado no r\u00e9s-do-ch\u00e3o e tem um magn\u00edfico p\u00e1tio com 35 m2 + varanda com 10 m2<\/p>\r\n\r\n\r\n\r\n<p>O mar e o Cabo Gir\u00e3o na sua varanda<\/p>\r\n\r\n\r\n\r\n<p>Contemplando o p\u00f4r-do-sol e o azul do mar, o edif\u00edcio do Atl\u00e2ntico Residences situa-se na Ilha da Madeira \u2013 C\u00e2mara de Lobos.<\/p>\r\n\r\n\r\n\r\n<p>Este projeto tem uma vista magn\u00edfica combinada com tranquilidade e bem-estar, num local \u00fanico.<\/p>\r\n\r\n\r\n\r\n<p>Pr\u00e9dio com in\u00edcio de constru\u00e7\u00e3o em 2022 e conclus\u00e3o em 2023, com acabamentos de alta qualidade, grandes \u00e1reas, condom\u00ednio privado, piscina e sol\u00e1rio.<\/p>\r\n\r\n\r\n\r\n<p>Fa\u00e7a j\u00e1 a sua reserva e beneficie de excelentes condi\u00e7\u00f5es de compra.<\/p>\r\n\r\n\r\n\r\n<p>\u00c9 o apartamento ideal para a sua fam\u00edlia!<\/p>\r\n\r\n\r\n\r\n<p>Lidamos com todo o processo, incluindo o Cr\u00e9dito Banc\u00e1rio. Conte com a nossa ajuda e profissionalismo.<\/p>\r\n\r\n\r\n\r\n<p>Na Keller Williams partilhamos neg\u00f3cios com todos os consultores imobili\u00e1rios ou ag\u00eancias. Se \u00e9 profissional no setor e tem um cliente comprador, contacte-me e agende a sua visita. Se voc\u00ea \u00e9 um profissional do setor e tem um cliente comprador, entre em contato comigo e agende sua visita.<\/p>\r\n\r\n\r\n\r\n<p><strong><em><strong>Juntos fazemos mais pelos nossos clientes<\/strong><\/em><\/strong><\/p>\r\n","protected":false},"excerpt":{"rendered":"<p>Apartamento com 1 quarto, localizado no r\u00e9s-do-ch\u00e3o com vista mar Este empreendimento integra qualidade e conforto em apartamentos de tipologias entre T1, T2 e T3. Este apartamento T1 est\u00e1 localizado no r\u00e9s-do-ch\u00e3o e tem um magn\u00edfico p\u00e1tio com 35 m2 + varanda com 10 m2 O mar e o Cabo Gir\u00e3o na sua varanda Contemplando [&hellip;]<\/p>\n","protected":false},"author":2,"featured_media":18712,"parent":0,"menu_order":0,"template":"","property_type":[134],"property_status":[395],"property_feature":[267,294,273,247,276,250,261,249,264,263,256,268,265,310,315],"property_label":[413],"property_country":[390],"property_state":[341],"property_city":[342],"property_area":[337],"class_list":["post-18593","property","type-property","status-publish","has-post-thumbnail","hentry","property_type-apartamentos","property_status-vendido","property_feature-acesso-para-pessoas-com-mobilidade-reduzida","property_feature-cozinha-equipada","property_feature-elevador","property_feature-frigorifico","property_feature-garagem","property_feature-gas-canalizado","property_feature-jardim","property_feature-micro-ondas","property_feature-parqueamento","property_feature-piscina-exterior","property_feature-porta-blindada","property_feature-varanda","property_feature-video-porteiro","property_feature-vista-jardim","property_feature-vista-mar","property_label-atlantico","property_country-portugal-pt","property_state-ilha-da-madeira","property_city-camara-de-lobos-pt","property_area-camara-de-lobos-pt-pt"],"property_meta":{"_alp_processed":["1770043245"],"houzez_geolocation_lat":["32.651471330243"],"houzez_geolocation_long":["-16.98472419744"],"_last_translation_edit_mode":["native-editor"],"houzez_manual_expire":["0"],"_houzez_expiration_date_status":["saved"],"fave_payment_status":["not_paid"],"_wpml_media_duplicate":["1"],"fave_property_size":["75"],"fave_property_bedrooms":["1"],"fave_property_bathrooms":["1"],"fave_property_garage":["1"],"fave_property_year":["2022"],"fave_property_id":["1212-3883"],"fave_property_map":["1"],"fave_property_map_address":["Serrado do Mar, C\u00e2mara de Lobos, Madeira, Portugal"],"fave_property_location":["32.651471330243,-16.98472419744,12"],"fave_property_map_street_view":["hide"],"fave_property_address":["Estrada de Santa Clara"],"fave_property_zip":["9300-161 C\u00e2mara de Lobos"],"fave_agent_display_option":["agent_info"],"fave_prop_homeslider":["no"],"fave_private_note":["T1 AG - Across Morning"],"houzez_total_property_views":["1030"],"houzez_views_by_date":["a:61:{s:10:\"01-26-2026\";i:2;s:10:\"01-27-2026\";i:2;s:10:\"01-28-2026\";i:3;s:10:\"01-30-2026\";i:1;s:10:\"01-31-2026\";i:3;s:10:\"02-01-2026\";i:3;s:10:\"02-02-2026\";i:2;s:10:\"02-04-2026\";i:1;s:10:\"02-08-2026\";i:2;s:10:\"02-09-2026\";i:1;s:10:\"02-12-2026\";i:3;s:10:\"02-13-2026\";i:1;s:10:\"02-15-2026\";i:1;s:10:\"02-17-2026\";i:4;s:10:\"02-22-2026\";i:4;s:10:\"02-23-2026\";i:3;s:10:\"02-27-2026\";i:1;s:10:\"03-01-2026\";i:2;s:10:\"03-02-2026\";i:1;s:10:\"03-03-2026\";i:2;s:10:\"03-04-2026\";i:1;s:10:\"03-05-2026\";i:1;s:10:\"03-06-2026\";i:1;s:10:\"03-07-2026\";i:3;s:10:\"03-08-2026\";i:1;s:10:\"03-09-2026\";i:1;s:10:\"03-10-2026\";i:3;s:10:\"03-11-2026\";i:1;s:10:\"03-12-2026\";i:1;s:10:\"03-13-2026\";i:1;s:10:\"03-15-2026\";i:2;s:10:\"03-17-2026\";i:3;s:10:\"03-18-2026\";i:1;s:10:\"03-19-2026\";i:1;s:10:\"03-20-2026\";i:1;s:10:\"03-23-2026\";i:1;s:10:\"03-24-2026\";i:1;s:10:\"03-25-2026\";i:2;s:10:\"03-26-2026\";i:1;s:10:\"03-27-2026\";i:1;s:10:\"03-29-2026\";i:2;s:10:\"03-30-2026\";i:35;s:10:\"04-01-2026\";i:1;s:10:\"04-02-2026\";i:1;s:10:\"04-03-2026\";i:1;s:10:\"04-05-2026\";i:2;s:10:\"04-07-2026\";i:4;s:10:\"04-10-2026\";i:1;s:10:\"04-11-2026\";i:2;s:10:\"04-13-2026\";i:1;s:10:\"04-15-2026\";i:1;s:10:\"04-16-2026\";i:1;s:10:\"04-18-2026\";i:1;s:10:\"04-20-2026\";i:1;s:10:\"04-21-2026\";i:1;s:10:\"04-22-2026\";i:1;s:10:\"04-24-2026\";i:1;s:10:\"04-25-2026\";i:2;s:10:\"04-26-2026\";i:1;s:10:\"04-27-2026\";i:1;s:10:\"04-29-2026\";i:1;}"],"houzez_recently_viewed":["2026-04-29 22:47:41"],"_wpml_media_featured":["1"],"_edit_last":["9"],"_edit_lock":["1770043103:9"],"rank_math_internal_links_processed":["1"],"rank_math_analytic_object_id":["106"],"rank_math_seo_score":["12"],"rank_math_contentai_score":["a:5:{s:8:\"keywords\";s:5:\"74.51\";s:9:\"wordCount\";s:1:\"0\";s:9:\"linkCount\";s:1:\"0\";s:12:\"headingCount\";s:1:\"0\";s:10:\"mediaCount\";s:1:\"0\";}"],"rank_math_primary_property_type":["0"],"rank_math_primary_property_status":["0"],"rank_math_primary_property_feature":["0"],"rank_math_primary_property_label":["0"],"rank_math_primary_property_country":["0"],"rank_math_primary_property_state":["0"],"rank_math_primary_property_city":["0"],"rank_math_primary_property_area":["0"],"_thumbnail_id":["18712"],"fave_property_images":["18710","18712","18686","18706","18694","18698","18714","18684","18704","18688","18696","18702","18716","18700","18721"],"fave_single_top_area":["global"],"fave_single_content_area":["global"]},"_links":{"self":[{"href":"https:\/\/www.atlanticoprorealestate.com\/pt-pt\/wp-json\/wp\/v2\/properties\/18593","targetHints":{"allow":["GET"]}}],"collection":[{"href":"https:\/\/www.atlanticoprorealestate.com\/pt-pt\/wp-json\/wp\/v2\/properties"}],"about":[{"href":"https:\/\/www.atlanticoprorealestate.com\/pt-pt\/wp-json\/wp\/v2\/types\/property"}],"author":[{"embeddable":true,"href":"https:\/\/www.atlanticoprorealestate.com\/pt-pt\/wp-json\/wp\/v2\/users\/2"}],"version-history":[{"count":2,"href":"https:\/\/www.atlanticoprorealestate.com\/pt-pt\/wp-json\/wp\/v2\/properties\/18593\/revisions"}],"predecessor-version":[{"id":23162,"href":"https:\/\/www.atlanticoprorealestate.com\/pt-pt\/wp-json\/wp\/v2\/properties\/18593\/revisions\/23162"}],"wp:featuredmedia":[{"embeddable":true,"href":"https:\/\/www.atlanticoprorealestate.com\/pt-pt\/wp-json\/wp\/v2\/media\/18712"}],"wp:attachment":[{"href":"https:\/\/www.atlanticoprorealestate.com\/pt-pt\/wp-json\/wp\/v2\/media?parent=18593"}],"wp:term":[{"taxonomy":"property_type","embeddable":true,"href":"https:\/\/www.atlanticoprorealestate.com\/pt-pt\/wp-json\/wp\/v2\/property_type?post=18593"},{"taxonomy":"property_status","embeddable":true,"href":"https:\/\/www.atlanticoprorealestate.com\/pt-pt\/wp-json\/wp\/v2\/property_status?post=18593"},{"taxonomy":"property_feature","embeddable":true,"href":"https:\/\/www.atlanticoprorealestate.com\/pt-pt\/wp-json\/wp\/v2\/property_feature?post=18593"},{"taxonomy":"property_label","embeddable":true,"href":"https:\/\/www.atlanticoprorealestate.com\/pt-pt\/wp-json\/wp\/v2\/property_label?post=18593"},{"taxonomy":"property_country","embeddable":true,"href":"https:\/\/www.atlanticoprorealestate.com\/pt-pt\/wp-json\/wp\/v2\/property_country?post=18593"},{"taxonomy":"property_state","embeddable":true,"href":"https:\/\/www.atlanticoprorealestate.com\/pt-pt\/wp-json\/wp\/v2\/property_state?post=18593"},{"taxonomy":"property_city","embeddable":true,"href":"https:\/\/www.atlanticoprorealestate.com\/pt-pt\/wp-json\/wp\/v2\/property_city?post=18593"},{"taxonomy":"property_area","embeddable":true,"href":"https:\/\/www.atlanticoprorealestate.com\/pt-pt\/wp-json\/wp\/v2\/property_area?post=18593"}],"curies":[{"name":"wp","href":"https:\/\/api.w.org\/{rel}","templated":true}]}}

<p><strong>Apartamento com 1 quarto</strong>, localizado no rés-do-chão com vista mar</p>



<p>Este empreendimento integra qualidade e conforto em apartamentos de tipologias entre T1, T2 e T3.</p>



<p>Este apartamento T1 está localizado no rés-do-chão e tem um magnífico pátio com 35 m2 + varanda com 10 m2</p>



<p>O mar e o Cabo Girão na sua varanda</p>



<p>Contemplando o pôr-do-sol e o azul do mar, o edifício do Atlântico Residences situa-se na Ilha da Madeira – Câmara de Lobos.</p>



<p>Este projeto tem uma vista magnífica combinada com tranquilidade e bem-estar, num local único.</p>



<p>Prédio com início de construção em 2022 e conclusão em 2023, com acabamentos de alta qualidade, grandes áreas, condomínio privado, piscina e solário.</p>



<p>Faça já a sua reserva e beneficie de excelentes condições de compra.</p>



<p>É o apartamento ideal para a sua família!</p>



<p>Lidamos com todo o processo, incluindo o Crédito Bancário. Conte com a nossa ajuda e profissionalismo.</p>



<p>Na Keller Williams partilhamos negócios com todos os consultores imobiliários ou agências. Se é profissional no setor e tem um cliente comprador, contacte-me e agende a sua visita. Se você é um profissional do setor e tem um cliente comprador, entre em contato comigo e agende sua visita.</p>



<p><strong><em><strong>Juntos fazemos mais pelos nossos clientes</strong></em></strong></p>

<p>Apartamento com 1 quarto, localizado no rés-do-chão com vista mar Este empreendimento integra qualidade e conforto em apartamentos de tipologias entre T1, T2 e T3. Este apartamento T1 está localizado no rés-do-chão e tem um magnífico pátio com 35 m2 + varanda com 10 m2 O mar e o Cabo Girão na sua varanda Contemplando [&hellip;]</p>

Serrado do Mar, Câmara de Lobos, Madeira, Portugal

9300-161 Câmara de Lobos
