{"id":20685,"date":"2023-04-18T09:36:58","date_gmt":"2023-04-18T09:36:58","guid":{"rendered":"https:\/\/www.atlanticoprorealestate.com\/property\/edificacao-urbana-centro-do-funchal-madeira\/"},"modified":"2024-03-12T17:28:40","modified_gmt":"2024-03-12T17:28:40","slug":"edificacao-urbana-centro-do-funchal-madeira","status":"publish","type":"property","link":"https:\/\/www.atlanticoprorealestate.com\/pt-pt\/propriedades\/edificacao-urbana-centro-do-funchal-madeira\/","title":{"rendered":"Edifica\u00e7\u00e3o Urbana | Centro do Funchal | Madeira"},"content":{"rendered":"<p>Pr\u00e9dio urbano no centro do Funchal localizado junto a uma cl\u00ednica e a um jardim municipal. Perfeito para investimento em v\u00e1rios setores.<\/p>\n<p>Se quer viver ou criar um bom investimento numa zona de f\u00e1cil acesso, coberta por transportes p\u00fablicos e pelos principais pontos tur\u00edsticos, est\u00e1 a olhar para o im\u00f3vel certo.<\/p>\n<p>Como Casa a sua centralidade faz deste edif\u00edcio uma casa perfeita perto de equipamentos, servi\u00e7os, escolas, \u00e1reas de neg\u00f3cio (emprego) que o levariam a viver a qualidade de vida que sempre desejou para a sua fam\u00edlia.<\/p>\n<p>Como Investimento localiza-se num ponto estrat\u00e9gico pr\u00f3ximo de v\u00e1rios pontos de interesse tur\u00edstico, transportes e zonas de lazer. Pode ser a sede de uma empresa, alojamento tur\u00edstico, alojamento geri\u00e1trico, centro de recupera\u00e7\u00e3o m\u00e9dica, alojamento estudantil, centro de artes ou forma\u00e7\u00e3o, etc. As possibilidades s\u00e3o imensas.<br \/>\nO edif\u00edcio ocupa um lote de terreno que se encontra vedado (seguran\u00e7a) e \u00e9 composto por um quintal e dois Jardins, por ter duas entradas independentes podendo ser dividido em duas fra\u00e7\u00f5es de dois pisos cada.<\/p>\n<p>A uma altitude de 68 metros do n\u00edvel do mar o edif\u00edcio desenvolve-se em 4 pisos:<\/p>\n<p>Piso R\/C: &#8211; Loja de Arrumos;<br \/>\n-Sala de estar;<br \/>\n&#8211; \u00c1rea de circula\u00e7\u00e3o e acesso ao piso superior;<\/p>\n<p>Piso 1: &#8211; Dois quartos;<br \/>\n&#8211; Escrit\u00f3rio;<br \/>\n&#8211; Cozinha;<br \/>\n&#8211; Dois banheiros;<br \/>\n-Sala de jantar;<br \/>\n-Sala de estar;<br \/>\n&#8211; \u00c1rea de circula\u00e7\u00e3o;<\/p>\n<p>Piso 2: &#8211; Escrit\u00f3rio;<br \/>\n&#8211; Duas salas de estar;<br \/>\n-Sala de jantar;<br \/>\n&#8211; Cozinha;<br \/>\n&#8211; \u00c1rea de distribui\u00e7\u00e3o;<\/p>\n<p>Piso 3: &#8211; Quatro quartos;<br \/>\n&#8211; Casa de banho;<br \/>\n&#8211; \u00c1rea de distribui\u00e7\u00e3o;<br \/>\n&#8211; Terra\u00e7o;<\/p>\n<p>Aproximando-se da entrada principal podemos vislumbrar o edif\u00edcio como uma Villa tradicional madeirense com dois andares e um alpendre, enquanto visto das traseiras do edif\u00edcio parece um edif\u00edcio comum do centro da cidade de Banda. Neste edif\u00edcio pode ter aquela entrada deslumbrante que procura para o seu Investimento, dando-lhe uma sensa\u00e7\u00e3o acolhedora aos seus futuros clientes ou familiares.<\/p>\n<p>\u00c1reas:<br \/>\n\u00c1rea total do terreno: 925,70 m2<br \/>\n\u00c1rea de implanta\u00e7\u00e3o do edif\u00edcio: 195,96 m2<br \/>\n\u00c1rea bruta de constru\u00e7\u00e3o: 595,20 m2<br \/>\n\u00c1rea bruta privativa: 424,35 m2<br \/>\n\u00c1rea bruta dependente: 170,85 m2<br \/>\n\u00c1rea \u00fatil: 262,65 m2<\/p>\n<p>Este edif\u00edcio encontra-se no limite da \u00c1rea de Reabilita\u00e7\u00e3o Urbana (ARU), com um interessante projeto de investimento pode ser solicitada a inclus\u00e3o.<\/p>\n<p>Necessita de obras de renova\u00e7\u00e3o.<\/p>\n<p>\u00c9 o apartamento ideal para a sua fam\u00edlia!<\/p>\n<p>Cuidamos de todo o processo, incluindo o Cr\u00e9dito Banc\u00e1rio. Conte com a nossa ajuda e profissionalismo.<\/p>\n<p>*Certifica\u00e7\u00e3o Energ\u00e9tica: D*<\/p>\n","protected":false},"excerpt":{"rendered":"<p>Pr\u00e9dio urbano no centro do Funchal localizado junto a uma cl\u00ednica e a um jardim municipal. Perfeito para investimento em v\u00e1rios setores. Se quer viver ou criar um bom investimento numa zona de f\u00e1cil acesso, coberta por transportes p\u00fablicos e pelos principais pontos tur\u00edsticos, est\u00e1 a olhar para o im\u00f3vel certo. Como Casa a sua [&hellip;]<\/p>\n","protected":false},"author":4,"featured_media":20653,"parent":0,"menu_order":0,"template":"","property_type":[152],"property_status":[395],"property_feature":[261,315,314],"property_label":[],"property_country":[390],"property_state":[341],"property_city":[403],"property_area":[],"class_list":["post-20685","property","type-property","status-publish","has-post-thumbnail","hentry","property_type-quintas","property_status-vendido","property_feature-jardim","property_feature-vista-mar","property_feature-vista-montanha","property_country-portugal-pt","property_state-ilha-da-madeira","property_city-funchal-pt"],"property_meta":{"rank_math_internal_links_processed":["1"],"_alp_processed":["1710264520"],"fave_property_size":["424"],"fave_property_land":["926"],"fave_property_bedrooms":["6"],"fave_property_bathrooms":["4"],"fave_property_id":["1212-451"],"fave_property_map":["1"],"fave_property_map_address":["Rua da Torrinha, Imaculado Cora\u00e7\u00e3o de Maria, Funchal, Madeira, 9050-053, Portugal"],"fave_property_location":["32.6568571,-16.9106915,15"],"houzez_geolocation_lat":["32.6568571"],"houzez_geolocation_long":["-16.9106915"],"fave_property_map_street_view":["hide"],"fave_agent_display_option":["author_info"],"houzez_total_property_views":["851"],"houzez_views_by_date":["a:61:{s:10:\"01-06-2026\";i:1;s:10:\"01-09-2026\";i:2;s:10:\"01-11-2026\";i:3;s:10:\"01-13-2026\";i:1;s:10:\"01-15-2026\";i:4;s:10:\"01-18-2026\";i:2;s:10:\"01-19-2026\";i:2;s:10:\"01-20-2026\";i:1;s:10:\"01-21-2026\";i:1;s:10:\"01-22-2026\";i:3;s:10:\"01-23-2026\";i:2;s:10:\"01-24-2026\";i:1;s:10:\"01-25-2026\";i:4;s:10:\"01-26-2026\";i:2;s:10:\"01-27-2026\";i:1;s:10:\"01-28-2026\";i:1;s:10:\"01-29-2026\";i:3;s:10:\"02-03-2026\";i:2;s:10:\"02-04-2026\";i:3;s:10:\"02-09-2026\";i:1;s:10:\"02-10-2026\";i:2;s:10:\"02-12-2026\";i:2;s:10:\"02-13-2026\";i:2;s:10:\"02-15-2026\";i:2;s:10:\"02-18-2026\";i:2;s:10:\"02-19-2026\";i:1;s:10:\"02-20-2026\";i:2;s:10:\"02-21-2026\";i:2;s:10:\"02-22-2026\";i:1;s:10:\"02-23-2026\";i:1;s:10:\"02-24-2026\";i:1;s:10:\"03-01-2026\";i:2;s:10:\"03-02-2026\";i:2;s:10:\"03-03-2026\";i:2;s:10:\"03-05-2026\";i:1;s:10:\"03-06-2026\";i:1;s:10:\"03-09-2026\";i:1;s:10:\"03-11-2026\";i:2;s:10:\"03-12-2026\";i:3;s:10:\"03-13-2026\";i:1;s:10:\"03-16-2026\";i:2;s:10:\"03-17-2026\";i:2;s:10:\"03-22-2026\";i:2;s:10:\"03-23-2026\";i:1;s:10:\"03-25-2026\";i:3;s:10:\"03-26-2026\";i:1;s:10:\"03-27-2026\";i:28;s:10:\"03-30-2026\";i:3;s:10:\"03-31-2026\";i:2;s:10:\"04-01-2026\";i:1;s:10:\"04-02-2026\";i:1;s:10:\"04-07-2026\";i:2;s:10:\"04-10-2026\";i:2;s:10:\"04-11-2026\";i:2;s:10:\"04-13-2026\";i:1;s:10:\"04-16-2026\";i:1;s:10:\"04-17-2026\";i:1;s:10:\"04-22-2026\";i:1;s:10:\"04-24-2026\";i:1;s:10:\"04-25-2026\";i:1;s:10:\"04-26-2026\";i:2;}"],"houzez_recently_viewed":["2026-04-26 18:11:46"],"rank_math_analytic_object_id":["12"],"_wpml_word_count":["{\"total\":443,\"to_translate\":{\"en\":443}}"],"_last_translation_edit_mode":["native-editor"],"_edit_last":["6"],"_thumbnail_id":["20653"],"_edit_lock":["1710264382:6"],"rank_math_seo_score":["4"],"rank_math_contentai_score":["a:4:{s:9:\"wordCount\";s:5:\"16.97\";s:9:\"linkCount\";s:1:\"0\";s:12:\"headingCount\";s:1:\"0\";s:10:\"mediaCount\";s:4:\"4.44\";}"],"fave_property_images":["20657","20659","20661","20669","20663","20665","20667","20671","20673","20675","20677","20679","20681","20683"],"rank_math_primary_property_type":["0"],"rank_math_primary_property_status":["0"],"rank_math_primary_property_feature":["0"],"rank_math_primary_property_label":["0"],"rank_math_primary_property_country":["0"],"rank_math_primary_property_state":["0"],"rank_math_primary_property_city":["0"],"rank_math_primary_property_area":["0"],"houzez_manual_expire":["0"],"_houzez_expiration_date_status":["saved"],"fave_payment_status":["not_paid"],"fave_single_top_area":["global"],"fave_single_content_area":["global"],"_wpml_media_duplicate":["1"],"_wpml_media_featured":["1"]},"_links":{"self":[{"href":"https:\/\/www.atlanticoprorealestate.com\/pt-pt\/wp-json\/wp\/v2\/properties\/20685","targetHints":{"allow":["GET"]}}],"collection":[{"href":"https:\/\/www.atlanticoprorealestate.com\/pt-pt\/wp-json\/wp\/v2\/properties"}],"about":[{"href":"https:\/\/www.atlanticoprorealestate.com\/pt-pt\/wp-json\/wp\/v2\/types\/property"}],"author":[{"embeddable":true,"href":"https:\/\/www.atlanticoprorealestate.com\/pt-pt\/wp-json\/wp\/v2\/users\/4"}],"version-history":[{"count":1,"href":"https:\/\/www.atlanticoprorealestate.com\/pt-pt\/wp-json\/wp\/v2\/properties\/20685\/revisions"}],"predecessor-version":[{"id":21733,"href":"https:\/\/www.atlanticoprorealestate.com\/pt-pt\/wp-json\/wp\/v2\/properties\/20685\/revisions\/21733"}],"wp:featuredmedia":[{"embeddable":true,"href":"https:\/\/www.atlanticoprorealestate.com\/pt-pt\/wp-json\/wp\/v2\/media\/20653"}],"wp:attachment":[{"href":"https:\/\/www.atlanticoprorealestate.com\/pt-pt\/wp-json\/wp\/v2\/media?parent=20685"}],"wp:term":[{"taxonomy":"property_type","embeddable":true,"href":"https:\/\/www.atlanticoprorealestate.com\/pt-pt\/wp-json\/wp\/v2\/property_type?post=20685"},{"taxonomy":"property_status","embeddable":true,"href":"https:\/\/www.atlanticoprorealestate.com\/pt-pt\/wp-json\/wp\/v2\/property_status?post=20685"},{"taxonomy":"property_feature","embeddable":true,"href":"https:\/\/www.atlanticoprorealestate.com\/pt-pt\/wp-json\/wp\/v2\/property_feature?post=20685"},{"taxonomy":"property_label","embeddable":true,"href":"https:\/\/www.atlanticoprorealestate.com\/pt-pt\/wp-json\/wp\/v2\/property_label?post=20685"},{"taxonomy":"property_country","embeddable":true,"href":"https:\/\/www.atlanticoprorealestate.com\/pt-pt\/wp-json\/wp\/v2\/property_country?post=20685"},{"taxonomy":"property_state","embeddable":true,"href":"https:\/\/www.atlanticoprorealestate.com\/pt-pt\/wp-json\/wp\/v2\/property_state?post=20685"},{"taxonomy":"property_city","embeddable":true,"href":"https:\/\/www.atlanticoprorealestate.com\/pt-pt\/wp-json\/wp\/v2\/property_city?post=20685"},{"taxonomy":"property_area","embeddable":true,"href":"https:\/\/www.atlanticoprorealestate.com\/pt-pt\/wp-json\/wp\/v2\/property_area?post=20685"}],"curies":[{"name":"wp","href":"https:\/\/api.w.org\/{rel}","templated":true}]}}

Edificação Urbana | Centro do Funchal | Madeira

<p>Prédio urbano no centro do Funchal localizado junto a uma clínica e a um jardim municipal. Perfeito para investimento em vários setores.</p>
<p>Se quer viver ou criar um bom investimento numa zona de fácil acesso, coberta por transportes públicos e pelos principais pontos turísticos, está a olhar para o imóvel certo.</p>
<p>Como Casa a sua centralidade faz deste edifício uma casa perfeita perto de equipamentos, serviços, escolas, áreas de negócio (emprego) que o levariam a viver a qualidade de vida que sempre desejou para a sua família.</p>
<p>Como Investimento localiza-se num ponto estratégico próximo de vários pontos de interesse turístico, transportes e zonas de lazer. Pode ser a sede de uma empresa, alojamento turístico, alojamento geriátrico, centro de recuperação médica, alojamento estudantil, centro de artes ou formação, etc. As possibilidades são imensas.<br />
O edifício ocupa um lote de terreno que se encontra vedado (segurança) e é composto por um quintal e dois Jardins, por ter duas entradas independentes podendo ser dividido em duas frações de dois pisos cada.</p>
<p>A uma altitude de 68 metros do nível do mar o edifício desenvolve-se em 4 pisos:</p>
<p>Piso R/C: &#8211; Loja de Arrumos;<br />
-Sala de estar;<br />
&#8211; Área de circulação e acesso ao piso superior;</p>
<p>Piso 1: &#8211; Dois quartos;<br />
&#8211; Escritório;<br />
&#8211; Cozinha;<br />
&#8211; Dois banheiros;<br />
-Sala de jantar;<br />
-Sala de estar;<br />
&#8211; Área de circulação;</p>
<p>Piso 2: &#8211; Escritório;<br />
&#8211; Duas salas de estar;<br />
-Sala de jantar;<br />
&#8211; Cozinha;<br />
&#8211; Área de distribuição;</p>
<p>Piso 3: &#8211; Quatro quartos;<br />
&#8211; Casa de banho;<br />
&#8211; Área de distribuição;<br />
&#8211; Terraço;</p>
<p>Aproximando-se da entrada principal podemos vislumbrar o edifício como uma Villa tradicional madeirense com dois andares e um alpendre, enquanto visto das traseiras do edifício parece um edifício comum do centro da cidade de Banda. Neste edifício pode ter aquela entrada deslumbrante que procura para o seu Investimento, dando-lhe uma sensação acolhedora aos seus futuros clientes ou familiares.</p>
<p>Áreas:<br />
Área total do terreno: 925,70 m2<br />
Área de implantação do edifício: 195,96 m2<br />
Área bruta de construção: 595,20 m2<br />
Área bruta privativa: 424,35 m2<br />
Área bruta dependente: 170,85 m2<br />
Área útil: 262,65 m2</p>
<p>Este edifício encontra-se no limite da Área de Reabilitação Urbana (ARU), com um interessante projeto de investimento pode ser solicitada a inclusão.</p>
<p>Necessita de obras de renovação.</p>
<p>É o apartamento ideal para a sua família!</p>
<p>Cuidamos de todo o processo, incluindo o Crédito Bancário. Conte com a nossa ajuda e profissionalismo.</p>
<p>*Certificação Energética: D*</p>

<p>Prédio urbano no centro do Funchal localizado junto a uma clínica e a um jardim municipal. Perfeito para investimento em vários setores. Se quer viver ou criar um bom investimento numa zona de fácil acesso, coberta por transportes públicos e pelos principais pontos turísticos, está a olhar para o imóvel certo. Como Casa a sua [&hellip;]</p>

Rua da Torrinha, Imaculado Coração de Maria, Funchal, Madeira, 9050-053, Portugal
