{"id":20805,"date":"2023-08-03T14:22:04","date_gmt":"2023-08-03T14:22:04","guid":{"rendered":"https:\/\/www.atlanticoprorealestate.com\/property\/apartamento-t2-localizado-na-rua-5-de-outubro-com-vista-panoramica-sobre-a-baia-do-funchal\/"},"modified":"2024-03-12T17:28:07","modified_gmt":"2024-03-12T17:28:07","slug":"apartamento-t2-localizado-na-rua-5-de-outubro-com-vista-panoramica-sobre-a-baia-do-funchal","status":"publish","type":"property","link":"https:\/\/www.atlanticoprorealestate.com\/pt-pt\/propriedades\/apartamento-t2-localizado-na-rua-5-de-outubro-com-vista-panoramica-sobre-a-baia-do-funchal\/","title":{"rendered":"Apartamento T2 localizado na Rua 5 de outubro com vista panor\u00e2mica sobre a ba\u00eda do Funchal"},"content":{"rendered":"<p>Este apartamento \u00e9 um duplex, localizado no 4\u00ba andar, no \u00faltimo andar.<\/p>\n<p>Tem um terra\u00e7o com boas \u00e1reas, onde pode desfrutar de uma vista panor\u00e2mica desafogada sobre a ba\u00eda do Funchal.<\/p>\n<p>Uma das grandes mais-valias deste apartamento \u00e9 a sua localiza\u00e7\u00e3o, que lhe permite aceder aos v\u00e1rios servi\u00e7os e lojas no centro do Funchal, sem ter de se deslocar de carro.<\/p>\n<p>Necessita de obras de remodela\u00e7\u00e3o.<\/p>\n<p>Outra vantagem deste im\u00f3vel \u00e9 a sua oportunidade de investimento!<\/p>\n<p>N\u00f3s cuidamos de todo o processo, incluindo para o Cr\u00e9dito Banc\u00e1rio. Conte com a nossa ajuda e profissionalismo.<\/p>\n<p>Na Keller Williams partilhamos neg\u00f3cios com todos os consultores ou ag\u00eancias imobili\u00e1rias. Se \u00e9 um profissional do sector e tem um cliente comprador, contacte-nos e agende a sua visita.<\/p>\n<p>Juntos fazemos mais pelos nossos clientes***<\/p>\n","protected":false},"excerpt":{"rendered":"<p>Este apartamento \u00e9 um duplex, localizado no 4\u00ba andar, no \u00faltimo andar. Tem um terra\u00e7o com boas \u00e1reas, onde pode desfrutar de uma vista panor\u00e2mica desafogada sobre a ba\u00eda do Funchal. Uma das grandes mais-valias deste apartamento \u00e9 a sua localiza\u00e7\u00e3o, que lhe permite aceder aos v\u00e1rios servi\u00e7os e lojas no centro do Funchal, sem [&hellip;]<\/p>\n","protected":false},"author":4,"featured_media":20780,"parent":0,"menu_order":0,"template":"","property_type":[134],"property_status":[395],"property_feature":[],"property_label":[446],"property_country":[390],"property_state":[341],"property_city":[403],"property_area":[],"class_list":["post-20805","property","type-property","status-publish","has-post-thumbnail","hentry","property_type-apartamentos","property_status-vendido","property_label-5-de-outubro-pt-pt","property_country-portugal-pt","property_state-ilha-da-madeira","property_city-funchal-pt"],"property_meta":{"rank_math_internal_links_processed":["1"],"_alp_processed":["1710264488"],"fave_property_size":["112"],"fave_property_bedrooms":["2"],"fave_property_bathrooms":["2"],"fave_property_garage_size":["1"],"fave_property_id":["1212-6572"],"fave_property_map":["1"],"fave_property_map_address":["Rua 5 de Outubro, S\u00e3o Pedro, Funchal, Madeira, 9050-048, Portugal"],"fave_property_location":["32.6560526,-16.9165723,12"],"houzez_geolocation_lat":["32.6560526"],"houzez_geolocation_long":["-16.9165723"],"fave_property_map_street_view":["hide"],"fave_agent_display_option":["author_info"],"fave_energy_class":["E"],"houzez_total_property_views":["957"],"houzez_views_by_date":["a:61:{s:10:\"01-17-2026\";i:3;s:10:\"01-18-2026\";i:3;s:10:\"01-19-2026\";i:3;s:10:\"01-21-2026\";i:2;s:10:\"01-24-2026\";i:1;s:10:\"01-25-2026\";i:3;s:10:\"01-26-2026\";i:1;s:10:\"01-27-2026\";i:2;s:10:\"01-28-2026\";i:1;s:10:\"01-29-2026\";i:2;s:10:\"01-30-2026\";i:1;s:10:\"01-31-2026\";i:1;s:10:\"02-01-2026\";i:2;s:10:\"02-02-2026\";i:1;s:10:\"02-03-2026\";i:2;s:10:\"02-04-2026\";i:6;s:10:\"02-08-2026\";i:1;s:10:\"02-09-2026\";i:1;s:10:\"02-12-2026\";i:1;s:10:\"02-14-2026\";i:2;s:10:\"02-18-2026\";i:2;s:10:\"02-20-2026\";i:1;s:10:\"02-21-2026\";i:1;s:10:\"02-22-2026\";i:1;s:10:\"02-25-2026\";i:1;s:10:\"02-26-2026\";i:1;s:10:\"02-28-2026\";i:1;s:10:\"03-01-2026\";i:1;s:10:\"03-04-2026\";i:2;s:10:\"03-05-2026\";i:2;s:10:\"03-06-2026\";i:2;s:10:\"03-10-2026\";i:5;s:10:\"03-11-2026\";i:5;s:10:\"03-12-2026\";i:2;s:10:\"03-13-2026\";i:1;s:10:\"03-14-2026\";i:3;s:10:\"03-16-2026\";i:2;s:10:\"03-17-2026\";i:3;s:10:\"03-24-2026\";i:1;s:10:\"03-25-2026\";i:2;s:10:\"03-26-2026\";i:4;s:10:\"03-27-2026\";i:31;s:10:\"03-29-2026\";i:1;s:10:\"03-30-2026\";i:6;s:10:\"03-31-2026\";i:1;s:10:\"04-02-2026\";i:1;s:10:\"04-06-2026\";i:1;s:10:\"04-07-2026\";i:1;s:10:\"04-11-2026\";i:2;s:10:\"04-12-2026\";i:1;s:10:\"04-13-2026\";i:1;s:10:\"04-14-2026\";i:3;s:10:\"04-17-2026\";i:2;s:10:\"04-18-2026\";i:1;s:10:\"04-19-2026\";i:1;s:10:\"04-20-2026\";i:1;s:10:\"04-21-2026\";i:1;s:10:\"04-22-2026\";i:1;s:10:\"04-24-2026\";i:2;s:10:\"04-26-2026\";i:1;s:10:\"04-27-2026\";i:3;}"],"houzez_recently_viewed":["2026-04-27 18:54:00"],"rank_math_analytic_object_id":["11"],"_wpml_word_count":["{\"total\":192,\"to_translate\":{\"en\":192}}"],"_last_translation_edit_mode":["native-editor"],"_edit_last":["6"],"_thumbnail_id":["20780"],"_edit_lock":["1710264351:6"],"rank_math_seo_score":["5"],"rank_math_contentai_score":["a:4:{s:9:\"wordCount\";s:4:\"5.64\";s:9:\"linkCount\";s:1:\"0\";s:12:\"headingCount\";s:1:\"0\";s:10:\"mediaCount\";s:4:\"4.44\";}"],"fave_property_images":["20800","20798","20802","20796","20794","20792","20790","20788","20786","20782","20784","20780","20778","20776","20774","20772","20770","20768","20766"],"rank_math_primary_property_type":["0"],"rank_math_primary_property_status":["0"],"rank_math_primary_property_feature":["0"],"rank_math_primary_property_label":["0"],"rank_math_primary_property_country":["0"],"rank_math_primary_property_state":["0"],"rank_math_primary_property_city":["0"],"rank_math_primary_property_area":["0"],"houzez_manual_expire":["0"],"_houzez_expiration_date_status":["saved"],"fave_payment_status":["not_paid"],"fave_single_top_area":["global"],"fave_single_content_area":["global"],"_wpml_media_duplicate":["1"],"_wpml_media_featured":["1"]},"_links":{"self":[{"href":"https:\/\/www.atlanticoprorealestate.com\/pt-pt\/wp-json\/wp\/v2\/properties\/20805","targetHints":{"allow":["GET"]}}],"collection":[{"href":"https:\/\/www.atlanticoprorealestate.com\/pt-pt\/wp-json\/wp\/v2\/properties"}],"about":[{"href":"https:\/\/www.atlanticoprorealestate.com\/pt-pt\/wp-json\/wp\/v2\/types\/property"}],"author":[{"embeddable":true,"href":"https:\/\/www.atlanticoprorealestate.com\/pt-pt\/wp-json\/wp\/v2\/users\/4"}],"version-history":[{"count":2,"href":"https:\/\/www.atlanticoprorealestate.com\/pt-pt\/wp-json\/wp\/v2\/properties\/20805\/revisions"}],"predecessor-version":[{"id":23128,"href":"https:\/\/www.atlanticoprorealestate.com\/pt-pt\/wp-json\/wp\/v2\/properties\/20805\/revisions\/23128"}],"wp:featuredmedia":[{"embeddable":true,"href":"https:\/\/www.atlanticoprorealestate.com\/pt-pt\/wp-json\/wp\/v2\/media\/20780"}],"wp:attachment":[{"href":"https:\/\/www.atlanticoprorealestate.com\/pt-pt\/wp-json\/wp\/v2\/media?parent=20805"}],"wp:term":[{"taxonomy":"property_type","embeddable":true,"href":"https:\/\/www.atlanticoprorealestate.com\/pt-pt\/wp-json\/wp\/v2\/property_type?post=20805"},{"taxonomy":"property_status","embeddable":true,"href":"https:\/\/www.atlanticoprorealestate.com\/pt-pt\/wp-json\/wp\/v2\/property_status?post=20805"},{"taxonomy":"property_feature","embeddable":true,"href":"https:\/\/www.atlanticoprorealestate.com\/pt-pt\/wp-json\/wp\/v2\/property_feature?post=20805"},{"taxonomy":"property_label","embeddable":true,"href":"https:\/\/www.atlanticoprorealestate.com\/pt-pt\/wp-json\/wp\/v2\/property_label?post=20805"},{"taxonomy":"property_country","embeddable":true,"href":"https:\/\/www.atlanticoprorealestate.com\/pt-pt\/wp-json\/wp\/v2\/property_country?post=20805"},{"taxonomy":"property_state","embeddable":true,"href":"https:\/\/www.atlanticoprorealestate.com\/pt-pt\/wp-json\/wp\/v2\/property_state?post=20805"},{"taxonomy":"property_city","embeddable":true,"href":"https:\/\/www.atlanticoprorealestate.com\/pt-pt\/wp-json\/wp\/v2\/property_city?post=20805"},{"taxonomy":"property_area","embeddable":true,"href":"https:\/\/www.atlanticoprorealestate.com\/pt-pt\/wp-json\/wp\/v2\/property_area?post=20805"}],"curies":[{"name":"wp","href":"https:\/\/api.w.org\/{rel}","templated":true}]}}

Apartamento T2 localizado na Rua 5 de outubro com vista panorâmica sobre a baía do Funchal

<p>Este apartamento é um duplex, localizado no 4º andar, no último andar.</p>
<p>Tem um terraço com boas áreas, onde pode desfrutar de uma vista panorâmica desafogada sobre a baía do Funchal.</p>
<p>Uma das grandes mais-valias deste apartamento é a sua localização, que lhe permite aceder aos vários serviços e lojas no centro do Funchal, sem ter de se deslocar de carro.</p>
<p>Necessita de obras de remodelação.</p>
<p>Outra vantagem deste imóvel é a sua oportunidade de investimento!</p>
<p>Nós cuidamos de todo o processo, incluindo para o Crédito Bancário. Conte com a nossa ajuda e profissionalismo.</p>
<p>Na Keller Williams partilhamos negócios com todos os consultores ou agências imobiliárias. Se é um profissional do sector e tem um cliente comprador, contacte-nos e agende a sua visita.</p>
<p>Juntos fazemos mais pelos nossos clientes***</p>

<p>Este apartamento é um duplex, localizado no 4º andar, no último andar. Tem um terraço com boas áreas, onde pode desfrutar de uma vista panorâmica desafogada sobre a baía do Funchal. Uma das grandes mais-valias deste apartamento é a sua localização, que lhe permite aceder aos vários serviços e lojas no centro do Funchal, sem [&hellip;]</p>

Rua 5 de Outubro, São Pedro, Funchal, Madeira, 9050-048, Portugal
