{"id":22559,"date":"2023-12-15T16:04:16","date_gmt":"2023-12-15T16:04:16","guid":{"rendered":"https:\/\/www.atlanticoprorealestate.com\/property\/moderno-apartamento-de-4-quartos-no-empreendimento-sky-restelo-restelo-belem\/"},"modified":"2023-12-15T16:04:16","modified_gmt":"2023-12-15T16:04:16","slug":"moderno-apartamento-de-4-quartos-no-empreendimento-sky-restelo-restelo-belem","status":"publish","type":"property","link":"https:\/\/www.atlanticoprorealestate.com\/pt-pt\/propriedades\/moderno-apartamento-de-4-quartos-no-empreendimento-sky-restelo-restelo-belem\/","title":{"rendered":"Moderno apartamento de 4 quartos no empreendimento Sky Restelo &#8211; Restelo &#8211; Bel\u00e9m"},"content":{"rendered":"<p>Se est\u00e1 a pensar viver num condom\u00ednio distinto, moderno e bem localizado, este espa\u00e7o \u00e9 para si!!<\/p>\n<p>Apartamento com uma \u00e1rea bruta privativa de 278m2.<\/p>\n<p>Composta por um amplo hall e corredor, sala ampla com duas \u00e1reas, medindo 68m2, cozinha totalmente equipada com eletrodom\u00e9sticos AEG e despensa<\/p>\n<p>4 quartos, todos com varandas, dois dos quais em suite, Master Suite, com closet, 30m2, outros quartos 14,5 m2<\/p>\n<p>3 casas de banho completas e uma casa de banho de servi\u00e7o<\/p>\n<p>2 excelentes varandas em ambas as frentes, com exposi\u00e7\u00e3o solar nascente\/poente<\/p>\n<p>Elevador<\/p>\n<p>Ar condicionado, aspira\u00e7\u00e3o central, fachada exterior anti-envelhecimento<\/p>\n<p>3 lugares de estacionamento, um deles semi-encaixotado.<\/p>\n<p>Seguran\u00e7a 24 horas.<\/p>\n<p>\u00c1reas comuns: A cobertura tem 2 piscinas para adultos e crian\u00e7as, um gin\u00e1sio equipado e uma sauna romana e um sal\u00e3o \/ cinema \/ sal\u00e3o de festas.<br \/>\nLocalizado no empreendimento Sky Restelo, oferece espa\u00e7os como lounge no primeiro andar, academia, sauna, duas piscinas na cobertura e tr\u00eas vagas de estacionamento.<\/p>\n<p>Bem como vistas panor\u00e2micas deslumbrantes sobre a cidade e o rio.<\/p>\n<p>Perto:<\/p>\n<p>O Sky Restelo destaca-se pelo seu f\u00e1cil acesso. Perto da autoestrada de Cascais (A 5), dos Cabos d&#8217;\u00c1vila (que permite um acesso r\u00e1pido e f\u00e1cil \u00e0 linha de Sintra) e da A2, o condom\u00ednio d\u00e1-lhe acesso r\u00e1pido aos mais diversos pontos da regi\u00e3o de Lisboa. Nas imedia\u00e7\u00f5es do Sky Restelo, poder\u00e1 ainda usufruir de um vasto leque de servi\u00e7os e instala\u00e7\u00f5es: piscina municipal, est\u00e1dio do Restelo, CIF (Clube Internacional de Futebol), Campus Universit\u00e1rio do Alto da Ajuda (Faculdade de Arquitetura, Medicina Veterin\u00e1ria e Instituto Superior de Ci\u00eancias Sociais e Pol\u00edticas), Col\u00e9gio Helen Keller, Hospital S\u00e3o Francisco Xavier, entre outros.<\/p>\n","protected":false},"excerpt":{"rendered":"<p>Se est\u00e1 a pensar viver num condom\u00ednio distinto, moderno e bem localizado, este espa\u00e7o \u00e9 para si!! Apartamento com uma \u00e1rea bruta privativa de 278m2. Composta por um amplo hall e corredor, sala ampla com duas \u00e1reas, medindo 68m2, cozinha totalmente equipada com eletrodom\u00e9sticos AEG e despensa 4 quartos, todos com varandas, dois dos quais [&hellip;]<\/p>\n","protected":false},"author":4,"featured_media":22353,"parent":0,"menu_order":0,"template":"","property_type":[134,398],"property_status":[402],"property_feature":[247,249],"property_label":[],"property_country":[390],"property_state":[533],"property_city":[636],"property_area":[],"class_list":["post-22559","property","type-property","status-publish","has-post-thumbnail","hentry","property_type-apartamentos","property_type-residencial","property_status-para-venda","property_feature-frigorifico","property_feature-micro-ondas","property_country-portugal-pt","property_state-distrito-lisboa","property_city-belem-pt-pt-2"],"property_meta":{"rank_math_internal_links_processed":["1"],"_alp_processed":["1702891596"],"fave_property_images":["22495","22493","22477","22479","22537","22535","22527","22521","22523","22529","22515","22453","22473","22475","22509","22511","22513","22455","22461","22463","22541","22467","22465","22507","22545","22543","22499","22503","22505","22517","22519","22539","22555","22557","22481","22487","22489","22491","22485"],"fave_single_top_area":["global"],"fave_single_content_area":["global"],"fave_property_price":["1400000"],"fave_property_size":["278"],"fave_property_bedrooms":["4"],"fave_property_bathrooms":["3"],"fave_property_id":["2226-2473"],"fave_property_map":["1"],"fave_property_map_address":["5 Dom Jorge da Costa Restelo Bel\u00e9m, Lisboa"],"fave_property_location":["25.68654,-80.431345,15"],"houzez_geolocation_lat":["25.68654"],"houzez_geolocation_long":["-80.431345"],"fave_property_map_street_view":["esconder"],"fave_agent_display_option":["author_info"],"fave_prop_homeslider":["n\u00e3o"],"houzez_total_property_views":["706"],"houzez_views_by_date":["a:61:{s:10:\"01-20-2026\";i:1;s:10:\"01-21-2026\";i:1;s:10:\"01-23-2026\";i:2;s:10:\"01-24-2026\";i:3;s:10:\"01-25-2026\";i:1;s:10:\"01-26-2026\";i:1;s:10:\"01-27-2026\";i:3;s:10:\"01-28-2026\";i:1;s:10:\"01-31-2026\";i:3;s:10:\"02-01-2026\";i:2;s:10:\"02-02-2026\";i:1;s:10:\"02-03-2026\";i:2;s:10:\"02-04-2026\";i:1;s:10:\"02-07-2026\";i:1;s:10:\"02-08-2026\";i:2;s:10:\"02-12-2026\";i:3;s:10:\"02-13-2026\";i:1;s:10:\"02-14-2026\";i:1;s:10:\"02-17-2026\";i:1;s:10:\"02-18-2026\";i:1;s:10:\"02-19-2026\";i:1;s:10:\"02-22-2026\";i:2;s:10:\"02-23-2026\";i:2;s:10:\"02-25-2026\";i:1;s:10:\"03-01-2026\";i:2;s:10:\"03-02-2026\";i:1;s:10:\"03-03-2026\";i:1;s:10:\"03-04-2026\";i:1;s:10:\"03-05-2026\";i:1;s:10:\"03-06-2026\";i:1;s:10:\"03-08-2026\";i:1;s:10:\"03-10-2026\";i:1;s:10:\"03-11-2026\";i:1;s:10:\"03-12-2026\";i:1;s:10:\"03-15-2026\";i:1;s:10:\"03-18-2026\";i:1;s:10:\"03-20-2026\";i:1;s:10:\"03-21-2026\";i:1;s:10:\"03-22-2026\";i:1;s:10:\"03-25-2026\";i:3;s:10:\"03-26-2026\";i:1;s:10:\"03-27-2026\";i:2;s:10:\"03-29-2026\";i:57;s:10:\"03-30-2026\";i:2;s:10:\"03-31-2026\";i:1;s:10:\"04-01-2026\";i:1;s:10:\"04-02-2026\";i:1;s:10:\"04-04-2026\";i:2;s:10:\"04-05-2026\";i:2;s:10:\"04-08-2026\";i:1;s:10:\"04-09-2026\";i:1;s:10:\"04-10-2026\";i:2;s:10:\"04-11-2026\";i:2;s:10:\"04-14-2026\";i:2;s:10:\"04-15-2026\";i:2;s:10:\"04-18-2026\";i:1;s:10:\"04-21-2026\";i:2;s:10:\"04-24-2026\";i:1;s:10:\"04-25-2026\";i:3;s:10:\"04-26-2026\";i:1;s:10:\"04-27-2026\";i:3;}"],"houzez_recently_viewed":["2026-04-27 18:42:50"],"_thumbnail_id":["22353"]},"_links":{"self":[{"href":"https:\/\/www.atlanticoprorealestate.com\/pt-pt\/wp-json\/wp\/v2\/properties\/22559","targetHints":{"allow":["GET"]}}],"collection":[{"href":"https:\/\/www.atlanticoprorealestate.com\/pt-pt\/wp-json\/wp\/v2\/properties"}],"about":[{"href":"https:\/\/www.atlanticoprorealestate.com\/pt-pt\/wp-json\/wp\/v2\/types\/property"}],"author":[{"embeddable":true,"href":"https:\/\/www.atlanticoprorealestate.com\/pt-pt\/wp-json\/wp\/v2\/users\/4"}],"version-history":[{"count":0,"href":"https:\/\/www.atlanticoprorealestate.com\/pt-pt\/wp-json\/wp\/v2\/properties\/22559\/revisions"}],"wp:featuredmedia":[{"embeddable":true,"href":"https:\/\/www.atlanticoprorealestate.com\/pt-pt\/wp-json\/wp\/v2\/media\/22353"}],"wp:attachment":[{"href":"https:\/\/www.atlanticoprorealestate.com\/pt-pt\/wp-json\/wp\/v2\/media?parent=22559"}],"wp:term":[{"taxonomy":"property_type","embeddable":true,"href":"https:\/\/www.atlanticoprorealestate.com\/pt-pt\/wp-json\/wp\/v2\/property_type?post=22559"},{"taxonomy":"property_status","embeddable":true,"href":"https:\/\/www.atlanticoprorealestate.com\/pt-pt\/wp-json\/wp\/v2\/property_status?post=22559"},{"taxonomy":"property_feature","embeddable":true,"href":"https:\/\/www.atlanticoprorealestate.com\/pt-pt\/wp-json\/wp\/v2\/property_feature?post=22559"},{"taxonomy":"property_label","embeddable":true,"href":"https:\/\/www.atlanticoprorealestate.com\/pt-pt\/wp-json\/wp\/v2\/property_label?post=22559"},{"taxonomy":"property_country","embeddable":true,"href":"https:\/\/www.atlanticoprorealestate.com\/pt-pt\/wp-json\/wp\/v2\/property_country?post=22559"},{"taxonomy":"property_state","embeddable":true,"href":"https:\/\/www.atlanticoprorealestate.com\/pt-pt\/wp-json\/wp\/v2\/property_state?post=22559"},{"taxonomy":"property_city","embeddable":true,"href":"https:\/\/www.atlanticoprorealestate.com\/pt-pt\/wp-json\/wp\/v2\/property_city?post=22559"},{"taxonomy":"property_area","embeddable":true,"href":"https:\/\/www.atlanticoprorealestate.com\/pt-pt\/wp-json\/wp\/v2\/property_area?post=22559"}],"curies":[{"name":"wp","href":"https:\/\/api.w.org\/{rel}","templated":true}]}}

Moderno apartamento de 4 quartos no empreendimento Sky Restelo &#8211; Restelo &#8211; Belém

<p>Se está a pensar viver num condomínio distinto, moderno e bem localizado, este espaço é para si!!</p>
<p>Apartamento com uma área bruta privativa de 278m2.</p>
<p>Composta por um amplo hall e corredor, sala ampla com duas áreas, medindo 68m2, cozinha totalmente equipada com eletrodomésticos AEG e despensa</p>
<p>4 quartos, todos com varandas, dois dos quais em suite, Master Suite, com closet, 30m2, outros quartos 14,5 m2</p>
<p>3 casas de banho completas e uma casa de banho de serviço</p>
<p>2 excelentes varandas em ambas as frentes, com exposição solar nascente/poente</p>
<p>Elevador</p>
<p>Ar condicionado, aspiração central, fachada exterior anti-envelhecimento</p>
<p>3 lugares de estacionamento, um deles semi-encaixotado.</p>
<p>Segurança 24 horas.</p>
<p>Áreas comuns: A cobertura tem 2 piscinas para adultos e crianças, um ginásio equipado e uma sauna romana e um salão / cinema / salão de festas.<br />
Localizado no empreendimento Sky Restelo, oferece espaços como lounge no primeiro andar, academia, sauna, duas piscinas na cobertura e três vagas de estacionamento.</p>
<p>Bem como vistas panorâmicas deslumbrantes sobre a cidade e o rio.</p>
<p>Perto:</p>
<p>O Sky Restelo destaca-se pelo seu fácil acesso. Perto da autoestrada de Cascais (A 5), dos Cabos d&#8217;Ávila (que permite um acesso rápido e fácil à linha de Sintra) e da A2, o condomínio dá-lhe acesso rápido aos mais diversos pontos da região de Lisboa. Nas imediações do Sky Restelo, poderá ainda usufruir de um vasto leque de serviços e instalações: piscina municipal, estádio do Restelo, CIF (Clube Internacional de Futebol), Campus Universitário do Alto da Ajuda (Faculdade de Arquitetura, Medicina Veterinária e Instituto Superior de Ciências Sociais e Políticas), Colégio Helen Keller, Hospital São Francisco Xavier, entre outros.</p>

<p>Se está a pensar viver num condomínio distinto, moderno e bem localizado, este espaço é para si!! Apartamento com uma área bruta privativa de 278m2. Composta por um amplo hall e corredor, sala ampla com duas áreas, medindo 68m2, cozinha totalmente equipada com eletrodomésticos AEG e despensa 4 quartos, todos com varandas, dois dos quais [&hellip;]</p>

5 Dom Jorge da Costa Restelo Belém, Lisboa

não
