{"id":23136,"date":"2022-10-21T14:36:58","date_gmt":"2022-10-21T14:36:58","guid":{"rendered":"https:\/\/www.atlanticoprorealestate.com\/?post_type=property&#038;p=23136"},"modified":"2024-03-12T17:40:25","modified_gmt":"2024-03-12T17:40:25","slug":"moradias-estreito-t3-com-vista-mar-e-montanha-3","status":"publish","type":"property","link":"https:\/\/www.atlanticoprorealestate.com\/pt-pt\/propriedades\/moradias-estreito-t3-com-vista-mar-e-montanha-3\/","title":{"rendered":"MORADIAS ESTREITO T3 COM VISTA MAR E MONTANHA"},"content":{"rendered":"\r\n<p>Tr\u00eas moradias \u00fanicas na freguesia do Estreito de C\u00e2mara de Lobos de tipologia T3, com arquitetura contempor\u00e2nea, inseridas num condom\u00ednio fechado, com \u00e1reas muito generosas, localiza\u00e7\u00e3o privilegiada e com excelente qualidade de acabamentos, onde destacamos os quartos de dormir, todos virados a nascente, bem como as garagens com grande \u00e1rea.<\/p>\r\n<p>Com ampla vista definitiva para a cidade do Funchal e sobre as vinhas caracter\u00edsticas desta freguesia, estas moradias de luxo possuem uma incr\u00edvel ilumina\u00e7\u00e3o natural, arquitetura moderna, amplas \u00e1reas inseridas e proximidade a todo o tipo de servi\u00e7os e \u00e1reas comerciais, tais como centro de sa\u00fade, consult\u00f3rios m\u00e9dicos, farm\u00e1cias, escola prim\u00e1ria e 2\u00ba e 3\u00ba ciclos, bancos, hiper e supermercados, restaurantes, mercado municipal, igreja, centro cultural, floristas, lojas de ferragens e etc&#8230;<\/p>\r\n<p>Localizadas numa das principais ruas do Estreito de C\u00e2mara de Lobos e de f\u00e1cil acesso aos dois n\u00f3s da via r\u00e1pida, estas moradias dar-lhe-\u00e3o o conforto de viver numa zona residencial tranquila, para o seu bem-estar e conforto.<\/p>\r\n<p>Fa\u00e7a j\u00e1 a sua reserva e beneficie de excelentes condi\u00e7\u00f5es de compra.<\/p>\r\n<p>\u00c9 a moradia ideal para a sua fam\u00edlia! Tratamos de todo o processo, incluindo para o Cr\u00e9dito Banc\u00e1rio.<\/p>\r\n<p>Conte com a nossa ajuda e profissionalismo.<\/p>\r\n<p>Na Keller Williams temos neg\u00f3cios partilhados com todos os consultores ou ag\u00eancias imobili\u00e1rias.<\/p>\r\n<p>Se \u00e9 um profissional do ramo e tem um cliente comprador, contacte-me e agende a sua visita.<\/p>\r\n<p><em><strong>***Juntos <\/strong><strong>fazemos mais pelos nossos clientes***<\/strong><\/em><\/p>\r\n\r\n\r\n\r\n<p>&nbsp;<\/p>\r\n","protected":false},"excerpt":{"rendered":"<p>Tr\u00eas moradias \u00fanicas na freguesia do Estreito de C\u00e2mara de Lobos de tipologia T3, com arquitetura contempor\u00e2nea, inseridas num condom\u00ednio fechado, com \u00e1reas muito generosas, localiza\u00e7\u00e3o privilegiada e com excelente qualidade de acabamentos, onde destacamos os quartos de dormir, todos virados a nascente, bem como as garagens com grande \u00e1rea. Com ampla vista definitiva para [&hellip;]<\/p>\n","protected":false},"author":6,"featured_media":20041,"parent":0,"menu_order":0,"template":"","property_type":[152],"property_status":[42,402],"property_feature":[241],"property_label":[434],"property_country":[390],"property_state":[341],"property_city":[342],"property_area":[],"class_list":["post-23136","property","type-property","status-publish","has-post-thumbnail","hentry","property_type-quintas","property_status-new-construction","property_status-para-venda","property_feature-equipamentos","property_label-lourencinha-pt-pt","property_country-portugal-pt","property_state-ilha-da-madeira","property_city-camara-de-lobos-pt"],"property_meta":{"_wpml_word_count":["{\"total\":0,\"to_translate\":{\"en\":2,\"pt-pt\":2}}"],"_edit_lock":["1710265090:6"],"_edit_last":["6"],"_alp_processed":["1710265225"],"_last_translation_edit_mode":["native-editor"],"rank_math_seo_score":["10"],"rank_math_contentai_score":["a:4:{s:9:\"wordCount\";s:5:\"10.19\";s:9:\"linkCount\";s:1:\"0\";s:12:\"headingCount\";s:1:\"0\";s:10:\"mediaCount\";s:4:\"4.44\";}"],"fave_property_price":["440,000"],"fave_property_id":["1212-5158"],"fave_property_map":["1"],"fave_property_location":["25.68654,-80.431345,15"],"houzez_geolocation_lat":["25.68654"],"houzez_geolocation_long":["-80.431345"],"fave_property_map_street_view":["hide"],"fave_featured":["0"],"fave_loggedintoview":["0"],"fave_agent_display_option":["author_info"],"fave_prop_homeslider":["no"],"rank_math_internal_links_processed":["1"],"rank_math_primary_property_type":["0"],"rank_math_primary_property_status":["0"],"rank_math_primary_property_feature":["0"],"rank_math_primary_property_label":["0"],"rank_math_primary_property_country":["0"],"rank_math_primary_property_state":["0"],"rank_math_primary_property_city":["0"],"rank_math_primary_property_area":["0"],"houzez_manual_expire":["0"],"_houzez_expiration_date_status":["saved"],"fave_payment_status":["not_paid"],"rank_math_analytic_object_id":["351"],"_thumbnail_id":["20041"],"_wpml_media_duplicate":["1"],"_wpml_media_featured":["1"],"fave_property_images":["20043","20041","20056","20058","20060","20062","20064","20037","20048"],"fave_single_top_area":["global"],"fave_single_content_area":["global"],"houzez_total_property_views":["797"],"houzez_views_by_date":["a:61:{s:10:\"01-29-2026\";i:3;s:10:\"01-30-2026\";i:9;s:10:\"01-31-2026\";i:2;s:10:\"02-05-2026\";i:3;s:10:\"02-07-2026\";i:1;s:10:\"02-08-2026\";i:3;s:10:\"02-09-2026\";i:2;s:10:\"02-11-2026\";i:1;s:10:\"02-12-2026\";i:3;s:10:\"02-13-2026\";i:20;s:10:\"02-15-2026\";i:2;s:10:\"02-16-2026\";i:1;s:10:\"02-17-2026\";i:2;s:10:\"02-18-2026\";i:2;s:10:\"02-19-2026\";i:3;s:10:\"02-21-2026\";i:1;s:10:\"02-23-2026\";i:1;s:10:\"02-24-2026\";i:1;s:10:\"02-25-2026\";i:2;s:10:\"02-26-2026\";i:1;s:10:\"02-27-2026\";i:3;s:10:\"02-28-2026\";i:1;s:10:\"03-01-2026\";i:2;s:10:\"03-02-2026\";i:2;s:10:\"03-03-2026\";i:1;s:10:\"03-04-2026\";i:2;s:10:\"03-06-2026\";i:2;s:10:\"03-07-2026\";i:1;s:10:\"03-08-2026\";i:2;s:10:\"03-09-2026\";i:1;s:10:\"03-10-2026\";i:2;s:10:\"03-11-2026\";i:1;s:10:\"03-12-2026\";i:3;s:10:\"03-14-2026\";i:1;s:10:\"03-16-2026\";i:1;s:10:\"03-19-2026\";i:11;s:10:\"03-20-2026\";i:2;s:10:\"03-23-2026\";i:1;s:10:\"03-25-2026\";i:1;s:10:\"03-26-2026\";i:1;s:10:\"03-30-2026\";i:3;s:10:\"03-31-2026\";i:3;s:10:\"04-04-2026\";i:2;s:10:\"04-05-2026\";i:2;s:10:\"04-07-2026\";i:1;s:10:\"04-08-2026\";i:3;s:10:\"04-09-2026\";i:1;s:10:\"04-10-2026\";i:1;s:10:\"04-11-2026\";i:1;s:10:\"04-13-2026\";i:1;s:10:\"04-14-2026\";i:2;s:10:\"04-15-2026\";i:1;s:10:\"04-18-2026\";i:1;s:10:\"04-19-2026\";i:1;s:10:\"04-20-2026\";i:3;s:10:\"04-21-2026\";i:3;s:10:\"04-22-2026\";i:1;s:10:\"04-25-2026\";i:1;s:10:\"04-27-2026\";i:1;s:10:\"04-29-2026\";i:2;s:10:\"04-30-2026\";i:1;}"],"houzez_recently_viewed":["2026-04-30 00:03:18"]},"_links":{"self":[{"href":"https:\/\/www.atlanticoprorealestate.com\/pt-pt\/wp-json\/wp\/v2\/properties\/23136","targetHints":{"allow":["GET"]}}],"collection":[{"href":"https:\/\/www.atlanticoprorealestate.com\/pt-pt\/wp-json\/wp\/v2\/properties"}],"about":[{"href":"https:\/\/www.atlanticoprorealestate.com\/pt-pt\/wp-json\/wp\/v2\/types\/property"}],"author":[{"embeddable":true,"href":"https:\/\/www.atlanticoprorealestate.com\/pt-pt\/wp-json\/wp\/v2\/users\/6"}],"version-history":[{"count":2,"href":"https:\/\/www.atlanticoprorealestate.com\/pt-pt\/wp-json\/wp\/v2\/properties\/23136\/revisions"}],"predecessor-version":[{"id":23138,"href":"https:\/\/www.atlanticoprorealestate.com\/pt-pt\/wp-json\/wp\/v2\/properties\/23136\/revisions\/23138"}],"wp:featuredmedia":[{"embeddable":true,"href":"https:\/\/www.atlanticoprorealestate.com\/pt-pt\/wp-json\/wp\/v2\/media\/20041"}],"wp:attachment":[{"href":"https:\/\/www.atlanticoprorealestate.com\/pt-pt\/wp-json\/wp\/v2\/media?parent=23136"}],"wp:term":[{"taxonomy":"property_type","embeddable":true,"href":"https:\/\/www.atlanticoprorealestate.com\/pt-pt\/wp-json\/wp\/v2\/property_type?post=23136"},{"taxonomy":"property_status","embeddable":true,"href":"https:\/\/www.atlanticoprorealestate.com\/pt-pt\/wp-json\/wp\/v2\/property_status?post=23136"},{"taxonomy":"property_feature","embeddable":true,"href":"https:\/\/www.atlanticoprorealestate.com\/pt-pt\/wp-json\/wp\/v2\/property_feature?post=23136"},{"taxonomy":"property_label","embeddable":true,"href":"https:\/\/www.atlanticoprorealestate.com\/pt-pt\/wp-json\/wp\/v2\/property_label?post=23136"},{"taxonomy":"property_country","embeddable":true,"href":"https:\/\/www.atlanticoprorealestate.com\/pt-pt\/wp-json\/wp\/v2\/property_country?post=23136"},{"taxonomy":"property_state","embeddable":true,"href":"https:\/\/www.atlanticoprorealestate.com\/pt-pt\/wp-json\/wp\/v2\/property_state?post=23136"},{"taxonomy":"property_city","embeddable":true,"href":"https:\/\/www.atlanticoprorealestate.com\/pt-pt\/wp-json\/wp\/v2\/property_city?post=23136"},{"taxonomy":"property_area","embeddable":true,"href":"https:\/\/www.atlanticoprorealestate.com\/pt-pt\/wp-json\/wp\/v2\/property_area?post=23136"}],"curies":[{"name":"wp","href":"https:\/\/api.w.org\/{rel}","templated":true}]}}

<p>Três moradias únicas na freguesia do Estreito de Câmara de Lobos de tipologia T3, com arquitetura contemporânea, inseridas num condomínio fechado, com áreas muito generosas, localização privilegiada e com excelente qualidade de acabamentos, onde destacamos os quartos de dormir, todos virados a nascente, bem como as garagens com grande área.</p>
<p>Com ampla vista definitiva para a cidade do Funchal e sobre as vinhas características desta freguesia, estas moradias de luxo possuem uma incrível iluminação natural, arquitetura moderna, amplas áreas inseridas e proximidade a todo o tipo de serviços e áreas comerciais, tais como centro de saúde, consultórios médicos, farmácias, escola primária e 2º e 3º ciclos, bancos, hiper e supermercados, restaurantes, mercado municipal, igreja, centro cultural, floristas, lojas de ferragens e etc&#8230;</p>
<p>Localizadas numa das principais ruas do Estreito de Câmara de Lobos e de fácil acesso aos dois nós da via rápida, estas moradias dar-lhe-ão o conforto de viver numa zona residencial tranquila, para o seu bem-estar e conforto.</p>
<p>Faça já a sua reserva e beneficie de excelentes condições de compra.</p>
<p>É a moradia ideal para a sua família! Tratamos de todo o processo, incluindo para o Crédito Bancário.</p>
<p>Conte com a nossa ajuda e profissionalismo.</p>
<p>Na Keller Williams temos negócios partilhados com todos os consultores ou agências imobiliárias.</p>
<p>Se é um profissional do ramo e tem um cliente comprador, contacte-me e agende a sua visita.</p>
<p><em><strong>***Juntos </strong><strong>fazemos mais pelos nossos clientes***</strong></em></p>



<p>&nbsp;</p>

<p>Três moradias únicas na freguesia do Estreito de Câmara de Lobos de tipologia T3, com arquitetura contemporânea, inseridas num condomínio fechado, com áreas muito generosas, localização privilegiada e com excelente qualidade de acabamentos, onde destacamos os quartos de dormir, todos virados a nascente, bem como as garagens com grande área. Com ampla vista definitiva para [&hellip;]</p>
