{"id":27148,"date":"2025-12-07T09:09:59","date_gmt":"2025-12-07T09:09:59","guid":{"rendered":"https:\/\/www.atlanticoprorealestate.com\/?post_type=property&#038;p=27148"},"modified":"2026-04-21T08:57:51","modified_gmt":"2026-04-21T08:57:51","slug":"apartamento-t3-residence-center-park","status":"publish","type":"property","link":"https:\/\/www.atlanticoprorealestate.com\/pt-pt\/propriedades\/apartamento-t3-residence-center-park\/","title":{"rendered":"Apartamento T3 &#8211; Residence Center Park"},"content":{"rendered":"<div class=\"row\">\n<div class=\"form-group\">Apresentamos este elegante apartamento T3 no prestigiado Residence Center Park, localizado no cora\u00e7\u00e3o do Funchal, na Rua 5 de Outubro. Uma combina\u00e7\u00e3o perfeita de conforto, funcionalidade e localiza\u00e7\u00e3o premium.<\/div>\n<\/div>\n<div class=\"row\">\n<div class=\"form-group\">\n<div class=\"col-md-10 form-control-static displayEmoji\">Destaques do im\u00f3vel:<br \/>\n\u00c1rea \u00fatil: 174,40 m\u00b2 | \u00c1rea bruta: 211,40 m\u00b2<br \/>\n2.\u00ba andar, luminoso e com excelente exposi\u00e7\u00e3o solar<br \/>\nVaranda com vista mar<br \/>\nPiso em madeira que confere sofistica\u00e7\u00e3o e conforto<br \/>\nEspa\u00e7os e funcionalidade:<br \/>\nSala ampla de estar e jantar, ideal para momentos em fam\u00edlia ou com amigos<br \/>\nCozinha moderna com zona de lavandaria separada, aumentando a praticidade do dia a dia<br \/>\n3 quartos espa\u00e7osos, incluindo uma su\u00edte, todos com arm\u00e1rios embutidos<br \/>\n2 casas de banho: uma com banheira e outra com base de duche<br \/>\nConforto e sustentabilidade:<br \/>\nPr\u00e9-instala\u00e7\u00e3o de ar condicionado<br \/>\nAquecimento solar<br \/>\n2 pain\u00e9is solares dedicados \u00e0 fra\u00e7\u00e3o<br \/>\nExcelente isolamento t\u00e9rmico e ac\u00fastico<br \/>\nExtras e conveni\u00eancias:<br \/>\nGaragem com 2 lugares de estacionamento + arrecada\u00e7\u00e3o<br \/>\nPlataforma panor\u00e2mica do edif\u00edcio\u2014 um dos melhores pontos da ilha para assistir ao fogo de artif\u00edcio<br \/>\nCondom\u00ednio seguro com elevador, seguran\u00e7a 24 Horas<br \/>\nViver aqui significa estar no centro do Funchal, pr\u00f3ximo de com\u00e9rcio, servi\u00e7os, escolas e zonas de lazer, sem abrir m\u00e3o da privacidade, conforto e estilo. Este apartamento \u00e9 perfeito para quem valoriza qualidade de vida, funcionalidade e uma localiza\u00e7\u00e3o de excel\u00eancia.<\/div>\n<\/div>\n<\/div>\n","protected":false},"excerpt":{"rendered":"<p>Apresentamos este elegante apartamento T3 no prestigiado Residence Center Park, localizado no cora\u00e7\u00e3o do Funchal, na Rua 5 de Outubro. Uma combina\u00e7\u00e3o perfeita de conforto, funcionalidade e localiza\u00e7\u00e3o premium. Destaques do im\u00f3vel: \u00c1rea \u00fatil: 174,40 m\u00b2 | \u00c1rea bruta: 211,40 m\u00b2 2.\u00ba andar, luminoso e com excelente exposi\u00e7\u00e3o solar Varanda com vista mar Piso em [&hellip;]<\/p>\n","protected":false},"author":9,"featured_media":30088,"parent":0,"menu_order":0,"template":"","property_type":[134],"property_status":[402],"property_feature":[276],"property_label":[446],"property_country":[390],"property_state":[341],"property_city":[403],"property_area":[604],"class_list":["post-27148","property","type-property","status-publish","has-post-thumbnail","hentry","property_type-apartamentos","property_status-para-venda","property_feature-garagem","property_label-5-de-outubro-pt-pt","property_country-portugal-pt","property_state-ilha-da-madeira","property_city-funchal-pt","property_area-sao-pedro-pt-pt"],"property_meta":{"_wpml_word_count":["{\"total\":260,\"to_translate\":{\"en\":260}}"],"_edit_lock":["1776761749:9"],"_edit_last":["9"],"_alp_processed":["1776761871"],"rank_math_internal_links_processed":["1"],"rank_math_seo_score":["9"],"rank_math_contentai_score":["a:5:{s:8:\"keywords\";s:5:\"74.51\";s:9:\"wordCount\";s:1:\"0\";s:9:\"linkCount\";s:1:\"0\";s:12:\"headingCount\";s:1:\"0\";s:10:\"mediaCount\";s:1:\"0\";}"],"fave_property_map":["1"],"fave_property_map_address":["Rua 5 de Outubro, S\u00e3o Pedro, Funchal, Madeira, 9000-216, Portugal"],"fave_property_location":["32.653944,-16.9131765,16"],"houzez_geolocation_lat":["32.653944"],"houzez_geolocation_long":["-16.9131765"],"fave_property_map_street_view":["hide"],"fave_property_address":["Rua 5 de Outubro"],"fave_property_zip":["9000-216"],"fave_featured":["0"],"fave_loggedintoview":["0"],"fave_video_url":["https:\/\/youtu.be\/_4fJbNOEE_s"],"fave_agent_display_option":["agent_info"],"fave_agents":["26775"],"fave_prop_homeslider":["no"],"fave_single_top_area":["global"],"fave_single_content_area":["global"],"additional_features":["a:1:{i:0;a:1:{s:29:\"fave_additional_feature_title\";s:11:\"KWPT-023471\";}}"],"rank_math_primary_property_type":["0"],"rank_math_primary_property_status":["0"],"rank_math_primary_property_feature":["0"],"rank_math_primary_property_label":["0"],"rank_math_primary_property_country":["0"],"rank_math_primary_property_state":["0"],"rank_math_primary_property_city":["0"],"rank_math_primary_property_area":["0"],"houzez_manual_expire":["0"],"_houzez_expiration_date_status":["saved"],"fave_payment_status":["not_paid"],"_wpml_media_duplicate":["1"],"_wpml_media_featured":["1"],"fave_property_size":["211,40"],"fave_property_bedrooms":["3"],"fave_property_bathrooms":["3"],"fave_property_garage_size":["1"],"fave_property_id":["KWPT-023471"],"_thumbnail_id":["30088"],"rank_math_analytic_object_id":["826"],"houzez_total_property_views":["200"],"houzez_views_by_date":["a:61:{s:10:\"01-20-2026\";i:2;s:10:\"01-23-2026\";i:3;s:10:\"01-24-2026\";i:4;s:10:\"01-25-2026\";i:3;s:10:\"01-26-2026\";i:2;s:10:\"01-27-2026\";i:2;s:10:\"01-28-2026\";i:1;s:10:\"01-29-2026\";i:2;s:10:\"01-30-2026\";i:2;s:10:\"01-31-2026\";i:2;s:10:\"02-01-2026\";i:4;s:10:\"02-02-2026\";i:1;s:10:\"02-03-2026\";i:5;s:10:\"02-04-2026\";i:2;s:10:\"02-05-2026\";i:1;s:10:\"02-06-2026\";i:1;s:10:\"02-07-2026\";i:1;s:10:\"02-08-2026\";i:1;s:10:\"02-10-2026\";i:3;s:10:\"02-11-2026\";i:1;s:10:\"02-12-2026\";i:1;s:10:\"02-13-2026\";i:2;s:10:\"02-17-2026\";i:1;s:10:\"02-18-2026\";i:1;s:10:\"02-19-2026\";i:1;s:10:\"02-23-2026\";i:1;s:10:\"03-01-2026\";i:2;s:10:\"03-02-2026\";i:2;s:10:\"03-06-2026\";i:2;s:10:\"03-07-2026\";i:3;s:10:\"03-09-2026\";i:4;s:10:\"03-11-2026\";i:2;s:10:\"03-14-2026\";i:2;s:10:\"03-17-2026\";i:1;s:10:\"03-19-2026\";i:1;s:10:\"03-20-2026\";i:1;s:10:\"03-22-2026\";i:1;s:10:\"03-23-2026\";i:3;s:10:\"03-24-2026\";i:1;s:10:\"03-26-2026\";i:5;s:10:\"03-27-2026\";i:1;s:10:\"03-28-2026\";i:1;s:10:\"03-30-2026\";i:3;s:10:\"03-31-2026\";i:2;s:10:\"04-01-2026\";i:3;s:10:\"04-02-2026\";i:2;s:10:\"04-03-2026\";i:1;s:10:\"04-04-2026\";i:1;s:10:\"04-05-2026\";i:2;s:10:\"04-08-2026\";i:1;s:10:\"04-09-2026\";i:2;s:10:\"04-10-2026\";i:1;s:10:\"04-11-2026\";i:2;s:10:\"04-14-2026\";i:1;s:10:\"04-15-2026\";i:2;s:10:\"04-16-2026\";i:1;s:10:\"04-17-2026\";i:1;s:10:\"04-20-2026\";i:1;s:10:\"04-22-2026\";i:2;s:10:\"04-25-2026\";i:1;s:10:\"04-27-2026\";i:6;}"],"houzez_recently_viewed":["2026-04-27 17:33:01"],"fave_property_price":["595000"],"fave_property_images":["30782","30784","30786","30788","30790","30792","30794","30796","30798","30800","30802","30804","30806","30808","30810","30812","30814","30816","30818","30820","30822","30824","30826","30828","30832","30830","30834","30836","30838","30840","30842","30844","30846","30848","30850","30852","30854","30856","30858","30860"]},"_links":{"self":[{"href":"https:\/\/www.atlanticoprorealestate.com\/pt-pt\/wp-json\/wp\/v2\/properties\/27148","targetHints":{"allow":["GET"]}}],"collection":[{"href":"https:\/\/www.atlanticoprorealestate.com\/pt-pt\/wp-json\/wp\/v2\/properties"}],"about":[{"href":"https:\/\/www.atlanticoprorealestate.com\/pt-pt\/wp-json\/wp\/v2\/types\/property"}],"author":[{"embeddable":true,"href":"https:\/\/www.atlanticoprorealestate.com\/pt-pt\/wp-json\/wp\/v2\/users\/9"}],"version-history":[{"count":3,"href":"https:\/\/www.atlanticoprorealestate.com\/pt-pt\/wp-json\/wp\/v2\/properties\/27148\/revisions"}],"predecessor-version":[{"id":27268,"href":"https:\/\/www.atlanticoprorealestate.com\/pt-pt\/wp-json\/wp\/v2\/properties\/27148\/revisions\/27268"}],"wp:featuredmedia":[{"embeddable":true,"href":"https:\/\/www.atlanticoprorealestate.com\/pt-pt\/wp-json\/wp\/v2\/media\/30088"}],"wp:attachment":[{"href":"https:\/\/www.atlanticoprorealestate.com\/pt-pt\/wp-json\/wp\/v2\/media?parent=27148"}],"wp:term":[{"taxonomy":"property_type","embeddable":true,"href":"https:\/\/www.atlanticoprorealestate.com\/pt-pt\/wp-json\/wp\/v2\/property_type?post=27148"},{"taxonomy":"property_status","embeddable":true,"href":"https:\/\/www.atlanticoprorealestate.com\/pt-pt\/wp-json\/wp\/v2\/property_status?post=27148"},{"taxonomy":"property_feature","embeddable":true,"href":"https:\/\/www.atlanticoprorealestate.com\/pt-pt\/wp-json\/wp\/v2\/property_feature?post=27148"},{"taxonomy":"property_label","embeddable":true,"href":"https:\/\/www.atlanticoprorealestate.com\/pt-pt\/wp-json\/wp\/v2\/property_label?post=27148"},{"taxonomy":"property_country","embeddable":true,"href":"https:\/\/www.atlanticoprorealestate.com\/pt-pt\/wp-json\/wp\/v2\/property_country?post=27148"},{"taxonomy":"property_state","embeddable":true,"href":"https:\/\/www.atlanticoprorealestate.com\/pt-pt\/wp-json\/wp\/v2\/property_state?post=27148"},{"taxonomy":"property_city","embeddable":true,"href":"https:\/\/www.atlanticoprorealestate.com\/pt-pt\/wp-json\/wp\/v2\/property_city?post=27148"},{"taxonomy":"property_area","embeddable":true,"href":"https:\/\/www.atlanticoprorealestate.com\/pt-pt\/wp-json\/wp\/v2\/property_area?post=27148"}],"curies":[{"name":"wp","href":"https:\/\/api.w.org\/{rel}","templated":true}]}}

<div class="row">
<div class="form-group">Apresentamos este elegante apartamento T3 no prestigiado Residence Center Park, localizado no coração do Funchal, na Rua 5 de Outubro. Uma combinação perfeita de conforto, funcionalidade e localização premium.</div>
</div>
<div class="row">
<div class="form-group">
<div class="col-md-10 form-control-static displayEmoji">Destaques do imóvel:<br />
Área útil: 174,40 m² | Área bruta: 211,40 m²<br />
2.º andar, luminoso e com excelente exposição solar<br />
Varanda com vista mar<br />
Piso em madeira que confere sofisticação e conforto<br />
Espaços e funcionalidade:<br />
Sala ampla de estar e jantar, ideal para momentos em família ou com amigos<br />
Cozinha moderna com zona de lavandaria separada, aumentando a praticidade do dia a dia<br />
3 quartos espaçosos, incluindo uma suíte, todos com armários embutidos<br />
2 casas de banho: uma com banheira e outra com base de duche<br />
Conforto e sustentabilidade:<br />
Pré-instalação de ar condicionado<br />
Aquecimento solar<br />
2 painéis solares dedicados à fração<br />
Excelente isolamento térmico e acústico<br />
Extras e conveniências:<br />
Garagem com 2 lugares de estacionamento + arrecadação<br />
Plataforma panorâmica do edifício— um dos melhores pontos da ilha para assistir ao fogo de artifício<br />
Condomínio seguro com elevador, segurança 24 Horas<br />
Viver aqui significa estar no centro do Funchal, próximo de comércio, serviços, escolas e zonas de lazer, sem abrir mão da privacidade, conforto e estilo. Este apartamento é perfeito para quem valoriza qualidade de vida, funcionalidade e uma localização de excelência.</div>
</div>
</div>

<p>Apresentamos este elegante apartamento T3 no prestigiado Residence Center Park, localizado no coração do Funchal, na Rua 5 de Outubro. Uma combinação perfeita de conforto, funcionalidade e localização premium. Destaques do imóvel: Área útil: 174,40 m² | Área bruta: 211,40 m² 2.º andar, luminoso e com excelente exposição solar Varanda com vista mar Piso em [&hellip;]</p>

Rua 5 de Outubro, São Pedro, Funchal, Madeira, 9000-216, Portugal
