{"id":27365,"date":"2025-12-11T19:25:40","date_gmt":"2025-12-11T19:25:40","guid":{"rendered":"https:\/\/www.atlanticoprorealestate.com\/?post_type=property&#038;p=27365"},"modified":"2025-12-12T10:53:53","modified_gmt":"2025-12-12T10:53:53","slug":"garagem-com-1016m%c2%b2-utilizada-para-servicos-mina-dagua","status":"publish","type":"property","link":"https:\/\/www.atlanticoprorealestate.com\/pt-pt\/propriedades\/garagem-com-1016m%c2%b2-utilizada-para-servicos-mina-dagua\/","title":{"rendered":"Garagem com 1016m\u00b2 utilizada para servi\u00e7os | Mina D&#8217;\u00c1gua"},"content":{"rendered":"<p>Apresentamos esta ampla garagem com 1016m\u00b2 de \u00e1rea bruta, situado em Mina D&#8217;\u00c1gua, ao longo dos anos utilizada para fins comerciais, ideal para instala\u00e7\u00e3o de um stand autom\u00f3vel, supermercado, armaz\u00e9m log\u00edstico ou outras atividades comerciais ou industriais.<br \/>\nCaracter\u00edsticas principais:<br \/>\n\u00c1rea total: 1016m\u00b2<br \/>\nLayout funcional com diversos espa\u00e7os amplos e zonas distintas para diferentes finalidades<br \/>\nInstala\u00e7\u00f5es sanit\u00e1rias adaptadas, modernas e acess\u00edveis a pessoas com mobilidade reduzida<br \/>\nZona de rece\u00e7\u00e3o\/escrit\u00f3rio com piso flutuante, ilumina\u00e7\u00e3o embutida e espa\u00e7o para atendimento ao p\u00fablico<br \/>\n\u00c1reas t\u00e9cnicas e de arrumos bem definidas<br \/>\nAcesso direto pela rua com port\u00e3o met\u00e1lico e rampa de acesso<br \/>\nZona exterior com estacionamento privativo<br \/>\nPotencial:<br \/>\nEste espa\u00e7o encontra-se parcialmente equipado como gin\u00e1sio, com m\u00e1quinas de treino, halteres, passadeiras, estruturas de muscula\u00e7\u00e3o e outros equipamentos inclu\u00eddos. Anteriormente j\u00e1 foi um stand autom\u00f3vel e uma oficina, servindo perfeitamente para esse fim. A disposi\u00e7\u00e3o permite ainda f\u00e1cil adapta\u00e7\u00e3o a outros fins comerciais ou industriais.<br \/>\nLocaliza\u00e7\u00e3o:<br \/>\nInserido numa zona residencial consolidada, de f\u00e1cil acesso rodovi\u00e1rio e com estacionamento \u00e0 porta, este armaz\u00e9m beneficia de boa exposi\u00e7\u00e3o solar e janelas amplas que permitem a entrada de luz natural.<br \/>\nSe pretende investir num espa\u00e7o vers\u00e1til e com grande potencial de valoriza\u00e7\u00e3o, esta pode ser a oportunidade ideal.<br \/>\nTratamos de todo o processo, inclusive para o Cr\u00e9dito Banc\u00e1rio. Conte com a nossa ajuda e profissionalismo.<\/p>\n<p>Na Keller Williams partilhamos neg\u00f3cios com todos os consultores ou ag\u00eancias imobili\u00e1rias. Se \u00e9 profissional do sector e tem um cliente comprador, contacte-me e agende a sua visita.<\/p>\n<p>***Juntos fazemos mais pelos nossos clientes***<\/p>\n","protected":false},"excerpt":{"rendered":"<p>Apresentamos esta ampla garagem com 1016m\u00b2 de \u00e1rea bruta, situado em Mina D&#8217;\u00c1gua, ao longo dos anos utilizada para fins comerciais, ideal para instala\u00e7\u00e3o de um stand autom\u00f3vel, supermercado, armaz\u00e9m log\u00edstico ou outras atividades comerciais ou industriais. Caracter\u00edsticas principais: \u00c1rea total: 1016m\u00b2 Layout funcional com diversos espa\u00e7os amplos e zonas distintas para diferentes finalidades Instala\u00e7\u00f5es [&hellip;]<\/p>\n","protected":false},"author":9,"featured_media":27358,"parent":0,"menu_order":0,"template":"","property_type":[417],"property_status":[402],"property_feature":[276],"property_label":[660],"property_country":[390],"property_state":[533],"property_city":[661],"property_area":[662],"class_list":["post-27365","property","type-property","status-publish","has-post-thumbnail","hentry","property_type-comercio","property_status-para-venda","property_feature-garagem","property_label-amadora","property_country-portugal-pt","property_state-distrito-lisboa","property_city-oeiras-2","property_area-mina-dagua"],"property_meta":{"_wpml_word_count":["{\"total\":288,\"to_translate\":{\"en\":288}}"],"_edit_lock":["1765536692:9"],"_edit_last":["9"],"_alp_processed":["1765536833"],"rank_math_internal_links_processed":["1"],"rank_math_seo_score":["9"],"rank_math_contentai_score":["a:5:{s:8:\"keywords\";s:5:\"74.51\";s:9:\"wordCount\";s:1:\"0\";s:9:\"linkCount\";s:1:\"0\";s:12:\"headingCount\";s:1:\"0\";s:10:\"mediaCount\";s:1:\"0\";}"],"_thumbnail_id":["27358"],"fave_property_price":["990000\u20ac"],"fave_property_land":["1.016"],"fave_property_id":["KWPT-024566"],"fave_property_map":["1"],"fave_property_location":["25.68654,-80.431345,15"],"houzez_geolocation_lat":["25.68654"],"houzez_geolocation_long":["-80.431345"],"fave_property_map_street_view":["hide"],"fave_featured":["0"],"fave_loggedintoview":["0"],"fave_agent_display_option":["agent_info"],"fave_agents":["27369"],"fave_prop_homeslider":["no"],"fave_single_top_area":["global"],"fave_single_content_area":["global"],"rank_math_primary_property_type":["0"],"rank_math_primary_property_status":["0"],"rank_math_primary_property_feature":["0"],"rank_math_primary_property_label":["0"],"rank_math_primary_property_country":["0"],"rank_math_primary_property_state":["0"],"rank_math_primary_property_city":["0"],"rank_math_primary_property_area":["0"],"houzez_manual_expire":["0"],"_houzez_expiration_date_status":["saved"],"fave_payment_status":["not_paid"],"rank_math_analytic_object_id":["831"],"_wpml_media_duplicate":["1"],"_wpml_media_featured":["1"],"houzez_total_property_views":["197"],"houzez_views_by_date":["a:61:{s:10:\"01-19-2026\";i:1;s:10:\"01-20-2026\";i:2;s:10:\"01-21-2026\";i:1;s:10:\"01-22-2026\";i:2;s:10:\"01-23-2026\";i:3;s:10:\"01-24-2026\";i:3;s:10:\"01-26-2026\";i:2;s:10:\"01-29-2026\";i:1;s:10:\"01-30-2026\";i:2;s:10:\"01-31-2026\";i:3;s:10:\"02-01-2026\";i:2;s:10:\"02-02-2026\";i:1;s:10:\"02-03-2026\";i:1;s:10:\"02-04-2026\";i:1;s:10:\"02-05-2026\";i:2;s:10:\"02-11-2026\";i:2;s:10:\"02-15-2026\";i:1;s:10:\"02-17-2026\";i:2;s:10:\"02-18-2026\";i:2;s:10:\"02-20-2026\";i:1;s:10:\"02-21-2026\";i:1;s:10:\"02-22-2026\";i:1;s:10:\"02-23-2026\";i:4;s:10:\"02-26-2026\";i:1;s:10:\"02-27-2026\";i:1;s:10:\"02-28-2026\";i:2;s:10:\"03-01-2026\";i:1;s:10:\"03-02-2026\";i:3;s:10:\"03-03-2026\";i:1;s:10:\"03-04-2026\";i:1;s:10:\"03-06-2026\";i:2;s:10:\"03-07-2026\";i:1;s:10:\"03-08-2026\";i:2;s:10:\"03-09-2026\";i:1;s:10:\"03-14-2026\";i:3;s:10:\"03-15-2026\";i:4;s:10:\"03-16-2026\";i:1;s:10:\"03-20-2026\";i:2;s:10:\"03-21-2026\";i:1;s:10:\"03-24-2026\";i:1;s:10:\"03-25-2026\";i:1;s:10:\"03-26-2026\";i:3;s:10:\"03-28-2026\";i:2;s:10:\"03-29-2026\";i:1;s:10:\"03-31-2026\";i:3;s:10:\"04-01-2026\";i:1;s:10:\"04-03-2026\";i:1;s:10:\"04-04-2026\";i:2;s:10:\"04-05-2026\";i:2;s:10:\"04-08-2026\";i:1;s:10:\"04-09-2026\";i:3;s:10:\"04-10-2026\";i:4;s:10:\"04-11-2026\";i:1;s:10:\"04-15-2026\";i:1;s:10:\"04-16-2026\";i:2;s:10:\"04-17-2026\";i:2;s:10:\"04-21-2026\";i:1;s:10:\"04-22-2026\";i:1;s:10:\"04-24-2026\";i:3;s:10:\"04-25-2026\";i:3;s:10:\"04-26-2026\";i:3;}"],"houzez_recently_viewed":["2026-04-26 19:58:36"],"fave_property_images":["27358","27336","27342","27328","27326","27352","27350","27348","27346","27344","27340","27338","27334","27332","27330","27324","27322","27320","27318","27316","27314","27312","27310","27308","27306","27304","27302","27360","27356","27354"]},"_links":{"self":[{"href":"https:\/\/www.atlanticoprorealestate.com\/pt-pt\/wp-json\/wp\/v2\/properties\/27365","targetHints":{"allow":["GET"]}}],"collection":[{"href":"https:\/\/www.atlanticoprorealestate.com\/pt-pt\/wp-json\/wp\/v2\/properties"}],"about":[{"href":"https:\/\/www.atlanticoprorealestate.com\/pt-pt\/wp-json\/wp\/v2\/types\/property"}],"author":[{"embeddable":true,"href":"https:\/\/www.atlanticoprorealestate.com\/pt-pt\/wp-json\/wp\/v2\/users\/9"}],"version-history":[{"count":1,"href":"https:\/\/www.atlanticoprorealestate.com\/pt-pt\/wp-json\/wp\/v2\/properties\/27365\/revisions"}],"predecessor-version":[{"id":27366,"href":"https:\/\/www.atlanticoprorealestate.com\/pt-pt\/wp-json\/wp\/v2\/properties\/27365\/revisions\/27366"}],"wp:featuredmedia":[{"embeddable":true,"href":"https:\/\/www.atlanticoprorealestate.com\/pt-pt\/wp-json\/wp\/v2\/media\/27358"}],"wp:attachment":[{"href":"https:\/\/www.atlanticoprorealestate.com\/pt-pt\/wp-json\/wp\/v2\/media?parent=27365"}],"wp:term":[{"taxonomy":"property_type","embeddable":true,"href":"https:\/\/www.atlanticoprorealestate.com\/pt-pt\/wp-json\/wp\/v2\/property_type?post=27365"},{"taxonomy":"property_status","embeddable":true,"href":"https:\/\/www.atlanticoprorealestate.com\/pt-pt\/wp-json\/wp\/v2\/property_status?post=27365"},{"taxonomy":"property_feature","embeddable":true,"href":"https:\/\/www.atlanticoprorealestate.com\/pt-pt\/wp-json\/wp\/v2\/property_feature?post=27365"},{"taxonomy":"property_label","embeddable":true,"href":"https:\/\/www.atlanticoprorealestate.com\/pt-pt\/wp-json\/wp\/v2\/property_label?post=27365"},{"taxonomy":"property_country","embeddable":true,"href":"https:\/\/www.atlanticoprorealestate.com\/pt-pt\/wp-json\/wp\/v2\/property_country?post=27365"},{"taxonomy":"property_state","embeddable":true,"href":"https:\/\/www.atlanticoprorealestate.com\/pt-pt\/wp-json\/wp\/v2\/property_state?post=27365"},{"taxonomy":"property_city","embeddable":true,"href":"https:\/\/www.atlanticoprorealestate.com\/pt-pt\/wp-json\/wp\/v2\/property_city?post=27365"},{"taxonomy":"property_area","embeddable":true,"href":"https:\/\/www.atlanticoprorealestate.com\/pt-pt\/wp-json\/wp\/v2\/property_area?post=27365"}],"curies":[{"name":"wp","href":"https:\/\/api.w.org\/{rel}","templated":true}]}}

Garagem com 1016m² utilizada para serviços | Mina D&#8217;Água

<p>Apresentamos esta ampla garagem com 1016m² de área bruta, situado em Mina D&#8217;Água, ao longo dos anos utilizada para fins comerciais, ideal para instalação de um stand automóvel, supermercado, armazém logístico ou outras atividades comerciais ou industriais.<br />
Características principais:<br />
Área total: 1016m²<br />
Layout funcional com diversos espaços amplos e zonas distintas para diferentes finalidades<br />
Instalações sanitárias adaptadas, modernas e acessíveis a pessoas com mobilidade reduzida<br />
Zona de receção/escritório com piso flutuante, iluminação embutida e espaço para atendimento ao público<br />
Áreas técnicas e de arrumos bem definidas<br />
Acesso direto pela rua com portão metálico e rampa de acesso<br />
Zona exterior com estacionamento privativo<br />
Potencial:<br />
Este espaço encontra-se parcialmente equipado como ginásio, com máquinas de treino, halteres, passadeiras, estruturas de musculação e outros equipamentos incluídos. Anteriormente já foi um stand automóvel e uma oficina, servindo perfeitamente para esse fim. A disposição permite ainda fácil adaptação a outros fins comerciais ou industriais.<br />
Localização:<br />
Inserido numa zona residencial consolidada, de fácil acesso rodoviário e com estacionamento à porta, este armazém beneficia de boa exposição solar e janelas amplas que permitem a entrada de luz natural.<br />
Se pretende investir num espaço versátil e com grande potencial de valorização, esta pode ser a oportunidade ideal.<br />
Tratamos de todo o processo, inclusive para o Crédito Bancário. Conte com a nossa ajuda e profissionalismo.</p>
<p>Na Keller Williams partilhamos negócios com todos os consultores ou agências imobiliárias. Se é profissional do sector e tem um cliente comprador, contacte-me e agende a sua visita.</p>
<p>***Juntos fazemos mais pelos nossos clientes***</p>

<p>Apresentamos esta ampla garagem com 1016m² de área bruta, situado em Mina D&#8217;Água, ao longo dos anos utilizada para fins comerciais, ideal para instalação de um stand automóvel, supermercado, armazém logístico ou outras atividades comerciais ou industriais. Características principais: Área total: 1016m² Layout funcional com diversos espaços amplos e zonas distintas para diferentes finalidades Instalações [&hellip;]</p>
