{"id":28090,"date":"2025-12-18T12:52:18","date_gmt":"2025-12-18T12:52:18","guid":{"rendered":"https:\/\/www.atlanticoprorealestate.com\/?post_type=property&#038;p=28090"},"modified":"2025-12-19T17:36:03","modified_gmt":"2025-12-19T17:36:03","slug":"moradia-t3-com-piscina-no-garajau","status":"publish","type":"property","link":"https:\/\/www.atlanticoprorealestate.com\/pt-pt\/propriedades\/moradia-t3-com-piscina-no-garajau\/","title":{"rendered":"Moradia T3 com piscina no Garajau"},"content":{"rendered":"<p>Esta moradia T3 com \u00e1reas generosas e um grande espa\u00e7o exterior, privilegia a luz natural bem como a privacidade e sossego.<\/p>\n<p>R\/C \u2013 hall de entrada em m\u00e1rmore, com acesso direto a uma ampla e fant\u00e1stica sala comum, agrad\u00e1vel sala de jantar, WC, cozinha espa\u00e7osa totalmente mobilada. No mesmo andar, h\u00e1 uma separa\u00e7\u00e3o entre a parte social e a parte residencial, dando grande conforto \u00e0 casa. Aqui est\u00e3o os 3 quartos, todos com boas \u00e1reas, um deles em suite (com base de duche e lavat\u00f3rio).<\/p>\n<p>Piso superior \u2013 Escrit\u00f3rio com grande luminosidade natural em mezanino.<\/p>\n<p>No exterior encontramos um amplo e bonito jardim com \u00e1reas relvadas, bem como uma piscina, com um terra\u00e7o muito agrad\u00e1vel com vista para o mar e um jardim onde pode desfrutar de uma boa exposi\u00e7\u00e3o solar e uma vista para o mar, convidando a momentos de relaxamento e conv\u00edvio.<\/p>\n<p>Est\u00e1 situado no Garajau, a 5 minutos a p\u00e9 do Cristo Rei e da praia.<\/p>\n<p>Perto de restaurantes, farm\u00e1cia, caf\u00e9s, supermercados e outros servi\u00e7os.<\/p>\n<p>F\u00e1cil acesso \u00e0 rodovia.<\/p>\n<p>Fa\u00e7a j\u00e1 a sua reserva e beneficie de excelentes condi\u00e7\u00f5es de compra.<\/p>\n<p>\u00c9 a moradia ideal para a sua fam\u00edlia!<\/p>\n<p>Cuidamos de todo o processo, incluindo o Cr\u00e9dito Banc\u00e1rio. Conte com a nossa ajuda e profissionalismo.<\/p>\n<p>Na Keller Williams partilhamos neg\u00f3cios com todos os consultores ou agentes imobili\u00e1rios. Se voc\u00ea \u00e9 um profissional do setor e tem um cliente comprador, entre em contato comigo e agende sua visita.<\/p>\n<p>***Juntos fazemos mais pelos nossos clientes***.<\/p>\n","protected":false},"excerpt":{"rendered":"<p>Esta moradia T3 com \u00e1reas generosas e um grande espa\u00e7o exterior, privilegia a luz natural bem como a privacidade e sossego. R\/C \u2013 hall de entrada em m\u00e1rmore, com acesso direto a uma ampla e fant\u00e1stica sala comum, agrad\u00e1vel sala de jantar, WC, cozinha espa\u00e7osa totalmente mobilada. No mesmo andar, h\u00e1 uma separa\u00e7\u00e3o entre a [&hellip;]<\/p>\n","protected":false},"author":9,"featured_media":28062,"parent":0,"menu_order":0,"template":"","property_type":[419,396],"property_status":[402],"property_feature":[315],"property_label":[620],"property_country":[390],"property_state":[341],"property_city":[683],"property_area":[399,684],"class_list":["post-28090","property","type-property","status-publish","has-post-thumbnail","hentry","property_type-luxo","property_type-moradias","property_status-para-venda","property_feature-vista-mar","property_label-santa-cruz-pt-pt","property_country-portugal-pt","property_state-ilha-da-madeira","property_city-canico-2","property_area-canico-pt-pt","property_area-garajau-2"],"property_meta":{"_wpml_word_count":["{\"total\":287,\"to_translate\":{\"en\":287}}"],"_edit_lock":["1766165623:9"],"_edit_last":["9"],"_alp_processed":["1766165763"],"rank_math_internal_links_processed":["1"],"rank_math_seo_score":["12"],"rank_math_contentai_score":["a:5:{s:8:\"keywords\";s:5:\"74.51\";s:9:\"wordCount\";s:1:\"0\";s:9:\"linkCount\";s:1:\"0\";s:12:\"headingCount\";s:1:\"0\";s:10:\"mediaCount\";s:1:\"0\";}"],"_thumbnail_id":["28062"],"fave_property_price":["1000000"],"fave_property_land":["608"],"fave_property_bedrooms":["6"],"fave_property_bathrooms":["3"],"fave_property_id":["KWPT-010722"],"fave_property_map":["1"],"fave_property_map_address":["Travessa Ribeiro das Freiras"],"fave_property_location":["25.68654,-80.431345,15"],"houzez_geolocation_lat":["25.68654"],"houzez_geolocation_long":["-80.431345"],"fave_property_map_street_view":["hide"],"fave_property_address":["Travessa Ribeiro das Freiras"],"fave_property_zip":["9125-073"],"fave_featured":["0"],"fave_loggedintoview":["0"],"fave_agent_display_option":["agent_info"],"fave_agents":["21261"],"fave_prop_homeslider":["no"],"fave_single_top_area":["global"],"fave_single_content_area":["global"],"rank_math_primary_property_type":["0"],"rank_math_primary_property_status":["0"],"rank_math_primary_property_feature":["0"],"rank_math_primary_property_label":["0"],"rank_math_primary_property_country":["0"],"rank_math_primary_property_state":["0"],"rank_math_primary_property_city":["0"],"rank_math_primary_property_area":["0"],"houzez_manual_expire":["0"],"_houzez_expiration_date_status":["saved"],"fave_payment_status":["not_paid"],"rank_math_analytic_object_id":["902"],"_wpml_media_duplicate":["1"],"_wpml_media_featured":["1"],"fave_property_size":["423"],"houzez_total_property_views":["194"],"houzez_views_by_date":["a:61:{s:10:\"02-01-2026\";i:2;s:10:\"02-02-2026\";i:3;s:10:\"02-03-2026\";i:2;s:10:\"02-04-2026\";i:2;s:10:\"02-05-2026\";i:2;s:10:\"02-06-2026\";i:3;s:10:\"02-07-2026\";i:2;s:10:\"02-11-2026\";i:1;s:10:\"02-12-2026\";i:4;s:10:\"02-13-2026\";i:2;s:10:\"02-15-2026\";i:1;s:10:\"02-18-2026\";i:2;s:10:\"02-19-2026\";i:1;s:10:\"02-20-2026\";i:2;s:10:\"02-21-2026\";i:1;s:10:\"02-23-2026\";i:2;s:10:\"02-24-2026\";i:1;s:10:\"02-25-2026\";i:4;s:10:\"02-26-2026\";i:2;s:10:\"02-27-2026\";i:1;s:10:\"03-01-2026\";i:2;s:10:\"03-02-2026\";i:1;s:10:\"03-04-2026\";i:1;s:10:\"03-05-2026\";i:1;s:10:\"03-07-2026\";i:2;s:10:\"03-08-2026\";i:1;s:10:\"03-10-2026\";i:1;s:10:\"03-11-2026\";i:1;s:10:\"03-12-2026\";i:2;s:10:\"03-13-2026\";i:2;s:10:\"03-16-2026\";i:1;s:10:\"03-17-2026\";i:1;s:10:\"03-18-2026\";i:2;s:10:\"03-21-2026\";i:1;s:10:\"03-22-2026\";i:2;s:10:\"03-23-2026\";i:1;s:10:\"03-25-2026\";i:1;s:10:\"03-26-2026\";i:2;s:10:\"03-28-2026\";i:1;s:10:\"03-29-2026\";i:1;s:10:\"03-30-2026\";i:4;s:10:\"03-31-2026\";i:2;s:10:\"04-01-2026\";i:2;s:10:\"04-02-2026\";i:2;s:10:\"04-04-2026\";i:2;s:10:\"04-05-2026\";i:1;s:10:\"04-06-2026\";i:1;s:10:\"04-07-2026\";i:3;s:10:\"04-08-2026\";i:1;s:10:\"04-09-2026\";i:2;s:10:\"04-10-2026\";i:1;s:10:\"04-11-2026\";i:4;s:10:\"04-12-2026\";i:1;s:10:\"04-14-2026\";i:2;s:10:\"04-15-2026\";i:1;s:10:\"04-16-2026\";i:1;s:10:\"04-17-2026\";i:2;s:10:\"04-18-2026\";i:1;s:10:\"04-24-2026\";i:2;s:10:\"04-25-2026\";i:2;s:10:\"04-27-2026\";i:4;}"],"houzez_recently_viewed":["2026-04-27 19:20:16"],"fave_property_images":["28088","28086","28084","28082","28080","28078","28076","28074","28072","28070","28068","28066","28064","28062","28060","28058","28056","28054","28052","28050","28048","28046","28044","28042","28040","28038","28036","28034","28032","28030","28028","28026","28024","28022","28020","28018","28016","28014","28012","28010","28008","28006","28004","28002","28000","27998"]},"_links":{"self":[{"href":"https:\/\/www.atlanticoprorealestate.com\/pt-pt\/wp-json\/wp\/v2\/properties\/28090","targetHints":{"allow":["GET"]}}],"collection":[{"href":"https:\/\/www.atlanticoprorealestate.com\/pt-pt\/wp-json\/wp\/v2\/properties"}],"about":[{"href":"https:\/\/www.atlanticoprorealestate.com\/pt-pt\/wp-json\/wp\/v2\/types\/property"}],"author":[{"embeddable":true,"href":"https:\/\/www.atlanticoprorealestate.com\/pt-pt\/wp-json\/wp\/v2\/users\/9"}],"version-history":[{"count":1,"href":"https:\/\/www.atlanticoprorealestate.com\/pt-pt\/wp-json\/wp\/v2\/properties\/28090\/revisions"}],"predecessor-version":[{"id":28091,"href":"https:\/\/www.atlanticoprorealestate.com\/pt-pt\/wp-json\/wp\/v2\/properties\/28090\/revisions\/28091"}],"wp:featuredmedia":[{"embeddable":true,"href":"https:\/\/www.atlanticoprorealestate.com\/pt-pt\/wp-json\/wp\/v2\/media\/28062"}],"wp:attachment":[{"href":"https:\/\/www.atlanticoprorealestate.com\/pt-pt\/wp-json\/wp\/v2\/media?parent=28090"}],"wp:term":[{"taxonomy":"property_type","embeddable":true,"href":"https:\/\/www.atlanticoprorealestate.com\/pt-pt\/wp-json\/wp\/v2\/property_type?post=28090"},{"taxonomy":"property_status","embeddable":true,"href":"https:\/\/www.atlanticoprorealestate.com\/pt-pt\/wp-json\/wp\/v2\/property_status?post=28090"},{"taxonomy":"property_feature","embeddable":true,"href":"https:\/\/www.atlanticoprorealestate.com\/pt-pt\/wp-json\/wp\/v2\/property_feature?post=28090"},{"taxonomy":"property_label","embeddable":true,"href":"https:\/\/www.atlanticoprorealestate.com\/pt-pt\/wp-json\/wp\/v2\/property_label?post=28090"},{"taxonomy":"property_country","embeddable":true,"href":"https:\/\/www.atlanticoprorealestate.com\/pt-pt\/wp-json\/wp\/v2\/property_country?post=28090"},{"taxonomy":"property_state","embeddable":true,"href":"https:\/\/www.atlanticoprorealestate.com\/pt-pt\/wp-json\/wp\/v2\/property_state?post=28090"},{"taxonomy":"property_city","embeddable":true,"href":"https:\/\/www.atlanticoprorealestate.com\/pt-pt\/wp-json\/wp\/v2\/property_city?post=28090"},{"taxonomy":"property_area","embeddable":true,"href":"https:\/\/www.atlanticoprorealestate.com\/pt-pt\/wp-json\/wp\/v2\/property_area?post=28090"}],"curies":[{"name":"wp","href":"https:\/\/api.w.org\/{rel}","templated":true}]}}

<p>Esta moradia T3 com áreas generosas e um grande espaço exterior, privilegia a luz natural bem como a privacidade e sossego.</p>
<p>R/C – hall de entrada em mármore, com acesso direto a uma ampla e fantástica sala comum, agradável sala de jantar, WC, cozinha espaçosa totalmente mobilada. No mesmo andar, há uma separação entre a parte social e a parte residencial, dando grande conforto à casa. Aqui estão os 3 quartos, todos com boas áreas, um deles em suite (com base de duche e lavatório).</p>
<p>Piso superior – Escritório com grande luminosidade natural em mezanino.</p>
<p>No exterior encontramos um amplo e bonito jardim com áreas relvadas, bem como uma piscina, com um terraço muito agradável com vista para o mar e um jardim onde pode desfrutar de uma boa exposição solar e uma vista para o mar, convidando a momentos de relaxamento e convívio.</p>
<p>Está situado no Garajau, a 5 minutos a pé do Cristo Rei e da praia.</p>
<p>Perto de restaurantes, farmácia, cafés, supermercados e outros serviços.</p>
<p>Fácil acesso à rodovia.</p>
<p>Faça já a sua reserva e beneficie de excelentes condições de compra.</p>
<p>É a moradia ideal para a sua família!</p>
<p>Cuidamos de todo o processo, incluindo o Crédito Bancário. Conte com a nossa ajuda e profissionalismo.</p>
<p>Na Keller Williams partilhamos negócios com todos os consultores ou agentes imobiliários. Se você é um profissional do setor e tem um cliente comprador, entre em contato comigo e agende sua visita.</p>
<p>***Juntos fazemos mais pelos nossos clientes***.</p>

<p>Esta moradia T3 com áreas generosas e um grande espaço exterior, privilegia a luz natural bem como a privacidade e sossego. R/C – hall de entrada em mármore, com acesso direto a uma ampla e fantástica sala comum, agradável sala de jantar, WC, cozinha espaçosa totalmente mobilada. No mesmo andar, há uma separação entre a [&hellip;]</p>
