{"id":28171,"date":"2025-12-18T16:06:56","date_gmt":"2025-12-18T16:06:56","guid":{"rendered":"https:\/\/www.atlanticoprorealestate.com\/?post_type=property&#038;p=28171"},"modified":"2025-12-19T17:35:22","modified_gmt":"2025-12-19T17:35:22","slug":"apartamento-t1-fracao-al-4o-piso-edificio-hinton-funchal-ilha-da-madeira","status":"publish","type":"property","link":"https:\/\/www.atlanticoprorealestate.com\/pt-pt\/propriedades\/apartamento-t1-fracao-al-4o-piso-edificio-hinton-funchal-ilha-da-madeira\/","title":{"rendered":"Apartamento T1 | Fra\u00e7\u00e3o AL | 4\u00ba Piso | Edif\u00edcio HINTON | Funchal | Ilha da Madeira"},"content":{"rendered":"<p>EDIF\u00cdCIO HINTON<\/p>\n<div><\/div>\n<p>Bem-vindo ao nosso novo empreendimento no cora\u00e7\u00e3o do Funchal, onde o conforto, a comodidade e a tranquilidade se encontram num cen\u00e1rio de design irreverente e din\u00e2mico. Com uma vis\u00e3o inovadora e elegante na arquitetura, este edif\u00edcio representa um marco na paisagem urbana da cidade. Localizado a poucos passos de todos os servi\u00e7os essenciais, este empreendimento oferece a conveni\u00eancia de ter o centro da cidade ao seu alcance. Desfrute de uma variedade de restaurantes, lojas, parques e atra\u00e7\u00f5es culturais a uma curta dist\u00e2ncia, tornando-o o local ideal para quem busca a vida urbana sem abrir m\u00e3o do sossego.<\/p>\n<div><\/div>\n<p>Este pr\u00e9dio \u00e9 composto por 41 fra\u00e7\u00f5es habitacionais e 4 fra\u00e7\u00f5es comerciais.<\/p>\n<div><\/div>\n<p>As amplas \u00e1reas interiores s\u00e3o um convite \u00e0 viv\u00eancia do espa\u00e7o, proporcionando um ambiente espa\u00e7oso e arejado para os residentes. A est\u00e9tica da arquitetura e decora\u00e7\u00e3o \u00e9 minimalista e pormenorizada, combinando elementos modernos com linhas limpas e elegantes. Cada detalhe foi cuidadosamente planejado para criar um ambiente sofisticado e contempor\u00e2neo.<\/p>\n<div><\/div>\n<p>Imagine-se relaxando na sua casa, onde cada \u00e2ngulo \u00e9 uma obra de arte por si s\u00f3, criando um ambiente harmonioso que convida ao relaxamento e ao bem-estar. Os espa\u00e7os foram projetados para atender \u00e0s necessidades modernas, proporcionando funcionalidade sem sacrificar a eleg\u00e2ncia.<\/p>\n<div><\/div>\n<p>E o melhor de tudo, mesmo estando no centro do Funchal, este empreendimento oferece um o\u00e1sis de tranquilidade. Feche a porta para o mundo exterior e encontre a serenidade que voc\u00ea merece, sem abrir m\u00e3o da conveni\u00eancia que a vida urbana oferece.<\/p>\n<div><\/div>\n<p>\u00c9 o apartamento ideal para si!<\/p>\n<div><\/div>\n<p>Tratamos de todo o processo, inclusive para o Cr\u00e9dito Banc\u00e1rio. Conte com a nossa ajuda e profissionalismo.<\/p>\n<div><\/div>\n<p>Na Keller Williams partilhamos neg\u00f3cios com todos os consultores ou ag\u00eancias imobili\u00e1rias. Se \u00e9 profissional do sector e tem um cliente comprador, contacte-me e agende a sua visita.<\/p>\n<div><\/div>\n<p>***Juntos fazemos mais pelos nossos clientes***<\/p>\n<div><\/div>\n<p>Caracter\u00edsticas:<\/p>\n<div><\/div>\n<p>Caracter\u00edsticas Exteriores &#8211; Condom\u00ednio Fechado; Jardim; Parqueamento; Andar Alto;<\/p>\n<div><\/div>\n<p>Caracter\u00edsticas Interiores &#8211; Hall de entrada; Electrodom\u00e9sticos embutidos;<\/p>\n<div><\/div>\n<p>Caracter\u00edsticas Gerais &#8211; Primeiro Propriet\u00e1rio;<\/p>\n<div><\/div>\n<p>Orienta\u00e7\u00e3o &#8211; Norte;<\/p>\n<div><\/div>\n<p>Outros Equipamentos &#8211; M\u00e1quina de lavar lou\u00e7a; Micro-ondas;<\/p>\n<div><\/div>\n<p>Vistas &#8211; Vista montanha; Vista mar; Vista cidade; Vista jardim; Vista marina;<\/p>\n<div><\/div>\n<p>Outras caracter\u00edsticas &#8211; Garagem; Varanda; Suite; Acesso apropriado a pessoas com mobilidade reduzida; Elevador; Ar Condicionado;<\/p>\n","protected":false},"excerpt":{"rendered":"<p>EDIF\u00cdCIO HINTON Bem-vindo ao nosso novo empreendimento no cora\u00e7\u00e3o do Funchal, onde o conforto, a comodidade e a tranquilidade se encontram num cen\u00e1rio de design irreverente e din\u00e2mico. Com uma vis\u00e3o inovadora e elegante na arquitetura, este edif\u00edcio representa um marco na paisagem urbana da cidade. Localizado a poucos passos de todos os servi\u00e7os essenciais, [&hellip;]<\/p>\n","protected":false},"author":9,"featured_media":28169,"parent":0,"menu_order":0,"template":"","property_type":[134],"property_status":[402],"property_feature":[],"property_label":[688],"property_country":[390],"property_state":[341],"property_city":[403],"property_area":[589],"class_list":["post-28171","property","type-property","status-publish","has-post-thumbnail","hentry","property_type-apartamentos","property_status-para-venda","property_label-funchal-2","property_country-portugal-pt","property_state-ilha-da-madeira","property_city-funchal-pt","property_area-santa-luzia-pt-pt"],"property_meta":{"_wpml_word_count":["{\"total\":425,\"to_translate\":{\"en\":425}}"],"_edit_lock":["1766165581:9"],"_edit_last":["9"],"_alp_processed":["1766165722"],"rank_math_internal_links_processed":["1"],"rank_math_seo_score":["11"],"rank_math_contentai_score":["a:5:{s:8:\"keywords\";s:5:\"74.51\";s:9:\"wordCount\";s:1:\"0\";s:9:\"linkCount\";s:1:\"0\";s:12:\"headingCount\";s:1:\"0\";s:10:\"mediaCount\";s:1:\"0\";}"],"fave_property_price":["375000"],"fave_property_size":["69"],"fave_property_bedrooms":["1"],"fave_property_rooms":["2"],"fave_property_id":["KWPT-012171"],"fave_property_map":["1"],"fave_property_map_address":["Rua 31 de Janeiro, Santa Luzia, Funchal, Madeira, 9050-440, Portugal"],"fave_property_location":["32.6520379,-16.9091074,15"],"houzez_geolocation_lat":["32.6520379"],"houzez_geolocation_long":["-16.9091074"],"fave_property_map_street_view":["hide"],"fave_property_address":["Rua 31 de Janeiro"],"fave_property_zip":["9050-075"],"fave_featured":["0"],"fave_loggedintoview":["0"],"fave_video_url":["https:\/\/www.youtube.com\/watch?v=FIZEL42sWNc"],"fave_agent_display_option":["agent_info"],"fave_agents":["21275"],"fave_prop_homeslider":["no"],"fave_single_top_area":["global"],"fave_single_content_area":["global"],"rank_math_primary_property_type":["0"],"rank_math_primary_property_status":["0"],"rank_math_primary_property_feature":["0"],"rank_math_primary_property_label":["0"],"rank_math_primary_property_country":["0"],"rank_math_primary_property_state":["0"],"rank_math_primary_property_city":["0"],"rank_math_primary_property_area":["0"],"houzez_manual_expire":["0"],"_houzez_expiration_date_status":["saved"],"fave_payment_status":["not_paid"],"rank_math_analytic_object_id":["908"],"_wpml_media_duplicate":["1"],"_wpml_media_featured":["1"],"_thumbnail_id":["28169"],"houzez_total_property_views":["187"],"houzez_views_by_date":["a:61:{s:10:\"01-19-2026\";i:2;s:10:\"01-20-2026\";i:5;s:10:\"01-22-2026\";i:1;s:10:\"01-23-2026\";i:3;s:10:\"01-24-2026\";i:4;s:10:\"01-25-2026\";i:4;s:10:\"01-26-2026\";i:2;s:10:\"01-27-2026\";i:5;s:10:\"01-28-2026\";i:2;s:10:\"01-29-2026\";i:2;s:10:\"01-30-2026\";i:2;s:10:\"01-31-2026\";i:2;s:10:\"02-01-2026\";i:3;s:10:\"02-02-2026\";i:5;s:10:\"02-03-2026\";i:2;s:10:\"02-04-2026\";i:2;s:10:\"02-05-2026\";i:2;s:10:\"02-06-2026\";i:1;s:10:\"02-07-2026\";i:1;s:10:\"02-08-2026\";i:3;s:10:\"02-10-2026\";i:1;s:10:\"02-12-2026\";i:1;s:10:\"02-13-2026\";i:2;s:10:\"02-15-2026\";i:1;s:10:\"02-19-2026\";i:1;s:10:\"02-21-2026\";i:1;s:10:\"02-22-2026\";i:3;s:10:\"02-23-2026\";i:1;s:10:\"02-25-2026\";i:1;s:10:\"02-26-2026\";i:2;s:10:\"03-01-2026\";i:2;s:10:\"03-04-2026\";i:3;s:10:\"03-05-2026\";i:1;s:10:\"03-06-2026\";i:1;s:10:\"03-09-2026\";i:2;s:10:\"03-11-2026\";i:2;s:10:\"03-15-2026\";i:2;s:10:\"03-17-2026\";i:1;s:10:\"03-20-2026\";i:1;s:10:\"03-21-2026\";i:1;s:10:\"03-25-2026\";i:1;s:10:\"03-26-2026\";i:2;s:10:\"03-27-2026\";i:1;s:10:\"03-28-2026\";i:1;s:10:\"03-30-2026\";i:4;s:10:\"03-31-2026\";i:2;s:10:\"04-01-2026\";i:3;s:10:\"04-04-2026\";i:2;s:10:\"04-05-2026\";i:3;s:10:\"04-06-2026\";i:2;s:10:\"04-07-2026\";i:1;s:10:\"04-08-2026\";i:1;s:10:\"04-10-2026\";i:2;s:10:\"04-11-2026\";i:3;s:10:\"04-13-2026\";i:1;s:10:\"04-14-2026\";i:2;s:10:\"04-15-2026\";i:1;s:10:\"04-16-2026\";i:4;s:10:\"04-17-2026\";i:2;s:10:\"04-25-2026\";i:1;s:10:\"04-27-2026\";i:2;}"],"houzez_recently_viewed":["2026-04-27 15:36:31"],"fave_property_images":["28167","28159","28161","28157","28149","28151","28163","28147","28165","28169"]},"_links":{"self":[{"href":"https:\/\/www.atlanticoprorealestate.com\/pt-pt\/wp-json\/wp\/v2\/properties\/28171","targetHints":{"allow":["GET"]}}],"collection":[{"href":"https:\/\/www.atlanticoprorealestate.com\/pt-pt\/wp-json\/wp\/v2\/properties"}],"about":[{"href":"https:\/\/www.atlanticoprorealestate.com\/pt-pt\/wp-json\/wp\/v2\/types\/property"}],"author":[{"embeddable":true,"href":"https:\/\/www.atlanticoprorealestate.com\/pt-pt\/wp-json\/wp\/v2\/users\/9"}],"version-history":[{"count":2,"href":"https:\/\/www.atlanticoprorealestate.com\/pt-pt\/wp-json\/wp\/v2\/properties\/28171\/revisions"}],"predecessor-version":[{"id":28173,"href":"https:\/\/www.atlanticoprorealestate.com\/pt-pt\/wp-json\/wp\/v2\/properties\/28171\/revisions\/28173"}],"wp:featuredmedia":[{"embeddable":true,"href":"https:\/\/www.atlanticoprorealestate.com\/pt-pt\/wp-json\/wp\/v2\/media\/28169"}],"wp:attachment":[{"href":"https:\/\/www.atlanticoprorealestate.com\/pt-pt\/wp-json\/wp\/v2\/media?parent=28171"}],"wp:term":[{"taxonomy":"property_type","embeddable":true,"href":"https:\/\/www.atlanticoprorealestate.com\/pt-pt\/wp-json\/wp\/v2\/property_type?post=28171"},{"taxonomy":"property_status","embeddable":true,"href":"https:\/\/www.atlanticoprorealestate.com\/pt-pt\/wp-json\/wp\/v2\/property_status?post=28171"},{"taxonomy":"property_feature","embeddable":true,"href":"https:\/\/www.atlanticoprorealestate.com\/pt-pt\/wp-json\/wp\/v2\/property_feature?post=28171"},{"taxonomy":"property_label","embeddable":true,"href":"https:\/\/www.atlanticoprorealestate.com\/pt-pt\/wp-json\/wp\/v2\/property_label?post=28171"},{"taxonomy":"property_country","embeddable":true,"href":"https:\/\/www.atlanticoprorealestate.com\/pt-pt\/wp-json\/wp\/v2\/property_country?post=28171"},{"taxonomy":"property_state","embeddable":true,"href":"https:\/\/www.atlanticoprorealestate.com\/pt-pt\/wp-json\/wp\/v2\/property_state?post=28171"},{"taxonomy":"property_city","embeddable":true,"href":"https:\/\/www.atlanticoprorealestate.com\/pt-pt\/wp-json\/wp\/v2\/property_city?post=28171"},{"taxonomy":"property_area","embeddable":true,"href":"https:\/\/www.atlanticoprorealestate.com\/pt-pt\/wp-json\/wp\/v2\/property_area?post=28171"}],"curies":[{"name":"wp","href":"https:\/\/api.w.org\/{rel}","templated":true}]}}

Apartamento T1 | Fração AL | 4º Piso | Edifício HINTON | Funchal | Ilha da Madeira

<p>EDIFÍCIO HINTON</p>
<div></div>
<p>Bem-vindo ao nosso novo empreendimento no coração do Funchal, onde o conforto, a comodidade e a tranquilidade se encontram num cenário de design irreverente e dinâmico. Com uma visão inovadora e elegante na arquitetura, este edifício representa um marco na paisagem urbana da cidade. Localizado a poucos passos de todos os serviços essenciais, este empreendimento oferece a conveniência de ter o centro da cidade ao seu alcance. Desfrute de uma variedade de restaurantes, lojas, parques e atrações culturais a uma curta distância, tornando-o o local ideal para quem busca a vida urbana sem abrir mão do sossego.</p>
<div></div>
<p>Este prédio é composto por 41 frações habitacionais e 4 frações comerciais.</p>
<div></div>
<p>As amplas áreas interiores são um convite à vivência do espaço, proporcionando um ambiente espaçoso e arejado para os residentes. A estética da arquitetura e decoração é minimalista e pormenorizada, combinando elementos modernos com linhas limpas e elegantes. Cada detalhe foi cuidadosamente planejado para criar um ambiente sofisticado e contemporâneo.</p>
<div></div>
<p>Imagine-se relaxando na sua casa, onde cada ângulo é uma obra de arte por si só, criando um ambiente harmonioso que convida ao relaxamento e ao bem-estar. Os espaços foram projetados para atender às necessidades modernas, proporcionando funcionalidade sem sacrificar a elegância.</p>
<div></div>
<p>E o melhor de tudo, mesmo estando no centro do Funchal, este empreendimento oferece um oásis de tranquilidade. Feche a porta para o mundo exterior e encontre a serenidade que você merece, sem abrir mão da conveniência que a vida urbana oferece.</p>
<div></div>
<p>É o apartamento ideal para si!</p>
<div></div>
<p>Tratamos de todo o processo, inclusive para o Crédito Bancário. Conte com a nossa ajuda e profissionalismo.</p>
<div></div>
<p>Na Keller Williams partilhamos negócios com todos os consultores ou agências imobiliárias. Se é profissional do sector e tem um cliente comprador, contacte-me e agende a sua visita.</p>
<div></div>
<p>***Juntos fazemos mais pelos nossos clientes***</p>
<div></div>
<p>Características:</p>
<div></div>
<p>Características Exteriores &#8211; Condomínio Fechado; Jardim; Parqueamento; Andar Alto;</p>
<div></div>
<p>Características Interiores &#8211; Hall de entrada; Electrodomésticos embutidos;</p>
<div></div>
<p>Características Gerais &#8211; Primeiro Proprietário;</p>
<div></div>
<p>Orientação &#8211; Norte;</p>
<div></div>
<p>Outros Equipamentos &#8211; Máquina de lavar louça; Micro-ondas;</p>
<div></div>
<p>Vistas &#8211; Vista montanha; Vista mar; Vista cidade; Vista jardim; Vista marina;</p>
<div></div>
<p>Outras características &#8211; Garagem; Varanda; Suite; Acesso apropriado a pessoas com mobilidade reduzida; Elevador; Ar Condicionado;</p>

<p>EDIFÍCIO HINTON Bem-vindo ao nosso novo empreendimento no coração do Funchal, onde o conforto, a comodidade e a tranquilidade se encontram num cenário de design irreverente e dinâmico. Com uma visão inovadora e elegante na arquitetura, este edifício representa um marco na paisagem urbana da cidade. Localizado a poucos passos de todos os serviços essenciais, [&hellip;]</p>
