{"id":28190,"date":"2025-12-18T16:31:58","date_gmt":"2025-12-18T16:31:58","guid":{"rendered":"https:\/\/www.atlanticoprorealestate.com\/?post_type=property&#038;p=28190"},"modified":"2025-12-19T17:34:44","modified_gmt":"2025-12-19T17:34:44","slug":"moradia-t3-em-construcao-prazeres","status":"publish","type":"property","link":"https:\/\/www.atlanticoprorealestate.com\/pt-pt\/propriedades\/moradia-t3-em-construcao-prazeres\/","title":{"rendered":"Moradia T3 em Constru\u00e7\u00e3o \u2013 Prazeres"},"content":{"rendered":"<p>No S\u00edtio da Referta, na freguesia dos Prazeres, encontra-se em constru\u00e7\u00e3o esta elegante moradia t\u00e9rrea T3, pensada para oferecer conforto, funcionalidade e uma excelente qualidade de vida.<\/p>\n<p>Inserida num lote de constru\u00e7\u00e3o com 540 m2, com uma \u00e1rea de constru\u00e7\u00e3o de 170,14 m\u00b2, esta casa foi projetada para maximizar o espa\u00e7o e a luminosidade natural. A distribui\u00e7\u00e3o interior contempla um hall de entrada que conduz a uma ampla sala de estar e jantar em conceito aberto, ligada diretamente \u00e0 cozinha. A funcionalidade da casa estende-se ainda a uma lavandaria e a um corredor que conduz \u00e0s \u00e1reas mais privadas.<\/p>\n<p>Na zona privada, encontram-se dois quartos espa\u00e7osos, servidos por instala\u00e7\u00f5es sanit\u00e1rias completas, e uma su\u00edte principal com closet e casa de banho privativa. Adicionalmente, a moradia disp\u00f5e de um roupeiro para arruma\u00e7\u00e3o extra, garantindo organiza\u00e7\u00e3o e praticidade.<\/p>\n<p>O espa\u00e7o exterior, com uma \u00e1rea de 298,95 m\u00b2, convida a desfrutar do clima e da tranquilidade da zona, com um jardim envolvente, piscina privativa e um espa\u00e7o reservado para estacionamento.<\/p>\n<p>Esta moradia \u00e9 a escolha ideal para quem procura uma casa moderna, confort\u00e1vel e integrada num ambiente sereno, sem abdicar da proximidade a servi\u00e7os essenciais. Uma oportunidade \u00fanica para viver com qualidade e bem-estar.<\/p>\n<p>\u00c9 a moradia ideal para a sua fam\u00edlia!<\/p>\n<p>Tratamos de todo o processo, inclusive para o Cr\u00e9dito Banc\u00e1rio. Conte com a nossa ajuda e profissionalismo.<\/p>\n<p>Na Keller Williams partilhamos neg\u00f3cios com todos os consultores ou ag\u00eancias imobili\u00e1rias. Se \u00e9 profissional do sector e tem um cliente comprador, contacte-me e agende a sua visita.<\/p>\n<p>***Juntos fazemos mais pelos nossos clientes***<\/p>\n","protected":false},"excerpt":{"rendered":"<p>No S\u00edtio da Referta, na freguesia dos Prazeres, encontra-se em constru\u00e7\u00e3o esta elegante moradia t\u00e9rrea T3, pensada para oferecer conforto, funcionalidade e uma excelente qualidade de vida. Inserida num lote de constru\u00e7\u00e3o com 540 m2, com uma \u00e1rea de constru\u00e7\u00e3o de 170,14 m\u00b2, esta casa foi projetada para maximizar o espa\u00e7o e a luminosidade natural. [&hellip;]<\/p>\n","protected":false},"author":9,"featured_media":28188,"parent":0,"menu_order":0,"template":"","property_type":[419,396],"property_status":[402],"property_feature":[315],"property_label":[],"property_country":[390],"property_state":[341],"property_city":[449],"property_area":[584],"class_list":["post-28190","property","type-property","status-publish","has-post-thumbnail","hentry","property_type-luxo","property_type-moradias","property_status-para-venda","property_feature-vista-mar","property_country-portugal-pt","property_state-ilha-da-madeira","property_city-calheta-pt-pt","property_area-prazeres-pt-pt"],"property_meta":{"_wpml_word_count":["{\"total\":309,\"to_translate\":{\"en\":309}}"],"_edit_lock":["1766165557:9"],"_edit_last":["9"],"_alp_processed":["1766165684"],"rank_math_internal_links_processed":["1"],"rank_math_seo_score":["11"],"rank_math_contentai_score":["a:5:{s:8:\"keywords\";s:5:\"74.51\";s:9:\"wordCount\";s:1:\"0\";s:9:\"linkCount\";s:1:\"0\";s:12:\"headingCount\";s:1:\"0\";s:10:\"mediaCount\";s:1:\"0\";}"],"_thumbnail_id":["28188"],"fave_property_price":["930000"],"fave_property_size":["170"],"fave_property_bedrooms":["3"],"fave_property_bathrooms":["3"],"fave_property_id":["KWPT-012572"],"fave_property_map":["1"],"fave_property_map_address":["Caminho da Referta, Referta, Prazeres, Calheta, Madeira, 9370-648, Portugal"],"fave_property_location":["32.7442207,-17.2032937,15"],"houzez_geolocation_lat":["32.7442207"],"houzez_geolocation_long":["-17.2032937"],"fave_property_map_street_view":["hide"],"fave_property_address":["Caminho Referta"],"fave_property_zip":["9360-636"],"fave_featured":["0"],"fave_loggedintoview":["0"],"fave_agent_display_option":["agent_info"],"fave_agents":["21275"],"fave_prop_homeslider":["no"],"floor_plans":["a:1:{i:0;a:1:{s:15:\"fave_plan_image\";s:76:\"https:\/\/www.atlanticoprorealestate.com\/wp-content\/uploads\/2025\/12\/PLANTA.jpg\";}}"],"fave_single_top_area":["global"],"fave_single_content_area":["global"],"rank_math_primary_property_type":["0"],"rank_math_primary_property_status":["0"],"rank_math_primary_property_feature":["0"],"rank_math_primary_property_label":["0"],"rank_math_primary_property_country":["0"],"rank_math_primary_property_state":["0"],"rank_math_primary_property_city":["0"],"rank_math_primary_property_area":["0"],"houzez_manual_expire":["0"],"_houzez_expiration_date_status":["saved"],"fave_payment_status":["not_paid"],"rank_math_analytic_object_id":["910"],"_wpml_media_duplicate":["1"],"_wpml_media_featured":["1"],"houzez_total_property_views":["149"],"houzez_views_by_date":["a:61:{s:10:\"01-16-2026\";i:2;s:10:\"01-17-2026\";i:3;s:10:\"01-18-2026\";i:1;s:10:\"01-19-2026\";i:2;s:10:\"01-20-2026\";i:2;s:10:\"01-22-2026\";i:2;s:10:\"01-23-2026\";i:2;s:10:\"01-24-2026\";i:3;s:10:\"01-25-2026\";i:1;s:10:\"01-26-2026\";i:3;s:10:\"01-27-2026\";i:2;s:10:\"01-28-2026\";i:1;s:10:\"01-29-2026\";i:3;s:10:\"01-30-2026\";i:2;s:10:\"01-31-2026\";i:1;s:10:\"02-01-2026\";i:3;s:10:\"02-02-2026\";i:4;s:10:\"02-03-2026\";i:4;s:10:\"02-04-2026\";i:2;s:10:\"02-05-2026\";i:1;s:10:\"02-06-2026\";i:2;s:10:\"02-07-2026\";i:1;s:10:\"02-08-2026\";i:1;s:10:\"02-09-2026\";i:1;s:10:\"02-11-2026\";i:2;s:10:\"02-13-2026\";i:1;s:10:\"02-17-2026\";i:2;s:10:\"02-18-2026\";i:1;s:10:\"02-19-2026\";i:1;s:10:\"02-21-2026\";i:1;s:10:\"02-22-2026\";i:1;s:10:\"02-23-2026\";i:1;s:10:\"02-24-2026\";i:3;s:10:\"02-25-2026\";i:1;s:10:\"02-26-2026\";i:1;s:10:\"03-01-2026\";i:2;s:10:\"03-07-2026\";i:2;s:10:\"03-10-2026\";i:1;s:10:\"03-12-2026\";i:1;s:10:\"03-13-2026\";i:1;s:10:\"03-18-2026\";i:2;s:10:\"03-20-2026\";i:1;s:10:\"03-22-2026\";i:1;s:10:\"03-25-2026\";i:2;s:10:\"03-26-2026\";i:1;s:10:\"03-27-2026\";i:2;s:10:\"03-28-2026\";i:1;s:10:\"03-30-2026\";i:2;s:10:\"03-31-2026\";i:2;s:10:\"04-01-2026\";i:1;s:10:\"04-02-2026\";i:1;s:10:\"04-04-2026\";i:1;s:10:\"04-07-2026\";i:3;s:10:\"04-09-2026\";i:3;s:10:\"04-10-2026\";i:1;s:10:\"04-11-2026\";i:1;s:10:\"04-14-2026\";i:1;s:10:\"04-15-2026\";i:1;s:10:\"04-21-2026\";i:1;s:10:\"04-24-2026\";i:1;s:10:\"04-27-2026\";i:1;}"],"houzez_recently_viewed":["2026-04-27 15:39:29"],"fave_property_images":["28188","28186","28182","28180","28178","28176","28184"]},"_links":{"self":[{"href":"https:\/\/www.atlanticoprorealestate.com\/pt-pt\/wp-json\/wp\/v2\/properties\/28190","targetHints":{"allow":["GET"]}}],"collection":[{"href":"https:\/\/www.atlanticoprorealestate.com\/pt-pt\/wp-json\/wp\/v2\/properties"}],"about":[{"href":"https:\/\/www.atlanticoprorealestate.com\/pt-pt\/wp-json\/wp\/v2\/types\/property"}],"author":[{"embeddable":true,"href":"https:\/\/www.atlanticoprorealestate.com\/pt-pt\/wp-json\/wp\/v2\/users\/9"}],"version-history":[{"count":1,"href":"https:\/\/www.atlanticoprorealestate.com\/pt-pt\/wp-json\/wp\/v2\/properties\/28190\/revisions"}],"predecessor-version":[{"id":28193,"href":"https:\/\/www.atlanticoprorealestate.com\/pt-pt\/wp-json\/wp\/v2\/properties\/28190\/revisions\/28193"}],"wp:featuredmedia":[{"embeddable":true,"href":"https:\/\/www.atlanticoprorealestate.com\/pt-pt\/wp-json\/wp\/v2\/media\/28188"}],"wp:attachment":[{"href":"https:\/\/www.atlanticoprorealestate.com\/pt-pt\/wp-json\/wp\/v2\/media?parent=28190"}],"wp:term":[{"taxonomy":"property_type","embeddable":true,"href":"https:\/\/www.atlanticoprorealestate.com\/pt-pt\/wp-json\/wp\/v2\/property_type?post=28190"},{"taxonomy":"property_status","embeddable":true,"href":"https:\/\/www.atlanticoprorealestate.com\/pt-pt\/wp-json\/wp\/v2\/property_status?post=28190"},{"taxonomy":"property_feature","embeddable":true,"href":"https:\/\/www.atlanticoprorealestate.com\/pt-pt\/wp-json\/wp\/v2\/property_feature?post=28190"},{"taxonomy":"property_label","embeddable":true,"href":"https:\/\/www.atlanticoprorealestate.com\/pt-pt\/wp-json\/wp\/v2\/property_label?post=28190"},{"taxonomy":"property_country","embeddable":true,"href":"https:\/\/www.atlanticoprorealestate.com\/pt-pt\/wp-json\/wp\/v2\/property_country?post=28190"},{"taxonomy":"property_state","embeddable":true,"href":"https:\/\/www.atlanticoprorealestate.com\/pt-pt\/wp-json\/wp\/v2\/property_state?post=28190"},{"taxonomy":"property_city","embeddable":true,"href":"https:\/\/www.atlanticoprorealestate.com\/pt-pt\/wp-json\/wp\/v2\/property_city?post=28190"},{"taxonomy":"property_area","embeddable":true,"href":"https:\/\/www.atlanticoprorealestate.com\/pt-pt\/wp-json\/wp\/v2\/property_area?post=28190"}],"curies":[{"name":"wp","href":"https:\/\/api.w.org\/{rel}","templated":true}]}}

Moradia T3 em Construção – Prazeres

<p>No Sítio da Referta, na freguesia dos Prazeres, encontra-se em construção esta elegante moradia térrea T3, pensada para oferecer conforto, funcionalidade e uma excelente qualidade de vida.</p>
<p>Inserida num lote de construção com 540 m2, com uma área de construção de 170,14 m², esta casa foi projetada para maximizar o espaço e a luminosidade natural. A distribuição interior contempla um hall de entrada que conduz a uma ampla sala de estar e jantar em conceito aberto, ligada diretamente à cozinha. A funcionalidade da casa estende-se ainda a uma lavandaria e a um corredor que conduz às áreas mais privadas.</p>
<p>Na zona privada, encontram-se dois quartos espaçosos, servidos por instalações sanitárias completas, e uma suíte principal com closet e casa de banho privativa. Adicionalmente, a moradia dispõe de um roupeiro para arrumação extra, garantindo organização e praticidade.</p>
<p>O espaço exterior, com uma área de 298,95 m², convida a desfrutar do clima e da tranquilidade da zona, com um jardim envolvente, piscina privativa e um espaço reservado para estacionamento.</p>
<p>Esta moradia é a escolha ideal para quem procura uma casa moderna, confortável e integrada num ambiente sereno, sem abdicar da proximidade a serviços essenciais. Uma oportunidade única para viver com qualidade e bem-estar.</p>
<p>É a moradia ideal para a sua família!</p>
<p>Tratamos de todo o processo, inclusive para o Crédito Bancário. Conte com a nossa ajuda e profissionalismo.</p>
<p>Na Keller Williams partilhamos negócios com todos os consultores ou agências imobiliárias. Se é profissional do sector e tem um cliente comprador, contacte-me e agende a sua visita.</p>
<p>***Juntos fazemos mais pelos nossos clientes***</p>

<p>No Sítio da Referta, na freguesia dos Prazeres, encontra-se em construção esta elegante moradia térrea T3, pensada para oferecer conforto, funcionalidade e uma excelente qualidade de vida. Inserida num lote de construção com 540 m2, com uma área de construção de 170,14 m², esta casa foi projetada para maximizar o espaço e a luminosidade natural. [&hellip;]</p>
