{"id":28317,"date":"2025-12-18T18:24:42","date_gmt":"2025-12-18T18:24:42","guid":{"rendered":"https:\/\/www.atlanticoprorealestate.com\/?post_type=property&#038;p=28317"},"modified":"2025-12-19T17:34:15","modified_gmt":"2025-12-19T17:34:15","slug":"apartamento-t3-7o-piso-savoy-monumentalis","status":"publish","type":"property","link":"https:\/\/www.atlanticoprorealestate.com\/pt-pt\/propriedades\/apartamento-t3-7o-piso-savoy-monumentalis\/","title":{"rendered":"Apartamento T3 \u2013 7\u00ba Piso | Savoy Monumentalis"},"content":{"rendered":"<p>Com uma \u00e1rea bruta de 320,2 m\u00b2, este apartamento T3 situa-se no 7.\u00ba piso do sofisticado Savoy Monumentalis, um empreendimento recentemente conclu\u00eddo na ic\u00f3nica Estrada Monumental. Este \u00e9 um espa\u00e7o que combina conforto, design contempor\u00e2neo e localiza\u00e7\u00e3o excecional.<\/p>\n<p>O apartamento oferece uma ampla varanda com vista direta para o mar, ideal para desfrutar do clima ameno da Madeira e da luz natural ao longo de todo o dia. Os interiores refletem um elevado padr\u00e3o de constru\u00e7\u00e3o, com materiais de qualidade superior e solu\u00e7\u00f5es pensadas ao detalhe para uma viv\u00eancia funcional e requintada.<\/p>\n<p>A localiza\u00e7\u00e3o na Estrada Monumental coloca-o numa das zonas mais prestigiadas da ilha, rodeado por praias, centros comerciais, zonas verdes, excelentes restaurantes e todos os servi\u00e7os essenciais. Uma op\u00e7\u00e3o distinta para quem procura viver ou investir na Madeira com qualidade, tranquilidade e proximidade ao melhor que a ilha tem para oferecer.<\/p>\n<p>\u00c9 o apartamento ideal para a sua fam\u00edlia!<\/p>\n<p>Tratamos de todo o processo, inclusive para o Cr\u00e9dito Banc\u00e1rio. Conte com a nossa ajuda e profissionalismo.<\/p>\n<p>Na Keller Williams partilhamos neg\u00f3cios com todos os consultores ou ag\u00eancias imobili\u00e1rias. Se \u00e9 profissional do sector e tem um cliente comprador, contacte-me e agende a sua visita.<\/p>\n<p>***Juntos fazemos mais pelos nossos clientes***<\/p>\n","protected":false},"excerpt":{"rendered":"<p>Com uma \u00e1rea bruta de 320,2 m\u00b2, este apartamento T3 situa-se no 7.\u00ba piso do sofisticado Savoy Monumentalis, um empreendimento recentemente conclu\u00eddo na ic\u00f3nica Estrada Monumental. Este \u00e9 um espa\u00e7o que combina conforto, design contempor\u00e2neo e localiza\u00e7\u00e3o excecional. O apartamento oferece uma ampla varanda com vista direta para o mar, ideal para desfrutar do clima [&hellip;]<\/p>\n","protected":false},"author":9,"featured_media":28299,"parent":0,"menu_order":0,"template":"","property_type":[134,419],"property_status":[402],"property_feature":[315],"property_label":[664],"property_country":[390],"property_state":[341],"property_city":[403],"property_area":[690],"class_list":["post-28317","property","type-property","status-publish","has-post-thumbnail","hentry","property_type-apartamentos","property_type-luxo","property_status-para-venda","property_feature-vista-mar","property_label-sao-martinho-2","property_country-portugal-pt","property_state-ilha-da-madeira","property_city-funchal-pt","property_area-estrada-monumental-2"],"property_meta":{"_wpml_word_count":["{\"total\":252,\"to_translate\":{\"en\":252}}"],"_edit_lock":["1766165514:9"],"_edit_last":["9"],"_alp_processed":["1766165655"],"rank_math_internal_links_processed":["1"],"rank_math_seo_score":["11"],"rank_math_contentai_score":["a:5:{s:8:\"keywords\";s:5:\"74.51\";s:9:\"wordCount\";s:1:\"0\";s:9:\"linkCount\";s:1:\"0\";s:12:\"headingCount\";s:1:\"0\";s:10:\"mediaCount\";s:1:\"0\";}"],"_thumbnail_id":["28299"],"fave_property_price":["1880000"],"fave_property_size":["182,75"],"fave_property_bedrooms":["3"],"fave_property_bathrooms":["4"],"fave_property_id":["KWPT-015010"],"fave_property_map":["1"],"fave_property_map_address":["Estrada Monumental, S\u00e3o Martinho, Funchal, Madeira, 9000-098, Portugal"],"fave_property_location":["32.6427982,-16.9239545,15"],"houzez_geolocation_lat":["32.6427982"],"houzez_geolocation_long":["-16.9239545"],"fave_property_map_street_view":["hide"],"fave_property_address":["Estrada Monumental"],"fave_property_zip":["9000-100"],"fave_featured":["0"],"fave_loggedintoview":["0"],"fave_video_url":["https:\/\/www.youtube.com\/watch?v=fuNRAzeysC0"],"fave_agent_display_option":["agent_info"],"fave_agents":["21275"],"fave_prop_homeslider":["no"],"fave_single_top_area":["global"],"fave_single_content_area":["global"],"rank_math_primary_property_type":["0"],"rank_math_primary_property_status":["0"],"rank_math_primary_property_feature":["0"],"rank_math_primary_property_label":["0"],"rank_math_primary_property_country":["0"],"rank_math_primary_property_state":["0"],"rank_math_primary_property_city":["0"],"rank_math_primary_property_area":["0"],"houzez_manual_expire":["0"],"_houzez_expiration_date_status":["saved"],"fave_payment_status":["not_paid"],"rank_math_analytic_object_id":["912"],"_wpml_media_duplicate":["1"],"_wpml_media_featured":["1"],"houzez_total_property_views":["165"],"houzez_views_by_date":["a:61:{s:10:\"01-20-2026\";i:3;s:10:\"01-23-2026\";i:1;s:10:\"01-24-2026\";i:3;s:10:\"01-25-2026\";i:4;s:10:\"01-26-2026\";i:1;s:10:\"01-27-2026\";i:2;s:10:\"01-28-2026\";i:1;s:10:\"01-29-2026\";i:1;s:10:\"01-30-2026\";i:1;s:10:\"01-31-2026\";i:1;s:10:\"02-01-2026\";i:1;s:10:\"02-02-2026\";i:3;s:10:\"02-03-2026\";i:3;s:10:\"02-05-2026\";i:1;s:10:\"02-06-2026\";i:1;s:10:\"02-08-2026\";i:1;s:10:\"02-11-2026\";i:1;s:10:\"02-12-2026\";i:1;s:10:\"02-13-2026\";i:3;s:10:\"02-16-2026\";i:1;s:10:\"02-19-2026\";i:1;s:10:\"02-20-2026\";i:1;s:10:\"02-21-2026\";i:1;s:10:\"02-22-2026\";i:1;s:10:\"02-24-2026\";i:1;s:10:\"02-25-2026\";i:2;s:10:\"02-26-2026\";i:2;s:10:\"03-01-2026\";i:2;s:10:\"03-02-2026\";i:1;s:10:\"03-04-2026\";i:1;s:10:\"03-06-2026\";i:4;s:10:\"03-07-2026\";i:3;s:10:\"03-08-2026\";i:2;s:10:\"03-09-2026\";i:1;s:10:\"03-10-2026\";i:2;s:10:\"03-11-2026\";i:3;s:10:\"03-13-2026\";i:2;s:10:\"03-14-2026\";i:1;s:10:\"03-15-2026\";i:1;s:10:\"03-17-2026\";i:3;s:10:\"03-18-2026\";i:1;s:10:\"03-22-2026\";i:1;s:10:\"03-23-2026\";i:2;s:10:\"03-26-2026\";i:2;s:10:\"03-27-2026\";i:1;s:10:\"03-28-2026\";i:2;s:10:\"03-30-2026\";i:2;s:10:\"04-01-2026\";i:1;s:10:\"04-03-2026\";i:1;s:10:\"04-04-2026\";i:1;s:10:\"04-06-2026\";i:1;s:10:\"04-07-2026\";i:1;s:10:\"04-08-2026\";i:1;s:10:\"04-10-2026\";i:1;s:10:\"04-11-2026\";i:1;s:10:\"04-14-2026\";i:1;s:10:\"04-15-2026\";i:1;s:10:\"04-21-2026\";i:2;s:10:\"04-23-2026\";i:1;s:10:\"04-26-2026\";i:1;s:10:\"04-27-2026\";i:1;}"],"houzez_recently_viewed":["2026-04-27 15:37:23"],"fave_property_images":["28299","28303","28301","28305","28295","28289","28293","28287","28291","28277","28273","28275","28307","28309","28313","28285","28239","28283","28211","28213","28237","28235","28221","28217","28219","28223","28271","28253","28241","28265","28267","28261","28259","28251","28249","28245","28255","28225","28233","28229","28243","28247","28231","28227","28209","28315","28311","28281","28297"]},"_links":{"self":[{"href":"https:\/\/www.atlanticoprorealestate.com\/pt-pt\/wp-json\/wp\/v2\/properties\/28317","targetHints":{"allow":["GET"]}}],"collection":[{"href":"https:\/\/www.atlanticoprorealestate.com\/pt-pt\/wp-json\/wp\/v2\/properties"}],"about":[{"href":"https:\/\/www.atlanticoprorealestate.com\/pt-pt\/wp-json\/wp\/v2\/types\/property"}],"author":[{"embeddable":true,"href":"https:\/\/www.atlanticoprorealestate.com\/pt-pt\/wp-json\/wp\/v2\/users\/9"}],"version-history":[{"count":1,"href":"https:\/\/www.atlanticoprorealestate.com\/pt-pt\/wp-json\/wp\/v2\/properties\/28317\/revisions"}],"predecessor-version":[{"id":28318,"href":"https:\/\/www.atlanticoprorealestate.com\/pt-pt\/wp-json\/wp\/v2\/properties\/28317\/revisions\/28318"}],"wp:featuredmedia":[{"embeddable":true,"href":"https:\/\/www.atlanticoprorealestate.com\/pt-pt\/wp-json\/wp\/v2\/media\/28299"}],"wp:attachment":[{"href":"https:\/\/www.atlanticoprorealestate.com\/pt-pt\/wp-json\/wp\/v2\/media?parent=28317"}],"wp:term":[{"taxonomy":"property_type","embeddable":true,"href":"https:\/\/www.atlanticoprorealestate.com\/pt-pt\/wp-json\/wp\/v2\/property_type?post=28317"},{"taxonomy":"property_status","embeddable":true,"href":"https:\/\/www.atlanticoprorealestate.com\/pt-pt\/wp-json\/wp\/v2\/property_status?post=28317"},{"taxonomy":"property_feature","embeddable":true,"href":"https:\/\/www.atlanticoprorealestate.com\/pt-pt\/wp-json\/wp\/v2\/property_feature?post=28317"},{"taxonomy":"property_label","embeddable":true,"href":"https:\/\/www.atlanticoprorealestate.com\/pt-pt\/wp-json\/wp\/v2\/property_label?post=28317"},{"taxonomy":"property_country","embeddable":true,"href":"https:\/\/www.atlanticoprorealestate.com\/pt-pt\/wp-json\/wp\/v2\/property_country?post=28317"},{"taxonomy":"property_state","embeddable":true,"href":"https:\/\/www.atlanticoprorealestate.com\/pt-pt\/wp-json\/wp\/v2\/property_state?post=28317"},{"taxonomy":"property_city","embeddable":true,"href":"https:\/\/www.atlanticoprorealestate.com\/pt-pt\/wp-json\/wp\/v2\/property_city?post=28317"},{"taxonomy":"property_area","embeddable":true,"href":"https:\/\/www.atlanticoprorealestate.com\/pt-pt\/wp-json\/wp\/v2\/property_area?post=28317"}],"curies":[{"name":"wp","href":"https:\/\/api.w.org\/{rel}","templated":true}]}}

Apartamento T3 – 7º Piso | Savoy Monumentalis

<p>Com uma área bruta de 320,2 m², este apartamento T3 situa-se no 7.º piso do sofisticado Savoy Monumentalis, um empreendimento recentemente concluído na icónica Estrada Monumental. Este é um espaço que combina conforto, design contemporâneo e localização excecional.</p>
<p>O apartamento oferece uma ampla varanda com vista direta para o mar, ideal para desfrutar do clima ameno da Madeira e da luz natural ao longo de todo o dia. Os interiores refletem um elevado padrão de construção, com materiais de qualidade superior e soluções pensadas ao detalhe para uma vivência funcional e requintada.</p>
<p>A localização na Estrada Monumental coloca-o numa das zonas mais prestigiadas da ilha, rodeado por praias, centros comerciais, zonas verdes, excelentes restaurantes e todos os serviços essenciais. Uma opção distinta para quem procura viver ou investir na Madeira com qualidade, tranquilidade e proximidade ao melhor que a ilha tem para oferecer.</p>
<p>É o apartamento ideal para a sua família!</p>
<p>Tratamos de todo o processo, inclusive para o Crédito Bancário. Conte com a nossa ajuda e profissionalismo.</p>
<p>Na Keller Williams partilhamos negócios com todos os consultores ou agências imobiliárias. Se é profissional do sector e tem um cliente comprador, contacte-me e agende a sua visita.</p>
<p>***Juntos fazemos mais pelos nossos clientes***</p>

<p>Com uma área bruta de 320,2 m², este apartamento T3 situa-se no 7.º piso do sofisticado Savoy Monumentalis, um empreendimento recentemente concluído na icónica Estrada Monumental. Este é um espaço que combina conforto, design contemporâneo e localização excecional. O apartamento oferece uma ampla varanda com vista direta para o mar, ideal para desfrutar do clima [&hellip;]</p>

Estrada Monumental, São Martinho, Funchal, Madeira, 9000-098, Portugal
