{"id":28479,"date":"2025-12-19T15:40:17","date_gmt":"2025-12-19T15:40:17","guid":{"rendered":"https:\/\/www.atlanticoprorealestate.com\/?post_type=property&#038;p=28479"},"modified":"2026-01-12T18:49:22","modified_gmt":"2026-01-12T18:49:22","slug":"moradia-t3-com-vista-frontal-para-o-oceano-camara-de-lobos","status":"publish","type":"property","link":"https:\/\/www.atlanticoprorealestate.com\/pt-pt\/propriedades\/moradia-t3-com-vista-frontal-para-o-oceano-camara-de-lobos\/","title":{"rendered":"Moradia T3 com Vista Frontal para o Oceano \u2013 C\u00e2mara de Lobos"},"content":{"rendered":"<p>Espa\u00e7osa moradia T3 em C\u00e2mara de Lobos, com 219\u202fm\u00b2 de \u00e1rea de constru\u00e7\u00e3o e um espa\u00e7o exterior de 110\u202fm\u00b2. Distribu\u00edda por dois pisos, esta propriedade oferece uma vista frontal deslumbrante para o oceano, ideal para quem procura tranquilidade e bem-estar.<\/p>\n<div><\/div>\n<p>No piso inferior encontra uma ampla sala com acesso direto a um terra\u00e7o com vista mar, cozinha com acesso direto ao exterior ainda uma pr\u00e1tica lavandaria.<\/p>\n<div><\/div>\n<p>O piso superior \u00e9 composto por tr\u00eas quartos acolhedores e duas casas de banho.<\/p>\n<div><\/div>\n<p>O logradouro destaca-se por uma agrad\u00e1vel zona de refei\u00e7\u00f5es ao ar livre, complementada por uma cozinha exterior equipada com forno a lenha \u2014 ideal para conv\u00edvios.<\/p>\n<div><\/div>\n<p>O espa\u00e7o exterior conta ainda com um jardim e um terra\u00e7o adicional, proporcionando diferentes ambientes para desfrutar do clima e da paisagem.<\/p>\n<div><\/div>\n<p>Uma oportunidade \u00fanica para viver com conforto e qualidade de vida, a poucos minutos do centro.<\/p>\n<div><\/div>\n<p>Tratamos de todo o processo, inclusive para o Cr\u00e9dito Banc\u00e1rio. Conte com a nossa ajuda e profissionalismo.<\/p>\n<div><\/div>\n<p>Na Keller Williams partilhamos neg\u00f3cios com todos os consultores ou ag\u00eancias imobili\u00e1rias.<\/p>\n<div><\/div>\n<p>Se \u00e9 profissional do sector e tem um cliente comprador, contacte-me e agende a sua visita.<\/p>\n<div><\/div>\n<p>&nbsp;<\/p>\n<div><\/div>\n<p>***Juntos fazemos mais pelos nossos clientes***<\/p>\n","protected":false},"excerpt":{"rendered":"<p>Espa\u00e7osa moradia T3 em C\u00e2mara de Lobos, com 219\u202fm\u00b2 de \u00e1rea de constru\u00e7\u00e3o e um espa\u00e7o exterior de 110\u202fm\u00b2. Distribu\u00edda por dois pisos, esta propriedade oferece uma vista frontal deslumbrante para o oceano, ideal para quem procura tranquilidade e bem-estar. No piso inferior encontra uma ampla sala com acesso direto a um terra\u00e7o com vista [&hellip;]<\/p>\n","protected":false},"author":9,"featured_media":28519,"parent":0,"menu_order":0,"template":"","property_type":[396],"property_status":[402],"property_feature":[315],"property_label":[677],"property_country":[390],"property_state":[341],"property_city":[342],"property_area":[692],"class_list":["post-28479","property","type-property","status-publish","has-post-thumbnail","hentry","property_type-moradias","property_status-para-venda","property_feature-vista-mar","property_label-camara-de-lobos","property_country-portugal-pt","property_state-ilha-da-madeira","property_city-camara-de-lobos-pt","property_area-ribeira-da-alforra-2"],"property_meta":{"_wpml_word_count":["{\"total\":265,\"to_translate\":{\"en\":265}}"],"_edit_lock":["1768243644:9"],"_edit_last":["9"],"_alp_processed":["1768243762"],"rank_math_internal_links_processed":["1"],"rank_math_seo_score":["11"],"rank_math_contentai_score":["a:5:{s:8:\"keywords\";s:5:\"74.51\";s:9:\"wordCount\";s:1:\"0\";s:9:\"linkCount\";s:1:\"0\";s:12:\"headingCount\";s:1:\"0\";s:10:\"mediaCount\";s:1:\"0\";}"],"_thumbnail_id":["28519"],"fave_property_price":["520000"],"fave_property_size":["219"],"fave_property_bedrooms":["3"],"fave_property_bathrooms":["1"],"fave_property_id":["KWPT-016673"],"fave_property_map":["1"],"fave_property_map_address":["Rua do Caminho Grande e Ribeira da Alforra, Terra Ch\u00e3, C\u00e2mara de Lobos, Madeira, 9300-168, Portugal"],"fave_property_location":["32.6573432,-16.9818525,15"],"houzez_geolocation_lat":["32.6573432"],"houzez_geolocation_long":["-16.9818525"],"fave_property_map_street_view":["hide"],"fave_property_address":["Rua Padre Ant\u00f3nio Rodrigues Dinis Henriques, 7"],"fave_property_zip":["9300-068"],"fave_featured":["0"],"fave_loggedintoview":["0"],"fave_agent_display_option":["agent_info"],"fave_agents":["21275"],"fave_prop_homeslider":["no"],"fave_multi_units":["a:1:{i:0;a:4:{s:13:\"fave_mu_price\";s:6:\"520000\";s:12:\"fave_mu_beds\";s:1:\"3\";s:13:\"fave_mu_baths\";s:1:\"1\";s:12:\"fave_mu_size\";s:3:\"219\";}}"],"floor_plans":["a:1:{i:0;a:3:{s:15:\"fave_plan_rooms\";s:1:\"3\";s:19:\"fave_plan_bathrooms\";s:1:\"1\";s:15:\"fave_plan_price\";s:6:\"520000\";}}"],"fave_single_top_area":["global"],"fave_single_content_area":["global"],"rank_math_primary_property_type":["0"],"rank_math_primary_property_status":["0"],"rank_math_primary_property_feature":["0"],"rank_math_primary_property_label":["0"],"rank_math_primary_property_country":["0"],"rank_math_primary_property_state":["0"],"rank_math_primary_property_city":["0"],"rank_math_primary_property_area":["0"],"houzez_manual_expire":["0"],"_houzez_expiration_date_status":["saved"],"fave_payment_status":["not_paid"],"rank_math_analytic_object_id":["978"],"_wpml_media_duplicate":["1"],"_wpml_media_featured":["1"],"houzez_total_property_views":["125"],"houzez_views_by_date":["a:61:{s:10:\"01-20-2026\";i:2;s:10:\"01-22-2026\";i:3;s:10:\"01-23-2026\";i:4;s:10:\"01-24-2026\";i:4;s:10:\"01-25-2026\";i:4;s:10:\"01-26-2026\";i:1;s:10:\"01-27-2026\";i:1;s:10:\"01-28-2026\";i:2;s:10:\"01-29-2026\";i:1;s:10:\"01-30-2026\";i:3;s:10:\"01-31-2026\";i:4;s:10:\"02-01-2026\";i:3;s:10:\"02-02-2026\";i:3;s:10:\"02-03-2026\";i:7;s:10:\"02-04-2026\";i:1;s:10:\"02-05-2026\";i:1;s:10:\"02-06-2026\";i:2;s:10:\"02-12-2026\";i:1;s:10:\"02-13-2026\";i:2;s:10:\"02-15-2026\";i:1;s:10:\"02-16-2026\";i:2;s:10:\"02-21-2026\";i:1;s:10:\"02-22-2026\";i:1;s:10:\"02-24-2026\";i:1;s:10:\"02-25-2026\";i:1;s:10:\"02-26-2026\";i:2;s:10:\"03-01-2026\";i:1;s:10:\"03-02-2026\";i:1;s:10:\"03-03-2026\";i:1;s:10:\"03-05-2026\";i:1;s:10:\"03-06-2026\";i:1;s:10:\"03-07-2026\";i:2;s:10:\"03-08-2026\";i:2;s:10:\"03-12-2026\";i:1;s:10:\"03-13-2026\";i:1;s:10:\"03-14-2026\";i:1;s:10:\"03-17-2026\";i:1;s:10:\"03-19-2026\";i:1;s:10:\"03-21-2026\";i:1;s:10:\"03-22-2026\";i:1;s:10:\"03-23-2026\";i:1;s:10:\"03-25-2026\";i:1;s:10:\"03-26-2026\";i:1;s:10:\"03-27-2026\";i:2;s:10:\"03-30-2026\";i:2;s:10:\"04-02-2026\";i:1;s:10:\"04-04-2026\";i:1;s:10:\"04-05-2026\";i:1;s:10:\"04-08-2026\";i:1;s:10:\"04-09-2026\";i:1;s:10:\"04-10-2026\";i:1;s:10:\"04-11-2026\";i:3;s:10:\"04-13-2026\";i:1;s:10:\"04-15-2026\";i:1;s:10:\"04-16-2026\";i:1;s:10:\"04-20-2026\";i:2;s:10:\"04-21-2026\";i:1;s:10:\"04-22-2026\";i:1;s:10:\"04-27-2026\";i:3;s:10:\"04-28-2026\";i:3;s:10:\"04-30-2026\";i:2;}"],"houzez_recently_viewed":["2026-04-30 09:12:42"],"fave_property_images":["28519","28503","28517","28491","28493","28495","28487","28515","28505","28507","28511","28509","28485","28501","28481","28497","28483","28489","28499","28521","28523","28513"]},"_links":{"self":[{"href":"https:\/\/www.atlanticoprorealestate.com\/pt-pt\/wp-json\/wp\/v2\/properties\/28479","targetHints":{"allow":["GET"]}}],"collection":[{"href":"https:\/\/www.atlanticoprorealestate.com\/pt-pt\/wp-json\/wp\/v2\/properties"}],"about":[{"href":"https:\/\/www.atlanticoprorealestate.com\/pt-pt\/wp-json\/wp\/v2\/types\/property"}],"author":[{"embeddable":true,"href":"https:\/\/www.atlanticoprorealestate.com\/pt-pt\/wp-json\/wp\/v2\/users\/9"}],"version-history":[{"count":1,"href":"https:\/\/www.atlanticoprorealestate.com\/pt-pt\/wp-json\/wp\/v2\/properties\/28479\/revisions"}],"predecessor-version":[{"id":28480,"href":"https:\/\/www.atlanticoprorealestate.com\/pt-pt\/wp-json\/wp\/v2\/properties\/28479\/revisions\/28480"}],"wp:featuredmedia":[{"embeddable":true,"href":"https:\/\/www.atlanticoprorealestate.com\/pt-pt\/wp-json\/wp\/v2\/media\/28519"}],"wp:attachment":[{"href":"https:\/\/www.atlanticoprorealestate.com\/pt-pt\/wp-json\/wp\/v2\/media?parent=28479"}],"wp:term":[{"taxonomy":"property_type","embeddable":true,"href":"https:\/\/www.atlanticoprorealestate.com\/pt-pt\/wp-json\/wp\/v2\/property_type?post=28479"},{"taxonomy":"property_status","embeddable":true,"href":"https:\/\/www.atlanticoprorealestate.com\/pt-pt\/wp-json\/wp\/v2\/property_status?post=28479"},{"taxonomy":"property_feature","embeddable":true,"href":"https:\/\/www.atlanticoprorealestate.com\/pt-pt\/wp-json\/wp\/v2\/property_feature?post=28479"},{"taxonomy":"property_label","embeddable":true,"href":"https:\/\/www.atlanticoprorealestate.com\/pt-pt\/wp-json\/wp\/v2\/property_label?post=28479"},{"taxonomy":"property_country","embeddable":true,"href":"https:\/\/www.atlanticoprorealestate.com\/pt-pt\/wp-json\/wp\/v2\/property_country?post=28479"},{"taxonomy":"property_state","embeddable":true,"href":"https:\/\/www.atlanticoprorealestate.com\/pt-pt\/wp-json\/wp\/v2\/property_state?post=28479"},{"taxonomy":"property_city","embeddable":true,"href":"https:\/\/www.atlanticoprorealestate.com\/pt-pt\/wp-json\/wp\/v2\/property_city?post=28479"},{"taxonomy":"property_area","embeddable":true,"href":"https:\/\/www.atlanticoprorealestate.com\/pt-pt\/wp-json\/wp\/v2\/property_area?post=28479"}],"curies":[{"name":"wp","href":"https:\/\/api.w.org\/{rel}","templated":true}]}}

Moradia T3 com Vista Frontal para o Oceano – Câmara de Lobos

<p>Espaçosa moradia T3 em Câmara de Lobos, com 219 m² de área de construção e um espaço exterior de 110 m². Distribuída por dois pisos, esta propriedade oferece uma vista frontal deslumbrante para o oceano, ideal para quem procura tranquilidade e bem-estar.</p>
<div></div>
<p>No piso inferior encontra uma ampla sala com acesso direto a um terraço com vista mar, cozinha com acesso direto ao exterior ainda uma prática lavandaria.</p>
<div></div>
<p>O piso superior é composto por três quartos acolhedores e duas casas de banho.</p>
<div></div>
<p>O logradouro destaca-se por uma agradável zona de refeições ao ar livre, complementada por uma cozinha exterior equipada com forno a lenha — ideal para convívios.</p>
<div></div>
<p>O espaço exterior conta ainda com um jardim e um terraço adicional, proporcionando diferentes ambientes para desfrutar do clima e da paisagem.</p>
<div></div>
<p>Uma oportunidade única para viver com conforto e qualidade de vida, a poucos minutos do centro.</p>
<div></div>
<p>Tratamos de todo o processo, inclusive para o Crédito Bancário. Conte com a nossa ajuda e profissionalismo.</p>
<div></div>
<p>Na Keller Williams partilhamos negócios com todos os consultores ou agências imobiliárias.</p>
<div></div>
<p>Se é profissional do sector e tem um cliente comprador, contacte-me e agende a sua visita.</p>
<div></div>
<p>&nbsp;</p>
<div></div>
<p>***Juntos fazemos mais pelos nossos clientes***</p>

<p>Espaçosa moradia T3 em Câmara de Lobos, com 219 m² de área de construção e um espaço exterior de 110 m². Distribuída por dois pisos, esta propriedade oferece uma vista frontal deslumbrante para o oceano, ideal para quem procura tranquilidade e bem-estar. No piso inferior encontra uma ampla sala com acesso direto a um terraço com vista [&hellip;]</p>

Rua do Caminho Grande e Ribeira da Alforra, Terra Chã, Câmara de Lobos, Madeira, 9300-168, Portugal

Rua Padre António Rodrigues Dinis Henriques, 7
