{"id":28866,"date":"2025-12-23T15:02:23","date_gmt":"2025-12-23T15:02:23","guid":{"rendered":"https:\/\/www.atlanticoprorealestate.com\/?post_type=property&#038;p=28866"},"modified":"2025-12-23T15:04:11","modified_gmt":"2025-12-23T15:04:11","slug":"moradia-t3-nova-fracao-b2-mae-de-deus-canico-santa-cruz-ilha-da-madeira","status":"publish","type":"property","link":"https:\/\/www.atlanticoprorealestate.com\/pt-pt\/propriedades\/moradia-t3-nova-fracao-b2-mae-de-deus-canico-santa-cruz-ilha-da-madeira\/","title":{"rendered":"Moradia T3 Nova, Fra\u00e7\u00e3o B2 | M\u00e3e de Deus | Cani\u00e7o, Santa Cruz | Ilha da Madeira"},"content":{"rendered":"<p>Descubra o conforto contempor\u00e2neo nesta nova moradia em constru\u00e7\u00e3o, situada no Cani\u00e7o, em Santa Cruz. Ideal para fam\u00edlias que valorizam amplos espa\u00e7os, tanto interiores como exteriores, esta resid\u00eancia oferece uma vida tranquila e funcional.<\/p>\n<p>Principais Caracter\u00edsticas:<br \/>\n&#8211; 3 Quartos (um deles em suite)<br \/>\n&#8211; Roupeiros Embutidos<br \/>\n&#8211; 3 Casas de Banho<br \/>\n&#8211; Cozinha em Open Space com tampo em silestone branco<br \/>\n&#8211; Sala de Jantar e Sala de Estar generosas<br \/>\n&#8211; Varanda<br \/>\n&#8211; Abrigo para Autom\u00f3vel e Estacionamento Lateral<br \/>\n&#8211; Jardins<br \/>\n&#8211; Sala de Jogos<br \/>\n&#8211; Pain\u00e9is Solares<br \/>\n&#8211; \u00c1rea de Churrasco para momentos de lazer e conv\u00edvio ao ar livre<br \/>\nConclus\u00e3o prevista para Dezembro de 2026.<br \/>\nEsta moradia n\u00e3o \u00e9 apenas um lar, mas um estilo de vida moderno e sofisticado. Se procura uma resid\u00eancia que una eleg\u00e2ncia, conforto e espa\u00e7o, n\u00e3o hesite em contactar-nos.<br \/>\nA nossa equipa orgulha-se de partilhar os im\u00f3veis, com todas as imobili\u00e1rias no mercado com Licen\u00e7a AMI num sistema de 50%-50%.<br \/>\nAcompanhamos todo o processo de compra, desde simula\u00e7\u00e3o para cr\u00e9dito banc\u00e1rio; documenta\u00e7\u00e3o, servi\u00e7o jur\u00eddico, tradu\u00e7\u00e3o e outros.<\/p>\n","protected":false},"excerpt":{"rendered":"<p>Descubra o conforto contempor\u00e2neo nesta nova moradia em constru\u00e7\u00e3o, situada no Cani\u00e7o, em Santa Cruz. Ideal para fam\u00edlias que valorizam amplos espa\u00e7os, tanto interiores como exteriores, esta resid\u00eancia oferece uma vida tranquila e funcional. Principais Caracter\u00edsticas: &#8211; 3 Quartos (um deles em suite) &#8211; Roupeiros Embutidos &#8211; 3 Casas de Banho &#8211; Cozinha em Open [&hellip;]<\/p>\n","protected":false},"author":9,"featured_media":28864,"parent":0,"menu_order":0,"template":"","property_type":[396],"property_status":[402],"property_feature":[270,258,261,281],"property_label":[704],"property_country":[390],"property_state":[341],"property_city":[391],"property_area":[706],"class_list":["post-28866","property","type-property","status-publish","has-post-thumbnail","hentry","property_type-moradias","property_status-para-venda","property_feature-box-2-lugares","property_feature-churrasco","property_feature-jardim","property_feature-suite-pt","property_label-canico-3","property_country-portugal-pt","property_state-ilha-da-madeira","property_city-santacruz","property_area-mae-de-deus-2"],"property_meta":{"_wpml_word_count":["{\"total\":216,\"to_translate\":{\"en\":216}}"],"_edit_lock":["1766502111:9"],"_edit_last":["9"],"_alp_processed":["1766502252"],"rank_math_internal_links_processed":["1"],"rank_math_seo_score":["9"],"rank_math_contentai_score":["a:5:{s:8:\"keywords\";s:5:\"74.51\";s:9:\"wordCount\";s:1:\"0\";s:9:\"linkCount\";s:1:\"0\";s:12:\"headingCount\";s:1:\"0\";s:10:\"mediaCount\";s:1:\"0\";}"],"_thumbnail_id":["28864"],"fave_property_price":["620000"],"fave_property_size":["280,50"],"fave_property_bedrooms":["3"],"fave_property_bathrooms":["3"],"fave_property_garage_size":["2"],"fave_property_id":["KWPT-018967"],"fave_property_map":["1"],"fave_property_location":["25.68654,-80.431345,15"],"houzez_geolocation_lat":["25.68654"],"houzez_geolocation_long":["-80.431345"],"fave_property_map_street_view":["hide"],"fave_featured":["0"],"fave_loggedintoview":["0"],"fave_agent_display_option":["agent_info"],"fave_agents":["21275"],"fave_prop_homeslider":["no"],"fave_single_top_area":["global"],"fave_single_content_area":["global"],"rank_math_primary_property_type":["0"],"rank_math_primary_property_status":["0"],"rank_math_primary_property_feature":["0"],"rank_math_primary_property_label":["0"],"rank_math_primary_property_country":["0"],"rank_math_primary_property_state":["0"],"rank_math_primary_property_city":["0"],"rank_math_primary_property_area":["0"],"houzez_manual_expire":["0"],"_houzez_expiration_date_status":["saved"],"fave_payment_status":["not_paid"],"rank_math_analytic_object_id":["958"],"_wpml_media_duplicate":["1"],"_wpml_media_featured":["1"],"fave_property_images":["28864","28860","28850","28848","28846","28844","28842","28840","28824","28820","28818","28838","28816","28828","28826","28830","28836","28834","28832","28856","28858","28852","28854","28862"],"houzez_total_property_views":["190"],"houzez_views_by_date":["a:61:{s:10:\"02-03-2026\";i:3;s:10:\"02-04-2026\";i:1;s:10:\"02-05-2026\";i:1;s:10:\"02-06-2026\";i:1;s:10:\"02-07-2026\";i:1;s:10:\"02-08-2026\";i:3;s:10:\"02-11-2026\";i:2;s:10:\"02-12-2026\";i:1;s:10:\"02-13-2026\";i:2;s:10:\"02-14-2026\";i:2;s:10:\"02-15-2026\";i:1;s:10:\"02-20-2026\";i:1;s:10:\"02-21-2026\";i:1;s:10:\"02-23-2026\";i:1;s:10:\"02-24-2026\";i:2;s:10:\"02-25-2026\";i:2;s:10:\"02-26-2026\";i:1;s:10:\"02-27-2026\";i:1;s:10:\"03-01-2026\";i:1;s:10:\"03-03-2026\";i:1;s:10:\"03-05-2026\";i:1;s:10:\"03-06-2026\";i:3;s:10:\"03-07-2026\";i:3;s:10:\"03-08-2026\";i:1;s:10:\"03-11-2026\";i:1;s:10:\"03-12-2026\";i:1;s:10:\"03-13-2026\";i:2;s:10:\"03-14-2026\";i:1;s:10:\"03-15-2026\";i:1;s:10:\"03-16-2026\";i:2;s:10:\"03-17-2026\";i:2;s:10:\"03-18-2026\";i:1;s:10:\"03-19-2026\";i:1;s:10:\"03-20-2026\";i:1;s:10:\"03-21-2026\";i:1;s:10:\"03-22-2026\";i:1;s:10:\"03-23-2026\";i:3;s:10:\"03-24-2026\";i:1;s:10:\"03-25-2026\";i:2;s:10:\"03-26-2026\";i:1;s:10:\"03-30-2026\";i:2;s:10:\"03-31-2026\";i:2;s:10:\"04-01-2026\";i:1;s:10:\"04-02-2026\";i:1;s:10:\"04-04-2026\";i:2;s:10:\"04-05-2026\";i:1;s:10:\"04-07-2026\";i:2;s:10:\"04-08-2026\";i:1;s:10:\"04-09-2026\";i:1;s:10:\"04-10-2026\";i:2;s:10:\"04-11-2026\";i:2;s:10:\"04-13-2026\";i:2;s:10:\"04-15-2026\";i:1;s:10:\"04-16-2026\";i:1;s:10:\"04-17-2026\";i:1;s:10:\"04-19-2026\";i:1;s:10:\"04-21-2026\";i:1;s:10:\"04-22-2026\";i:2;s:10:\"04-24-2026\";i:2;s:10:\"04-26-2026\";i:2;s:10:\"04-27-2026\";i:4;}"],"houzez_recently_viewed":["2026-04-27 18:58:22"]},"_links":{"self":[{"href":"https:\/\/www.atlanticoprorealestate.com\/pt-pt\/wp-json\/wp\/v2\/properties\/28866","targetHints":{"allow":["GET"]}}],"collection":[{"href":"https:\/\/www.atlanticoprorealestate.com\/pt-pt\/wp-json\/wp\/v2\/properties"}],"about":[{"href":"https:\/\/www.atlanticoprorealestate.com\/pt-pt\/wp-json\/wp\/v2\/types\/property"}],"author":[{"embeddable":true,"href":"https:\/\/www.atlanticoprorealestate.com\/pt-pt\/wp-json\/wp\/v2\/users\/9"}],"version-history":[{"count":1,"href":"https:\/\/www.atlanticoprorealestate.com\/pt-pt\/wp-json\/wp\/v2\/properties\/28866\/revisions"}],"predecessor-version":[{"id":28867,"href":"https:\/\/www.atlanticoprorealestate.com\/pt-pt\/wp-json\/wp\/v2\/properties\/28866\/revisions\/28867"}],"wp:featuredmedia":[{"embeddable":true,"href":"https:\/\/www.atlanticoprorealestate.com\/pt-pt\/wp-json\/wp\/v2\/media\/28864"}],"wp:attachment":[{"href":"https:\/\/www.atlanticoprorealestate.com\/pt-pt\/wp-json\/wp\/v2\/media?parent=28866"}],"wp:term":[{"taxonomy":"property_type","embeddable":true,"href":"https:\/\/www.atlanticoprorealestate.com\/pt-pt\/wp-json\/wp\/v2\/property_type?post=28866"},{"taxonomy":"property_status","embeddable":true,"href":"https:\/\/www.atlanticoprorealestate.com\/pt-pt\/wp-json\/wp\/v2\/property_status?post=28866"},{"taxonomy":"property_feature","embeddable":true,"href":"https:\/\/www.atlanticoprorealestate.com\/pt-pt\/wp-json\/wp\/v2\/property_feature?post=28866"},{"taxonomy":"property_label","embeddable":true,"href":"https:\/\/www.atlanticoprorealestate.com\/pt-pt\/wp-json\/wp\/v2\/property_label?post=28866"},{"taxonomy":"property_country","embeddable":true,"href":"https:\/\/www.atlanticoprorealestate.com\/pt-pt\/wp-json\/wp\/v2\/property_country?post=28866"},{"taxonomy":"property_state","embeddable":true,"href":"https:\/\/www.atlanticoprorealestate.com\/pt-pt\/wp-json\/wp\/v2\/property_state?post=28866"},{"taxonomy":"property_city","embeddable":true,"href":"https:\/\/www.atlanticoprorealestate.com\/pt-pt\/wp-json\/wp\/v2\/property_city?post=28866"},{"taxonomy":"property_area","embeddable":true,"href":"https:\/\/www.atlanticoprorealestate.com\/pt-pt\/wp-json\/wp\/v2\/property_area?post=28866"}],"curies":[{"name":"wp","href":"https:\/\/api.w.org\/{rel}","templated":true}]}}

Moradia T3 Nova, Fração B2 | Mãe de Deus | Caniço, Santa Cruz | Ilha da Madeira

<p>Descubra o conforto contemporâneo nesta nova moradia em construção, situada no Caniço, em Santa Cruz. Ideal para famílias que valorizam amplos espaços, tanto interiores como exteriores, esta residência oferece uma vida tranquila e funcional.</p>
<p>Principais Características:<br />
&#8211; 3 Quartos (um deles em suite)<br />
&#8211; Roupeiros Embutidos<br />
&#8211; 3 Casas de Banho<br />
&#8211; Cozinha em Open Space com tampo em silestone branco<br />
&#8211; Sala de Jantar e Sala de Estar generosas<br />
&#8211; Varanda<br />
&#8211; Abrigo para Automóvel e Estacionamento Lateral<br />
&#8211; Jardins<br />
&#8211; Sala de Jogos<br />
&#8211; Painéis Solares<br />
&#8211; Área de Churrasco para momentos de lazer e convívio ao ar livre<br />
Conclusão prevista para Dezembro de 2026.<br />
Esta moradia não é apenas um lar, mas um estilo de vida moderno e sofisticado. Se procura uma residência que una elegância, conforto e espaço, não hesite em contactar-nos.<br />
A nossa equipa orgulha-se de partilhar os imóveis, com todas as imobiliárias no mercado com Licença AMI num sistema de 50%-50%.<br />
Acompanhamos todo o processo de compra, desde simulação para crédito bancário; documentação, serviço jurídico, tradução e outros.</p>

<p>Descubra o conforto contemporâneo nesta nova moradia em construção, situada no Caniço, em Santa Cruz. Ideal para famílias que valorizam amplos espaços, tanto interiores como exteriores, esta residência oferece uma vida tranquila e funcional. Principais Características: &#8211; 3 Quartos (um deles em suite) &#8211; Roupeiros Embutidos &#8211; 3 Casas de Banho &#8211; Cozinha em Open [&hellip;]</p>
